CRAN Package Check Results for Package ssMousetrack

Last updated on 2019-07-16 00:48:28 CEST.

Flavor Version Tinstall Tcheck Ttotal Status Flags
r-devel-linux-x86_64-debian-clang 1.1.5 413.29 72.61 485.90 NOTE
r-devel-linux-x86_64-debian-gcc 1.1.5 395.91 72.28 468.19 NOTE
r-devel-linux-x86_64-fedora-clang 1.1.5 743.08 NOTE
r-devel-linux-x86_64-fedora-gcc 1.1.5 865.95 NOTE
r-devel-windows-ix86+x86_64 1.1.5 949.00 202.00 1151.00 NOTE
r-patched-linux-x86_64 1.1.5 427.40 90.25 517.65 NOTE
r-patched-solaris-x86 1.1.5 618.00 NOTE
r-release-linux-x86_64 1.1.5 421.00 90.33 511.33 NOTE
r-release-windows-ix86+x86_64 1.1.5 704.00 147.00 851.00 NOTE
r-release-osx-x86_64 1.1.5 NOTE
r-oldrel-windows-ix86+x86_64 1.1.5 905.00 135.00 1040.00 NOTE
r-oldrel-osx-x86_64 1.1.5 NOTE

Check Details

Version: 1.1.5
Check: for GNU extensions in Makefiles
Result: NOTE
    GNU make is a SystemRequirements.
Flavors: r-devel-linux-x86_64-debian-clang, r-devel-linux-x86_64-debian-gcc, r-devel-linux-x86_64-fedora-clang, r-devel-linux-x86_64-fedora-gcc, r-devel-windows-ix86+x86_64, r-patched-linux-x86_64, r-patched-solaris-x86, r-release-linux-x86_64, r-release-windows-ix86+x86_64, r-release-osx-x86_64, r-oldrel-windows-ix86+x86_64, r-oldrel-osx-x86_64

Version: 1.1.5
Check: installed package size
Result: NOTE
     installed size is 68.3Mb
     sub-directories of 1Mb or more:
     libs 67.9Mb
Flavors: r-devel-linux-x86_64-fedora-clang, r-devel-windows-ix86+x86_64, r-release-windows-ix86+x86_64, r-release-osx-x86_64, r-oldrel-windows-ix86+x86_64, r-oldrel-osx-x86_64