CRAN Package Check Results for Package ssMousetrack

Last updated on 2019-10-22 00:52:36 CEST.

Flavor Version Tinstall Tcheck Ttotal Status Flags
r-devel-linux-x86_64-debian-clang 1.1.5 439.01 73.52 512.53 NOTE
r-devel-linux-x86_64-debian-gcc 1.1.5 419.82 74.98 494.80 NOTE
r-devel-linux-x86_64-fedora-clang 1.1.5 697.64 NOTE
r-devel-linux-x86_64-fedora-gcc 1.1.5 844.84 NOTE
r-devel-windows-ix86+x86_64 1.1.5 717.00 198.00 915.00 NOTE
r-patched-linux-x86_64 1.1.5 419.41 88.92 508.33 NOTE
r-patched-solaris-x86 1.1.5 641.70 NOTE
r-release-linux-x86_64 1.1.5 425.63 87.83 513.46 NOTE
r-release-windows-ix86+x86_64 1.1.5 940.00 132.00 1072.00 NOTE
r-release-osx-x86_64 1.1.5 NOTE
r-oldrel-windows-ix86+x86_64 1.1.5 644.00 139.00 783.00 NOTE
r-oldrel-osx-x86_64 1.1.5 NOTE

Check Details

Version: 1.1.5
Check: for GNU extensions in Makefiles
Result: NOTE
    GNU make is a SystemRequirements.
Flavors: r-devel-linux-x86_64-debian-clang, r-devel-linux-x86_64-debian-gcc, r-devel-linux-x86_64-fedora-clang, r-devel-linux-x86_64-fedora-gcc, r-devel-windows-ix86+x86_64, r-patched-linux-x86_64, r-patched-solaris-x86, r-release-linux-x86_64, r-release-windows-ix86+x86_64, r-release-osx-x86_64, r-oldrel-windows-ix86+x86_64, r-oldrel-osx-x86_64

Version: 1.1.5
Check: installed package size
Result: NOTE
     installed size is 73.2Mb
     sub-directories of 1Mb or more:
     libs 72.8Mb
Flavors: r-devel-linux-x86_64-fedora-clang, r-devel-windows-ix86+x86_64, r-release-windows-ix86+x86_64, r-release-osx-x86_64, r-oldrel-windows-ix86+x86_64, r-oldrel-osx-x86_64