CRAN Package Check Results for Package stR

Last updated on 2019-09-21 00:52:54 CEST.

Flavor Version Tinstall Tcheck Ttotal Status Flags
r-devel-linux-x86_64-debian-clang 0.4 12.09 133.60 145.69 OK
r-devel-linux-x86_64-debian-gcc 0.4 11.27 104.27 115.54 OK
r-devel-linux-x86_64-fedora-clang 0.4 187.48 OK
r-devel-linux-x86_64-fedora-gcc 0.4 173.12 OK
r-devel-windows-ix86+x86_64 0.4 50.00 214.00 264.00 NOTE
r-patched-linux-x86_64 0.4 12.75 127.32 140.07 OK
r-patched-solaris-x86 0.4 265.00 WARN
r-release-linux-x86_64 0.4 11.61 130.92 142.53 OK
r-release-windows-ix86+x86_64 0.4 31.00 197.00 228.00 NOTE
r-release-osx-x86_64 0.4 WARN
r-oldrel-windows-ix86+x86_64 0.4 17.00 145.00 162.00 NOTE
r-oldrel-osx-x86_64 0.4 WARN

Check Details

Version: 0.4
Check: package dependencies
Result: NOTE
    Package suggested but not available for checking: 'doMC'
Flavors: r-devel-windows-ix86+x86_64, r-release-windows-ix86+x86_64, r-oldrel-windows-ix86+x86_64

Version: 0.4
Check: re-building of vignette outputs
Result: WARN
    Error(s) in re-building vignettes:
     ...
    --- re-building ‘stRvignette.Rmd’ using rmarkdown
    Warning in engine$weave(file, quiet = quiet, encoding = enc) :
     Pandoc (>= 1.12.3) and/or pandoc-citeproc not available. Falling back to R Markdown v1.
    Quitting from lines 61-64 (stRvignette.Rmd)
    Error: processing vignette 'stRvignette.Rmd' failed with diagnostics:
    Process terminated
    --- failed re-building ‘stRvignette.Rmd’
    
    SUMMARY: processing the following file failed:
     ‘stRvignette.Rmd’
    
    Error: Vignette re-building failed.
    Execution halted
Flavor: r-patched-solaris-x86

Version: 0.4
Check: package dependencies
Result: NOTE
    Package suggested but not available for checking: ‘seasonal’
Flavor: r-release-osx-x86_64

Version: 0.4
Check: whether package can be installed
Result: WARN
    Found the following significant warnings:
     Warning: 'rgl_init' failed, running with rgl.useNULL = TRUE
Flavor: r-release-osx-x86_64

Version: 0.4
Check: re-building of vignette outputs
Result: WARN
    Error(s) in re-building vignettes:
     ...
    --- re-building ‘stRvignette.Rmd’ using rmarkdown
    Warning in engine$weave(file, quiet = quiet, encoding = enc) :
     Pandoc (>= 1.12.3) and/or pandoc-citeproc not available. Falling back to R Markdown v1.
    Quitting from lines 13-17 (stRvignette.Rmd)
    Error: processing vignette 'stRvignette.Rmd' failed with diagnostics:
    there is no package called 'seasonal'
    --- failed re-building ‘stRvignette.Rmd’
    
    SUMMARY: processing the following file failed:
     ‘stRvignette.Rmd’
    
    Error: Vignette re-building failed.
    Execution halted
Flavor: r-release-osx-x86_64

Version: 0.4
Check: re-building of vignette outputs
Result: WARN
    Error in re-building vignettes:
     ...
    Warning in engine$weave(file, quiet = quiet, encoding = enc) :
     Pandoc (>= 1.12.3) and/or pandoc-citeproc not available. Falling back to R Markdown v1.
    sh: line 1: 13800 Trace/BPT trap: 5 /Volumes/SSD-Data/Builds/R-dev-web/QA/Simon/packages/el-capitan-x86_64/Rlib/3.5/x13binary/bin/x13ashtml /tmp/Rtmp3Fs7ok/x1335e058a2e03f/iofile -n -s 2> /dev/null
    dyld: lazy symbol binding failed: Symbol not found: _mkostemp
     Referenced from: /Volumes/SSD-Data/Builds/R-dev-web/QA/Simon/packages/el-capitan-x86_64/Rlib/3.5/x13binary/bin/../lib/libgfortran.3.dylib (which was built for Mac OS X 10.12)
     Expected in: /usr/lib/libSystem.B.dylib
    
    dyld: Symbol not found: _mkostemp
     Referenced from: /Volumes/SSD-Data/Builds/R-dev-web/QA/Simon/packages/el-capitan-x86_64/Rlib/3.5/x13binary/bin/../lib/libgfortran.3.dylib (which was built for Mac OS X 10.12)
     Expected in: /usr/lib/libSystem.B.dylib
    
    
    Program received signal SIGTRAP: Trace/breakpoint trap.
    
    Backtrace for this error:
    #0 0x122fb2579
    #1 0x122fb1945
    #2 0x7fff93ac4529
    Quitting from lines 61-64 (stRvignette.Rmd)
    Error: processing vignette 'stRvignette.Rmd' failed with diagnostics:
    X-13 has returned a non-zero exist status, which means that the current spec file cannot be processed for an unknown reason.
    Execution halted
Flavor: r-oldrel-osx-x86_64