CRAN Package Check Results for Package startup

Last updated on 2020-02-24 00:48:56 CET.

Flavor Version Tinstall Tcheck Ttotal Status Flags
r-devel-linux-x86_64-debian-clang 0.14.0 4.06 30.23 34.29 OK
r-devel-linux-x86_64-debian-gcc 0.14.0 OK
r-devel-linux-x86_64-fedora-clang 0.14.0 45.08 OK
r-devel-linux-x86_64-fedora-gcc 0.14.0 41.70 OK
r-devel-windows-ix86+x86_64 0.14.0 8.00 44.00 52.00 OK
r-devel-windows-ix86+x86_64-gcc8 0.14.0 13.00 43.00 56.00 OK
r-patched-linux-x86_64 0.14.0 OK
r-patched-solaris-x86 0.14.0 59.80 OK
r-release-linux-x86_64 0.14.0 2.65 28.17 30.82 OK
r-release-windows-ix86+x86_64 0.14.0 6.00 39.00 45.00 OK
r-release-osx-x86_64 0.14.0 NOTE
r-oldrel-windows-ix86+x86_64 0.14.0 8.00 41.00 49.00 OK
r-oldrel-osx-x86_64 0.14.0 NOTE

Check Details

Version: 0.14.0
Check: dependencies in R code
Result: NOTE
    No protocol specified
    No protocol specified
Flavors: r-release-osx-x86_64, r-oldrel-osx-x86_64