CRAN Package Check Results for Package stcos

Last updated on 2019-07-16 00:48:28 CEST.

Flavor Version Tinstall Tcheck Ttotal Status Flags
r-devel-linux-x86_64-debian-clang 0.1.0 80.32 65.01 145.33 OK
r-devel-linux-x86_64-debian-gcc 0.1.0 63.69 52.58 116.27 OK
r-devel-linux-x86_64-fedora-clang 0.1.0 211.42 NOTE
r-devel-linux-x86_64-fedora-gcc 0.1.0 205.97 OK
r-devel-windows-ix86+x86_64 0.1.0 199.00 153.00 352.00 NOTE
r-patched-linux-x86_64 0.1.0 75.66 65.16 140.82 OK
r-patched-solaris-x86 0.1.0 281.90 OK
r-release-linux-x86_64 0.1.0 73.43 65.46 138.89 OK
r-release-windows-ix86+x86_64 0.1.0 148.00 144.00 292.00 NOTE
r-oldrel-windows-ix86+x86_64 0.1.0 177.00 135.00 312.00 NOTE
r-oldrel-osx-x86_64 0.1.0 NOTE

Check Details

Version: 0.1.0
Check: installed package size
Result: NOTE
     installed size is 8.0Mb
     sub-directories of 1Mb or more:
     columbia 1.3Mb
     data 2.4Mb
     libs 4.1Mb
Flavors: r-devel-linux-x86_64-fedora-clang, r-devel-windows-ix86+x86_64, r-release-windows-ix86+x86_64, r-oldrel-windows-ix86+x86_64, r-oldrel-osx-x86_64