CRAN Package Check Results for Package stcos

Last updated on 2019-10-23 00:48:05 CEST.

Flavor Version Tinstall Tcheck Ttotal Status Flags
r-devel-linux-x86_64-debian-clang 0.2.0 98.87 77.08 175.95 OK
r-devel-linux-x86_64-debian-gcc 0.2.0 66.56 61.09 127.65 OK
r-devel-linux-x86_64-fedora-clang 0.2.0 232.84 NOTE
r-devel-linux-x86_64-fedora-gcc 0.2.0 222.13 OK
r-devel-windows-ix86+x86_64 0.2.0 167.00 176.00 343.00 OK
r-patched-linux-x86_64 0.2.0 73.35 75.58 148.93 OK
r-patched-solaris-x86 0.2.0 261.80 OK
r-release-linux-x86_64 0.2.0 74.16 77.15 151.31 OK
r-release-windows-ix86+x86_64 0.2.0 218.00 130.00 348.00 OK
r-release-osx-x86_64 0.2.0 NOTE
r-oldrel-windows-ix86+x86_64 0.2.0 198.00 174.00 372.00 OK
r-oldrel-osx-x86_64 0.2.0 NOTE

Check Details

Version: 0.2.0
Check: installed package size
Result: NOTE
     installed size is 7.2Mb
     sub-directories of 1Mb or more:
     data 2.4Mb
     libs 4.5Mb
Flavors: r-devel-linux-x86_64-fedora-clang, r-release-osx-x86_64, r-oldrel-osx-x86_64