CRAN Package Check Results for Package stminsights

Last updated on 2019-12-16 00:49:11 CET.

Flavor Version Tinstall Tcheck Ttotal Status Flags
r-devel-linux-x86_64-debian-clang 0.3.0 12.13 109.38 121.51 OK
r-devel-linux-x86_64-debian-gcc 0.3.0 8.97 82.11 91.08 OK
r-devel-linux-x86_64-fedora-clang 0.3.0 145.08 NOTE
r-devel-linux-x86_64-fedora-gcc 0.3.0 144.35 NOTE
r-devel-windows-ix86+x86_64 0.3.0 27.00 161.00 188.00 OK
r-devel-windows-ix86+x86_64-gcc8 0.3.0 32.00 168.00 200.00 OK
r-patched-linux-x86_64 0.3.0 8.59 97.80 106.39 OK
r-patched-solaris-x86 0.3.0 200.80 NOTE
r-release-linux-x86_64 0.3.0 9.73 96.26 105.99 OK
r-release-windows-ix86+x86_64 0.3.0 20.00 108.00 128.00 OK
r-release-osx-x86_64 0.3.0 NOTE
r-oldrel-windows-ix86+x86_64 0.3.0 14.00 114.00 128.00 OK
r-oldrel-osx-x86_64 0.3.0 NOTE

Check Details

Version: 0.3.0
Check: dependencies in R code
Result: NOTE
    Namespaces in Imports field not imported from:
     ‘huge’ ‘readr’ ‘scales’ ‘shinyjs’
     All declared Imports should be used.
Flavors: r-devel-linux-x86_64-fedora-clang, r-devel-linux-x86_64-fedora-gcc, r-patched-solaris-x86, r-release-osx-x86_64, r-oldrel-osx-x86_64