CRAN Package Check Results for Package stminsights

Last updated on 2019-08-20 00:50:58 CEST.

Flavor Version Tinstall Tcheck Ttotal Status Flags
r-devel-linux-x86_64-debian-clang 0.3.0 9.91 101.49 111.40 OK
r-devel-linux-x86_64-debian-gcc 0.3.0 9.08 77.27 86.35 OK
r-devel-linux-x86_64-fedora-clang 0.3.0 130.42 NOTE
r-devel-linux-x86_64-fedora-gcc 0.3.0 140.33 NOTE
r-devel-windows-ix86+x86_64 0.3.0 35.00 123.00 158.00 OK
r-patched-linux-x86_64 0.3.0 10.79 95.20 105.99 OK
r-patched-solaris-x86 0.3.0 185.70 NOTE
r-release-linux-x86_64 0.3.0 9.30 100.11 109.41 OK
r-release-windows-ix86+x86_64 0.3.0 18.00 111.00 129.00 OK
r-release-osx-x86_64 0.3.0 NOTE
r-oldrel-windows-ix86+x86_64 0.3.0 21.00 151.00 172.00 OK
r-oldrel-osx-x86_64 0.3.0 NOTE

Check Details

Version: 0.3.0
Check: dependencies in R code
Result: NOTE
    Namespaces in Imports field not imported from:
     ‘huge’ ‘readr’ ‘scales’ ‘shinyjs’
     All declared Imports should be used.
Flavors: r-devel-linux-x86_64-fedora-clang, r-devel-linux-x86_64-fedora-gcc, r-patched-solaris-x86, r-release-osx-x86_64, r-oldrel-osx-x86_64