CRAN Package Check Results for Package strucchange

Last updated on 2019-12-16 00:49:11 CET.

Flavor Version Tinstall Tcheck Ttotal Status Flags
r-devel-linux-x86_64-debian-clang 1.5-2 9.61 100.34 109.95 NOTE
r-devel-linux-x86_64-debian-gcc 1.5-2 7.64 50.50 58.14 ERROR
r-devel-linux-x86_64-fedora-clang 1.5-2 89.52 ERROR
r-devel-linux-x86_64-fedora-gcc 1.5-2 83.31 ERROR
r-devel-windows-ix86+x86_64 1.5-2 18.00 186.00 204.00 NOTE
r-devel-windows-ix86+x86_64-gcc8 1.5-2 18.00 199.00 217.00 NOTE
r-patched-linux-x86_64 1.5-2 8.23 88.39 96.62 NOTE
r-patched-solaris-x86 1.5-2 149.70 NOTE
r-release-linux-x86_64 1.5-2 7.33 87.57 94.90 NOTE
r-release-windows-ix86+x86_64 1.5-2 15.00 127.00 142.00 NOTE
r-release-osx-x86_64 1.5-2 NOTE
r-oldrel-windows-ix86+x86_64 1.5-2 14.00 159.00 173.00 NOTE
r-oldrel-osx-x86_64 1.5-2 NOTE

Additional issues

rchk

Check Details

Version: 1.5-2
Check: R code for possible problems
Result: NOTE
    efpFunctional: multiple local function definitions for 'plotProcess'
     with different formal arguments
    mefp.efp: multiple local function definitions for 'computeEmpProc' with
     different formal arguments
Flavors: r-devel-linux-x86_64-debian-clang, r-devel-linux-x86_64-debian-gcc, r-devel-linux-x86_64-fedora-clang, r-devel-linux-x86_64-fedora-gcc, r-devel-windows-ix86+x86_64, r-devel-windows-ix86+x86_64-gcc8, r-patched-linux-x86_64, r-patched-solaris-x86, r-release-linux-x86_64, r-release-windows-ix86+x86_64, r-release-osx-x86_64, r-oldrel-windows-ix86+x86_64, r-oldrel-osx-x86_64

Version: 1.5-2
Check: examples
Result: ERROR
    Running examples in ‘strucchange-Ex.R’ failed
    The error most likely occurred in:
    
    > base::assign(".ptime", proc.time(), pos = "CheckExEnv")
    > ### Name: USIncExp
    > ### Title: Income and Expenditures in the US
    > ### Aliases: USIncExp
    > ### Keywords: datasets
    >
    > ### ** Examples
    >
    > ## These example are presented in the vignette distributed with this
    > ## package, the code was generated by Stangle("strucchange-intro.Rnw")
    >
    > ###################################################
    > ### chunk number 1: data
    > ###################################################
    > library("strucchange")
    > data("USIncExp")
    > plot(USIncExp, plot.type = "single", col = 1:2, ylab = "billion US$")
    > legend(1960, max(USIncExp), c("income", "expenditures"),
    + lty = c(1,1), col = 1:2, bty = "n")
    >
    >
    > ###################################################
    > ### chunk number 2: subset
    > ###################################################
    > library("strucchange")
    > data("USIncExp")
    > USIncExp2 <- window(USIncExp, start = c(1985,12))
    >
    >
    > ###################################################
    > ### chunk number 3: ecm-setup
    > ###################################################
    > coint.res <- residuals(lm(expenditure ~ income, data = USIncExp2))
    > coint.res <- lag(ts(coint.res, start = c(1985,12), freq = 12), k = -1)
    > USIncExp2 <- cbind(USIncExp2, diff(USIncExp2), coint.res)
    Error in .cbind.ts(list(e1, e2), c(deparse(substitute(e1))[1L], deparse(substitute(e2))[1L]), :
     not all series have the same phase
    Calls: cbind ... .cbind.ts -> vapply -> diff -> diff.ts -> Ops.ts -> .cbind.ts
    Execution halted
Flavor: r-devel-linux-x86_64-debian-gcc

Version: 1.5-2
Check: running R code from vignettes
Result: ERROR
    Errors in running code in vignettes:
    when running code in ‘strucchange-intro.Rnw’
     ...
    
    > library("strucchange")
    Loading required package: zoo
    
    Attaching package: ‘zoo’
    
    The following objects are masked from ‘package:base’:
    
     as.Date, as.Date.numeric
    
    Loading required package: sandwich
    
    > data("USIncExp")
    
    > plot(USIncExp, plot.type = "single", col = 1:2, ylab = "billion US$")
    
    > legend(1960, max(USIncExp), c("income", "expenditures"),
    + lty = c(1, 1), col = 1:2, bty = "n")
    
    > library("strucchange")
    
    > data("USIncExp")
    
    > USIncExp2 <- window(USIncExp, start = c(1985, 12))
    
    > coint.res <- residuals(lm(expenditure ~ income, data = USIncExp2))
    
    > coint.res <- lag(ts(coint.res, start = c(1985, 12),
    + freq = 12), k = -1)
    
    > USIncExp2 <- cbind(USIncExp2, diff(USIncExp2), coint.res)
    
     When sourcing ‘strucchange-intro.R’:
    Error: not all series have the same phase
    Execution halted
    
     ‘strucchange-intro.Rnw’... failed
Flavor: r-devel-linux-x86_64-debian-gcc

Version: 1.5-2
Check: re-building of vignette outputs
Result: WARN
    Error(s) in re-building vignettes:
     ...
    --- re-building ‘strucchange-intro.Rnw’ using Sweave
    Loading required package: zoo
    
    Attaching package: ‘zoo’
    
    The following objects are masked from ‘package:base’:
    
     as.Date, as.Date.numeric
    
    Loading required package: sandwich
    
    Error: processing vignette 'strucchange-intro.Rnw' failed with diagnostics:
     chunk 3 (label = ecm-setup)
    Error in .cbind.ts(list(e1, e2), c(deparse(substitute(e1))[1L], deparse(substitute(e2))[1L]), :
     not all series have the same phase
    
    --- failed re-building ‘strucchange-intro.Rnw’
    
    SUMMARY: processing the following file failed:
     ‘strucchange-intro.Rnw’
    
    Error: Vignette re-building failed.
    Execution halted
Flavor: r-devel-linux-x86_64-debian-gcc

Version: 1.5-2
Check: examples
Result: ERROR
    Running examples in ‘strucchange-Ex.R’ failed
    The error most likely occurred in:
    
    > ### Name: USIncExp
    > ### Title: Income and Expenditures in the US
    > ### Aliases: USIncExp
    > ### Keywords: datasets
    >
    > ### ** Examples
    >
    > ## These example are presented in the vignette distributed with this
    > ## package, the code was generated by Stangle("strucchange-intro.Rnw")
    >
    > ###################################################
    > ### chunk number 1: data
    > ###################################################
    > library("strucchange")
    > data("USIncExp")
    > plot(USIncExp, plot.type = "single", col = 1:2, ylab = "billion US$")
    > legend(1960, max(USIncExp), c("income", "expenditures"),
    + lty = c(1,1), col = 1:2, bty = "n")
    >
    >
    > ###################################################
    > ### chunk number 2: subset
    > ###################################################
    > library("strucchange")
    > data("USIncExp")
    > USIncExp2 <- window(USIncExp, start = c(1985,12))
    >
    >
    > ###################################################
    > ### chunk number 3: ecm-setup
    > ###################################################
    > coint.res <- residuals(lm(expenditure ~ income, data = USIncExp2))
    > coint.res <- lag(ts(coint.res, start = c(1985,12), freq = 12), k = -1)
    > USIncExp2 <- cbind(USIncExp2, diff(USIncExp2), coint.res)
    Error in .cbind.ts(list(e1, e2), c(deparse(substitute(e1))[1L], deparse(substitute(e2))[1L]), :
     not all series have the same phase
    Calls: cbind ... .cbind.ts -> vapply -> diff -> diff.ts -> Ops.ts -> .cbind.ts
    Execution halted
Flavors: r-devel-linux-x86_64-fedora-clang, r-devel-linux-x86_64-fedora-gcc

Version: 1.5-2
Check: running R code from vignettes
Result: ERROR
    Errors in running code in vignettes:
    when running code in ‘strucchange-intro.Rnw’
    
    > library("strucchange")
    Loading required package: zoo
    
    Attaching package: ‘zoo’
    
    The following objects are masked from ‘package:base’:
    
     as.Date, as.Date.numeric
    
    Loading required package: sandwich
    
    > data("USIncExp")
    
    > plot(USIncExp, plot.type = "single", col = 1:2, ylab = "billion US$")
    
    > legend(1960, max(USIncExp), c("income", "expenditures"),
    + lty = c(1, 1), col = 1:2, bty = "n")
    
    > library("strucchange")
    
    > data("USIncExp")
    
    > USIncExp2 <- window(USIncExp, start = c(1985, 12))
    
    > coint.res <- residuals(lm(expenditure ~ income, data = USIncExp2))
    
    > coint.res <- lag(ts(coint.res, start = c(1985, 12),
    + freq = 12), k = -1)
    
    > USIncExp2 <- cbind(USIncExp2, diff(USIncExp2), coint.res)
    
     When sourcing ‘strucchange-intro.R’:
    Error: not all series have the same phase
    Execution halted
    
     ‘strucchange-intro.Rnw’... failed
Flavors: r-devel-linux-x86_64-fedora-clang, r-devel-linux-x86_64-fedora-gcc

Version: 1.5-2
Check: re-building of vignette outputs
Result: WARN
    Error(s) in re-building vignettes:
    --- re-building ‘strucchange-intro.Rnw’ using Sweave
    Loading required package: zoo
    
    Attaching package: ‘zoo’
    
    The following objects are masked from ‘package:base’:
    
     as.Date, as.Date.numeric
    
    Loading required package: sandwich
    
    Error: processing vignette 'strucchange-intro.Rnw' failed with diagnostics:
     chunk 3 (label = ecm-setup)
    Error in .cbind.ts(list(e1, e2), c(deparse(substitute(e1))[1L], deparse(substitute(e2))[1L]), :
     not all series have the same phase
    
    --- failed re-building ‘strucchange-intro.Rnw’
    
    SUMMARY: processing the following file failed:
     ‘strucchange-intro.Rnw’
    
    Error: Vignette re-building failed.
    Execution halted
Flavors: r-devel-linux-x86_64-fedora-clang, r-devel-linux-x86_64-fedora-gcc