CRAN Package Check Results for Package strucchange

Last updated on 2020-07-11 00:49:03 CEST.

Flavor Version Tinstall Tcheck Ttotal Status Flags
r-devel-linux-x86_64-debian-clang 1.5-2 10.89 100.18 111.07 NOTE
r-devel-linux-x86_64-debian-gcc 1.5-2 7.64 74.16 81.80 NOTE
r-devel-linux-x86_64-fedora-clang 1.5-2 138.25 NOTE
r-devel-linux-x86_64-fedora-gcc 1.5-2 121.73 NOTE
r-devel-windows-ix86+x86_64 1.5-2 17.00 170.00 187.00 NOTE
r-patched-linux-x86_64 1.5-2 10.21 99.12 109.33 NOTE
r-patched-solaris-x86 1.5-2 162.30 NOTE
r-release-linux-x86_64 1.5-2 8.36 97.33 105.69 NOTE
r-release-osx-x86_64 1.5-2 NOTE
r-release-windows-ix86+x86_64 1.5-2 19.00 194.00 213.00 NOTE
r-oldrel-osx-x86_64 1.5-2 NOTE
r-oldrel-windows-ix86+x86_64 1.5-2 20.00 194.00 214.00 NOTE

Additional issues

rchk

Check Details

Version: 1.5-2
Check: R code for possible problems
Result: NOTE
    efpFunctional: multiple local function definitions for 'plotProcess'
     with different formal arguments
    mefp.efp: multiple local function definitions for 'computeEmpProc' with
     different formal arguments
Flavors: r-devel-linux-x86_64-debian-clang, r-devel-linux-x86_64-debian-gcc, r-devel-linux-x86_64-fedora-clang, r-devel-linux-x86_64-fedora-gcc, r-devel-windows-ix86+x86_64, r-patched-linux-x86_64, r-patched-solaris-x86, r-release-linux-x86_64, r-release-osx-x86_64, r-release-windows-ix86+x86_64, r-oldrel-osx-x86_64, r-oldrel-windows-ix86+x86_64