CRAN Package Check Results for Package strvalidator

Last updated on 2018-01-22 00:47:25 CET.

Flavor Version Tinstall Tcheck Ttotal Status Flags
r-devel-linux-x86_64-debian-clang 2.0.0 5.74 236.24 241.98 OK
r-devel-linux-x86_64-debian-gcc 2.0.0 4.71 188.19 192.90 OK
r-devel-linux-x86_64-fedora-clang 2.0.0 283.38 OK
r-devel-linux-x86_64-fedora-gcc 2.0.0 275.18 OK
r-devel-windows-ix86+x86_64 2.0.0 11.00 228.00 239.00 OK
r-patched-linux-x86_64 2.0.0 6.04 281.75 287.79 OK
r-patched-solaris-x86 2.0.0 467.30 OK
r-release-linux-x86_64 2.0.0 5.75 278.17 283.92 OK
r-release-windows-ix86+x86_64 2.0.0 16.00 260.00 276.00 OK
r-release-osx-x86_64 2.0.0 ERROR
r-oldrel-windows-ix86+x86_64 2.0.0 15.00 246.00 261.00 OK
r-oldrel-osx-x86_64 2.0.0 OK

Check Details

Version: 2.0.0
Check: package dependencies
Result: ERROR
    Packages required but not available: ‘gWidgets2RGtk2’ ‘RGtk2’
    
    See section ‘The DESCRIPTION file’ in the ‘Writing R Extensions’
    manual.
Flavor: r-release-osx-x86_64