CRAN Package Check Results for Package strvalidator

Last updated on 2018-10-18 00:48:41 CEST.

Flavor Version Tinstall Tcheck Ttotal Status Flags
r-devel-linux-x86_64-debian-clang 2.1.0 32.70 250.93 283.63 OK
r-devel-linux-x86_64-debian-gcc 2.1.0 30.11 189.84 219.95 OK
r-devel-linux-x86_64-fedora-clang 2.1.0 342.65 OK
r-devel-linux-x86_64-fedora-gcc 2.1.0 333.28 OK
r-devel-windows-ix86+x86_64 2.1.0 65.00 204.00 269.00 OK
r-patched-linux-x86_64 2.1.0 32.93 239.05 271.98 OK
r-patched-solaris-x86 2.1.0 441.70 OK
r-release-linux-x86_64 2.1.0 29.82 238.22 268.04 OK
r-release-windows-ix86+x86_64 2.1.0 64.00 292.00 356.00 OK
r-release-osx-x86_64 2.1.0 ERROR
r-oldrel-windows-ix86+x86_64 2.1.0 21.00 270.00 291.00 OK
r-oldrel-osx-x86_64 2.1.0 ERROR

Check Details

Version: 2.1.0
Check: package dependencies
Result: ERROR
    Packages required but not available: ‘gWidgets2RGtk2’ ‘RGtk2’
    
    See section ‘The DESCRIPTION file’ in the ‘Writing R Extensions’
    manual.
Flavors: r-release-osx-x86_64, r-oldrel-osx-x86_64