CRAN Package Check Results for Package strvalidator

Last updated on 2018-07-18 00:50:13 CEST.

Flavor Version Tinstall Tcheck Ttotal Status Flags
r-devel-linux-x86_64-debian-clang 2.0.0 33.28 235.82 269.10 OK
r-devel-linux-x86_64-debian-gcc 2.0.0 28.02 180.69 208.71 OK
r-devel-linux-x86_64-fedora-clang 2.0.0 324.33 OK
r-devel-linux-x86_64-fedora-gcc 2.0.0 302.89 OK
r-devel-windows-ix86+x86_64 2.0.0 61.00 285.00 346.00 OK
r-patched-linux-x86_64 2.0.0 30.00 231.23 261.23 OK
r-patched-solaris-x86 2.0.0 426.90 OK
r-release-linux-x86_64 2.0.0 32.52 229.73 262.25 OK
r-release-windows-ix86+x86_64 2.0.0 67.00 308.00 375.00 OK
r-release-osx-x86_64 2.0.0 ERROR
r-oldrel-windows-ix86+x86_64 2.0.0 16.00 236.00 252.00 OK
r-oldrel-osx-x86_64 2.0.0 ERROR

Check Details

Version: 2.0.0
Check: package dependencies
Result: ERROR
    Packages required but not available: ‘gWidgets2RGtk2’ ‘RGtk2’
    
    See section ‘The DESCRIPTION file’ in the ‘Writing R Extensions’
    manual.
Flavors: r-release-osx-x86_64, r-oldrel-osx-x86_64