CRAN Package Check Results for Package strvalidator

Last updated on 2018-04-23 00:47:14 CEST.

Flavor Version Tinstall Tcheck Ttotal Status Flags
r-devel-linux-x86_64-debian-clang 2.0.0 31.67 211.73 243.40 OK
r-devel-linux-x86_64-debian-gcc 2.0.0 35.06 173.06 208.12 OK
r-devel-linux-x86_64-fedora-clang 2.0.0 326.53 OK
r-devel-linux-x86_64-fedora-gcc 2.0.0 312.41 OK
r-devel-windows-ix86+x86_64 2.0.0 66.00 208.00 274.00 OK
r-devel-osx-x86_64 2.0.0 ERROR
r-patched-linux-x86_64 2.0.0 32.26 221.15 253.41 OK
r-patched-solaris-x86 2.0.0 417.60 OK
r-release-linux-x86_64 2.0.0 5.95 258.06 264.01 OK
r-release-windows-ix86+x86_64 2.0.0 13.00 314.00 327.00 OK
r-release-osx-x86_64 2.0.0 ERROR
r-oldrel-windows-ix86+x86_64 2.0.0 18.00 234.00 252.00 OK

Check Details

Version: 2.0.0
Check: package dependencies
Result: ERROR
    Packages required but not available: ‘gWidgets2RGtk2’ ‘RGtk2’
    
    See section ‘The DESCRIPTION file’ in the ‘Writing R Extensions’
    manual.
Flavors: r-devel-osx-x86_64, r-release-osx-x86_64