CRAN Package Check Results for Package superMDS

Last updated on 2019-09-16 00:47:54 CEST.

Flavor Version Tinstall Tcheck Ttotal Status Flags
r-devel-linux-x86_64-debian-clang 1.0.2 2.32 25.22 27.54 NOTE
r-devel-linux-x86_64-debian-gcc 1.0.2 1.81 19.15 20.96 NOTE
r-devel-linux-x86_64-fedora-clang 1.0.2 32.46 NOTE
r-devel-linux-x86_64-fedora-gcc 1.0.2 31.87 NOTE
r-devel-windows-ix86+x86_64 1.0.2 7.00 35.00 42.00 NOTE
r-patched-linux-x86_64 1.0.2 1.84 25.24 27.08 NOTE
r-patched-solaris-x86 1.0.2 46.90 NOTE
r-release-linux-x86_64 1.0.2 1.93 24.83 26.76 NOTE
r-release-windows-ix86+x86_64 1.0.2 4.00 52.00 56.00 NOTE
r-release-osx-x86_64 1.0.2 NOTE
r-oldrel-windows-ix86+x86_64 1.0.2 2.00 34.00 36.00 NOTE
r-oldrel-osx-x86_64 1.0.2 NOTE

Check Details

Version: 1.0.2
Check: R code for possible problems
Result: NOTE
    TrainSuperMDS: no visible global function definition for 'rnorm'
    TrainSuperMDSOnce: no visible global function definition for 'cmdscale'
    TrainSuperMDSOnce: no visible global function definition for 'quantile'
    distmat: no visible global function definition for 'dist'
    Undefined global functions or variables:
     cmdscale dist quantile rnorm
    Consider adding
     importFrom("stats", "cmdscale", "dist", "quantile", "rnorm")
    to your NAMESPACE file.
Flavors: r-devel-linux-x86_64-debian-clang, r-devel-linux-x86_64-debian-gcc, r-devel-linux-x86_64-fedora-clang, r-devel-linux-x86_64-fedora-gcc, r-devel-windows-ix86+x86_64, r-patched-linux-x86_64, r-patched-solaris-x86, r-release-linux-x86_64, r-release-windows-ix86+x86_64, r-release-osx-x86_64, r-oldrel-windows-ix86+x86_64, r-oldrel-osx-x86_64