CRAN Package Check Results for Package superMDS

Last updated on 2020-01-29 00:50:02 CET.

Flavor Version Tinstall Tcheck Ttotal Status Flags
r-devel-linux-x86_64-debian-clang 1.0.2 2.38 27.49 29.87 NOTE
r-devel-linux-x86_64-debian-gcc 1.0.2 1.87 21.05 22.92 NOTE
r-devel-linux-x86_64-fedora-clang 1.0.2 34.55 NOTE
r-devel-linux-x86_64-fedora-gcc 1.0.2 33.78 NOTE
r-devel-windows-ix86+x86_64 1.0.2 5.00 44.00 49.00 NOTE
r-devel-windows-ix86+x86_64-gcc8 1.0.2 5.00 48.00 53.00 NOTE
r-patched-linux-x86_64 1.0.2 NOTE
r-patched-solaris-x86 1.0.2 46.50 NOTE
r-release-linux-x86_64 1.0.2 2.01 24.34 26.35 NOTE
r-release-windows-ix86+x86_64 1.0.2 4.00 52.00 56.00 NOTE
r-release-osx-x86_64 1.0.2 NOTE
r-oldrel-windows-ix86+x86_64 1.0.2 2.00 34.00 36.00 NOTE
r-oldrel-osx-x86_64 1.0.2 NOTE

Check Details

Version: 1.0.2
Check: R code for possible problems
Result: NOTE
    TrainSuperMDS: no visible global function definition for 'rnorm'
    TrainSuperMDSOnce: no visible global function definition for 'cmdscale'
    TrainSuperMDSOnce: no visible global function definition for 'quantile'
    distmat: no visible global function definition for 'dist'
    Undefined global functions or variables:
     cmdscale dist quantile rnorm
    Consider adding
     importFrom("stats", "cmdscale", "dist", "quantile", "rnorm")
    to your NAMESPACE file.
Flavors: r-devel-linux-x86_64-debian-clang, r-devel-linux-x86_64-debian-gcc, r-devel-linux-x86_64-fedora-clang, r-devel-linux-x86_64-fedora-gcc, r-devel-windows-ix86+x86_64, r-devel-windows-ix86+x86_64-gcc8, r-patched-linux-x86_64, r-patched-solaris-x86, r-release-linux-x86_64, r-release-windows-ix86+x86_64, r-release-osx-x86_64, r-oldrel-windows-ix86+x86_64, r-oldrel-osx-x86_64