CRAN Package Check Results for Package survBootOutliers

Last updated on 2019-10-23 00:48:05 CEST.

Flavor Version Tinstall Tcheck Ttotal Status Flags
r-devel-linux-x86_64-debian-clang 1.0 5.71 100.30 106.01 OK
r-devel-linux-x86_64-debian-gcc 1.0 5.23 80.28 85.51 OK
r-devel-linux-x86_64-fedora-clang 1.0 124.46 OK
r-devel-linux-x86_64-fedora-gcc 1.0 134.05 OK
r-devel-windows-ix86+x86_64 1.0 13.00 145.00 158.00 OK
r-patched-linux-x86_64 1.0 5.65 100.06 105.71 OK
r-patched-solaris-x86 1.0 185.40 OK
r-release-linux-x86_64 1.0 6.36 101.53 107.89 OK
r-release-windows-ix86+x86_64 1.0 16.00 152.00 168.00 OK
r-release-osx-x86_64 1.0 NOTE
r-oldrel-windows-ix86+x86_64 1.0 9.00 148.00 157.00 OK
r-oldrel-osx-x86_64 1.0 OK

Check Details

Version: 1.0
Check: package dependencies
Result: NOTE
    Package suggested but not available for checking: ‘BiocParallel’
Flavor: r-release-osx-x86_64