CRAN Package Check Results for Package surveybootstrap

Last updated on 2019-10-23 00:48:05 CEST.

Flavor Version Tinstall Tcheck Ttotal Status Flags
r-devel-linux-x86_64-debian-clang 0.0.1 31.20 80.06 111.26 OK
r-devel-linux-x86_64-debian-gcc 0.0.1 21.87 61.44 83.31 OK
r-devel-linux-x86_64-fedora-clang 0.0.1 138.63 NOTE
r-devel-linux-x86_64-fedora-gcc 0.0.1 137.47 NOTE
r-devel-windows-ix86+x86_64 0.0.1 52.00 195.00 247.00 OK
r-patched-linux-x86_64 0.0.1 26.48 78.48 104.96 OK
r-patched-solaris-x86 0.0.1 166.80 OK
r-release-linux-x86_64 0.0.1 24.59 78.91 103.50 OK
r-release-windows-ix86+x86_64 0.0.1 76.00 139.00 215.00 OK
r-release-osx-x86_64 0.0.1 OK
r-oldrel-windows-ix86+x86_64 0.0.1 69.00 215.00 284.00 OK
r-oldrel-osx-x86_64 0.0.1 OK

Check Details

Version: 0.0.1
Check: compiled code
Result: NOTE
    File ‘surveybootstrap/libs/surveybootstrap.so’:
     Found no calls to: ‘R_registerRoutines’, ‘R_useDynamicSymbols’
    
    It is good practice to register native routines and to disable symbol
    search.
    
    See ‘Writing portable packages’ in the ‘Writing R Extensions’ manual.
Flavors: r-devel-linux-x86_64-fedora-clang, r-devel-linux-x86_64-fedora-gcc