CRAN Package Check Results for Package surveybootstrap

Last updated on 2019-07-16 00:48:29 CEST.

Flavor Version Tinstall Tcheck Ttotal Status Flags
r-devel-linux-x86_64-debian-clang 0.0.1 27.51 80.61 108.12 OK
r-devel-linux-x86_64-debian-gcc 0.0.1 21.58 59.81 81.39 OK
r-devel-linux-x86_64-fedora-clang 0.0.1 150.07 NOTE
r-devel-linux-x86_64-fedora-gcc 0.0.1 141.61 NOTE
r-devel-windows-ix86+x86_64 0.0.1 71.00 139.00 210.00 OK
r-patched-linux-x86_64 0.0.1 25.94 81.27 107.21 OK
r-patched-solaris-x86 0.0.1 190.90 OK
r-release-linux-x86_64 0.0.1 26.07 80.63 106.70 OK
r-release-windows-ix86+x86_64 0.0.1 57.00 213.00 270.00 OK
r-release-osx-x86_64 0.0.1 OK
r-oldrel-windows-ix86+x86_64 0.0.1 66.00 204.00 270.00 OK
r-oldrel-osx-x86_64 0.0.1 OK

Check Details

Version: 0.0.1
Check: compiled code
Result: NOTE
    File ‘surveybootstrap/libs/surveybootstrap.so’:
     Found no calls to: ‘R_registerRoutines’, ‘R_useDynamicSymbols’
    
    It is good practice to register native routines and to disable symbol
    search.
    
    See ‘Writing portable packages’ in the ‘Writing R Extensions’ manual.
Flavors: r-devel-linux-x86_64-fedora-clang, r-devel-linux-x86_64-fedora-gcc