CRAN Package Check Results for Package survivALL

Last updated on 2019-10-15 00:50:09 CEST.

Flavor Version Tinstall Tcheck Ttotal Status Flags
r-devel-linux-x86_64-debian-clang 0.9.3 2.78 134.74 137.52 OK
r-devel-linux-x86_64-debian-gcc 0.9.3 2.29 102.24 104.53 OK
r-devel-linux-x86_64-fedora-clang 0.9.3 166.17 NOTE
r-devel-linux-x86_64-fedora-gcc 0.9.3 157.61 NOTE
r-devel-windows-ix86+x86_64 0.9.3 8.00 188.00 196.00 OK
r-patched-linux-x86_64 0.9.3 2.48 129.25 131.73 OK
r-patched-solaris-x86 0.9.3 217.90 NOTE
r-release-linux-x86_64 0.9.3 2.51 134.99 137.50 OK
r-release-windows-ix86+x86_64 0.9.3 8.00 132.00 140.00 OK
r-release-osx-x86_64 0.9.3 NOTE
r-oldrel-windows-ix86+x86_64 0.9.3 4.00 133.00 137.00 OK
r-oldrel-osx-x86_64 0.9.3 NOTE

Check Details

Version: 0.9.3
Check: dependencies in R code
Result: NOTE
    Namespace in Imports field not imported from: ‘cowplot’
     All declared Imports should be used.
Flavors: r-devel-linux-x86_64-fedora-clang, r-devel-linux-x86_64-fedora-gcc, r-patched-solaris-x86, r-release-osx-x86_64, r-oldrel-osx-x86_64