CRAN Package Check Results for Package survivALL

Last updated on 2019-07-16 00:48:29 CEST.

Flavor Version Tinstall Tcheck Ttotal Status Flags
r-devel-linux-x86_64-debian-clang 0.9.3 2.39 133.02 135.41 OK
r-devel-linux-x86_64-debian-gcc 0.9.3 2.21 103.02 105.23 OK
r-devel-linux-x86_64-fedora-clang 0.9.3 155.21 NOTE
r-devel-linux-x86_64-fedora-gcc 0.9.3 162.89 NOTE
r-devel-windows-ix86+x86_64 0.9.3 9.00 194.00 203.00 OK
r-patched-linux-x86_64 0.9.3 2.29 130.23 132.52 OK
r-patched-solaris-x86 0.9.3 212.90 NOTE
r-release-linux-x86_64 0.9.3 2.22 130.72 132.94 OK
r-release-windows-ix86+x86_64 0.9.3 5.00 144.00 149.00 OK
r-release-osx-x86_64 0.9.3 ERROR
r-oldrel-windows-ix86+x86_64 0.9.3 9.00 126.00 135.00 OK
r-oldrel-osx-x86_64 0.9.3 NOTE

Check Details

Version: 0.9.3
Check: dependencies in R code
Result: NOTE
    Namespace in Imports field not imported from: ‘cowplot’
     All declared Imports should be used.
Flavors: r-devel-linux-x86_64-fedora-clang, r-devel-linux-x86_64-fedora-gcc, r-patched-solaris-x86, r-oldrel-osx-x86_64

Version: 0.9.3
Check: package dependencies
Result: ERROR
    Package required but not available: ‘survcomp’
    
    Package suggested but not available for checking: ‘Biobase’
    
    See section ‘The DESCRIPTION file’ in the ‘Writing R Extensions’
    manual.
Flavor: r-release-osx-x86_64