CRAN Package Check Results for Package survival

Last updated on 2019-09-21 00:52:55 CEST.

Flavor Version Tinstall Tcheck Ttotal Status Flags
r-devel-linux-x86_64-debian-clang 2.44-1.1 46.92 465.95 512.87 OK
r-devel-linux-x86_64-debian-gcc 2.44-1.1 31.67 364.79 396.46 OK
r-devel-linux-x86_64-fedora-clang 2.44-1.1 624.31 NOTE
r-devel-linux-x86_64-fedora-gcc 2.44-1.1 627.25 OK
r-devel-windows-ix86+x86_64 2.44-1.1 151.00 722.00 873.00 NOTE
r-patched-linux-x86_64 2.44-1.1 37.74 453.14 490.88 OK
r-patched-solaris-x86 2.44-1.1 NOTE
r-release-linux-x86_64 2.44-1.1 40.33 459.40 499.73 OK
r-release-windows-ix86+x86_64 2.44-1.1 101.00 958.00 1059.00 NOTE
r-release-osx-x86_64 2.44-1.1 NOTE
r-oldrel-windows-ix86+x86_64 2.44-1.1 106.00 1029.00 1135.00 NOTE
r-oldrel-osx-x86_64 2.44-1.1 NOTE

Additional issues

LTO

Check Details

Version: 2.44-1.1
Check: installed package size
Result: NOTE
     installed size is 6.1Mb
     sub-directories of 1Mb or more:
     doc 3.2Mb
Flavors: r-devel-linux-x86_64-fedora-clang, r-devel-windows-ix86+x86_64, r-patched-solaris-x86, r-release-windows-ix86+x86_64, r-release-osx-x86_64, r-oldrel-windows-ix86+x86_64, r-oldrel-osx-x86_64