CRAN Package Check Results for Package survival

Last updated on 2019-06-25 00:52:35 CEST.

Flavor Version Tinstall Tcheck Ttotal Status Flags
r-devel-linux-x86_64-debian-clang 2.44-1.1 45.96 469.08 515.04 OK
r-devel-linux-x86_64-debian-gcc 2.44-1.1 32.54 366.56 399.10 OK
r-devel-linux-x86_64-fedora-clang 2.44-1.1 617.76 NOTE
r-devel-linux-x86_64-fedora-gcc 2.44-1.1 588.86 OK
r-devel-windows-ix86+x86_64 2.44-1.1 129.00 755.00 884.00 NOTE
r-patched-linux-x86_64 2.44-1.1 35.68 459.08 494.76 OK
r-patched-solaris-x86 2.44-1.1 NOTE
r-release-linux-x86_64 2.44-1.1 39.50 467.03 506.53 OK
r-release-windows-ix86+x86_64 2.44-1.1 102.00 925.00 1027.00 NOTE
r-release-osx-x86_64 2.44-1.1 NOTE
r-oldrel-windows-ix86+x86_64 2.44-1.1 96.00 657.00 753.00 NOTE
r-oldrel-osx-x86_64 2.44-1.1 NOTE

Additional issues

LTO

Check Details

Version: 2.44-1.1
Check: installed package size
Result: NOTE
     installed size is 6.1Mb
     sub-directories of 1Mb or more:
     doc 3.2Mb
Flavors: r-devel-linux-x86_64-fedora-clang, r-devel-windows-ix86+x86_64, r-patched-solaris-x86, r-release-windows-ix86+x86_64, r-release-osx-x86_64, r-oldrel-windows-ix86+x86_64, r-oldrel-osx-x86_64