CRAN Package Check Results for Package survivalROC

Last updated on 2019-06-25 00:52:35 CEST.

Flavor Version Tinstall Tcheck Ttotal Status Flags
r-devel-linux-x86_64-debian-clang 1.0.3 2.47 18.65 21.12 NOTE
r-devel-linux-x86_64-debian-gcc 1.0.3 1.94 14.91 16.85 NOTE
r-devel-linux-x86_64-fedora-clang 1.0.3 25.88 NOTE
r-devel-linux-x86_64-fedora-gcc 1.0.3 24.74 NOTE
r-devel-windows-ix86+x86_64 1.0.3 12.00 35.00 47.00 NOTE
r-patched-linux-x86_64 1.0.3 2.29 18.32 20.61 NOTE
r-patched-solaris-x86 1.0.3 41.60 NOTE
r-release-linux-x86_64 1.0.3 2.35 18.60 20.95 NOTE
r-release-windows-ix86+x86_64 1.0.3 7.00 47.00 54.00 NOTE
r-release-osx-x86_64 1.0.3 NOTE
r-oldrel-windows-ix86+x86_64 1.0.3 5.00 31.00 36.00 NOTE
r-oldrel-osx-x86_64 1.0.3 NOTE

Check Details

Version: 1.0.3
Check: DESCRIPTION meta-information
Result: NOTE
    Malformed Description field: should contain one or more complete sentences.
Flavors: r-devel-linux-x86_64-debian-clang, r-devel-linux-x86_64-debian-gcc, r-devel-linux-x86_64-fedora-clang, r-devel-linux-x86_64-fedora-gcc, r-devel-windows-ix86+x86_64, r-patched-linux-x86_64, r-patched-solaris-x86, r-release-linux-x86_64, r-release-windows-ix86+x86_64, r-release-osx-x86_64, r-oldrel-windows-ix86+x86_64, r-oldrel-osx-x86_64

Version: 1.0.3
Check: compiled code
Result: NOTE
    File ‘survivalROC/libs/survivalROC.so’:
     Found no calls to: ‘R_registerRoutines’, ‘R_useDynamicSymbols’
    
    It is good practice to register native routines and to disable symbol
    search.
    
    See ‘Writing portable packages’ in the ‘Writing R Extensions’ manual.
Flavors: r-devel-linux-x86_64-fedora-clang, r-devel-linux-x86_64-fedora-gcc