CRAN Package Check Results for Package survminer

Last updated on 2020-07-11 00:49:03 CEST.

Flavor Version Tinstall Tcheck Ttotal Status Flags
r-devel-linux-x86_64-debian-clang 0.4.7 16.88 204.97 221.85 OK
r-devel-linux-x86_64-debian-gcc 0.4.7 13.52 127.04 140.56 ERROR
r-devel-linux-x86_64-fedora-clang 0.4.7 228.58 ERROR
r-devel-linux-x86_64-fedora-gcc 0.4.7 221.90 ERROR
r-devel-windows-ix86+x86_64 0.4.7 33.00 251.00 284.00 NOTE
r-patched-linux-x86_64 0.4.7 17.35 162.28 179.63 ERROR
r-patched-solaris-x86 0.4.7 301.30 ERROR
r-release-linux-x86_64 0.4.7 12.00 195.41 207.41 OK
r-release-osx-x86_64 0.4.7 NOTE
r-release-windows-ix86+x86_64 0.4.7 42.00 207.00 249.00 NOTE
r-oldrel-osx-x86_64 0.4.7 NOTE
r-oldrel-windows-ix86+x86_64 0.4.7 28.00 226.00 254.00 NOTE

Check Details

Version: 0.4.7
Check: examples
Result: ERROR
    Running examples in ‘survminer-Ex.R’ failed
    The error most likely occurred in:
    
    > base::assign(".ptime", proc.time(), pos = "CheckExEnv")
    > ### Name: ggforest
    > ### Title: Forest Plot for Cox Proportional Hazards Model
    > ### Aliases: ggforest
    >
    > ### ** Examples
    >
    > require("survival")
    Loading required package: survival
    > model <- coxph( Surv(time, status) ~ sex + rx + adhere,
    + data = colon )
    > ggforest(model)
    Warning in .get_data(model, data = data) :
     The `data` argument is not provided. Data will be extracted from model fit.
    Error in `[.data.frame`(cbind(allTermsDF, coef[inds, ]), , c("var", "level", :
     undefined columns selected
    Calls: ggforest -> [ -> [.data.frame
    Execution halted
Flavors: r-devel-linux-x86_64-debian-gcc, r-patched-linux-x86_64

Version: 0.4.7
Check: installed package size
Result: NOTE
     installed size is 5.3Mb
     sub-directories of 1Mb or more:
     doc 4.8Mb
Flavors: r-devel-linux-x86_64-fedora-clang, r-devel-windows-ix86+x86_64, r-patched-solaris-x86, r-release-osx-x86_64, r-release-windows-ix86+x86_64, r-oldrel-osx-x86_64, r-oldrel-windows-ix86+x86_64

Version: 0.4.7
Check: examples
Result: ERROR
    Running examples in ‘survminer-Ex.R’ failed
    The error most likely occurred in:
    
    > ### Name: ggforest
    > ### Title: Forest Plot for Cox Proportional Hazards Model
    > ### Aliases: ggforest
    >
    > ### ** Examples
    >
    > require("survival")
    Loading required package: survival
    > model <- coxph( Surv(time, status) ~ sex + rx + adhere,
    + data = colon )
    > ggforest(model)
    Warning in .get_data(model, data = data) :
     The `data` argument is not provided. Data will be extracted from model fit.
    Error in `[.data.frame`(cbind(allTermsDF, coef[inds, ]), , c("var", "level", :
     undefined columns selected
    Calls: ggforest -> [ -> [.data.frame
    Execution halted
Flavors: r-devel-linux-x86_64-fedora-clang, r-devel-linux-x86_64-fedora-gcc, r-patched-solaris-x86