CRAN Package Check Results for Package survminer

Last updated on 2019-12-16 00:49:12 CET.

Flavor Version Tinstall Tcheck Ttotal Status Flags
r-devel-linux-x86_64-debian-clang 0.4.6 15.64 212.49 228.13 OK
r-devel-linux-x86_64-debian-gcc 0.4.6 12.45 158.83 171.28 OK
r-devel-linux-x86_64-fedora-clang 0.4.6 256.97 NOTE
r-devel-linux-x86_64-fedora-gcc 0.4.6 264.00 OK
r-devel-windows-ix86+x86_64 0.4.6 30.00 263.00 293.00 NOTE
r-devel-windows-ix86+x86_64-gcc8 0.4.6 28.00 286.00 314.00 NOTE
r-patched-linux-x86_64 0.4.6 12.95 189.23 202.18 OK
r-patched-solaris-x86 0.4.6 316.30 NOTE
r-release-linux-x86_64 0.4.6 12.44 191.15 203.59 OK
r-release-windows-ix86+x86_64 0.4.6 23.00 189.00 212.00 NOTE
r-release-osx-x86_64 0.4.6 NOTE
r-oldrel-windows-ix86+x86_64 0.4.6 20.00 188.00 208.00 NOTE
r-oldrel-osx-x86_64 0.4.6 NOTE

Check Details

Version: 0.4.6
Check: installed package size
Result: NOTE
     installed size is 5.6Mb
     sub-directories of 1Mb or more:
     doc 5.1Mb
Flavors: r-devel-linux-x86_64-fedora-clang, r-devel-windows-ix86+x86_64, r-devel-windows-ix86+x86_64-gcc8, r-patched-solaris-x86, r-release-windows-ix86+x86_64, r-release-osx-x86_64, r-oldrel-windows-ix86+x86_64, r-oldrel-osx-x86_64