CRAN Package Check Results for Package survsup

Last updated on 2019-07-24 00:47:44 CEST.

Flavor Version Tinstall Tcheck Ttotal Status Flags
r-devel-linux-x86_64-debian-clang 0.0.2 4.60 79.60 84.20 OK
r-devel-linux-x86_64-debian-gcc 0.0.2 3.67 59.27 62.94 OK
r-devel-linux-x86_64-fedora-clang 0.0.2 98.39 NOTE
r-devel-linux-x86_64-fedora-gcc 0.0.2 103.94 NOTE
r-devel-windows-ix86+x86_64 0.0.2 9.00 133.00 142.00 OK
r-patched-linux-x86_64 0.0.2 3.72 76.63 80.35 OK
r-patched-solaris-x86 0.0.2 135.20 NOTE
r-release-linux-x86_64 0.0.2 4.44 78.52 82.96 OK
r-release-windows-ix86+x86_64 0.0.2 8.00 87.00 95.00 OK
r-release-osx-x86_64 0.0.2 NOTE
r-oldrel-windows-ix86+x86_64 0.0.2 9.00 120.00 129.00 OK
r-oldrel-osx-x86_64 0.0.2 NOTE

Check Details

Version: 0.0.2
Check: dependencies in R code
Result: NOTE
    Namespaces in Imports field not imported from:
     ‘gridExtra’ ‘stats’ ‘survival’ ‘utils’
     All declared Imports should be used.
Flavors: r-devel-linux-x86_64-fedora-clang, r-devel-linux-x86_64-fedora-gcc, r-patched-solaris-x86, r-release-osx-x86_64, r-oldrel-osx-x86_64