CRAN Package Check Results for Package survsup

Last updated on 2019-12-16 00:49:12 CET.

Flavor Version Tinstall Tcheck Ttotal Status Flags
r-devel-linux-x86_64-debian-clang 0.0.2 4.62 85.11 89.73 OK
r-devel-linux-x86_64-debian-gcc 0.0.2 4.07 64.43 68.50 OK
r-devel-linux-x86_64-fedora-clang 0.0.2 103.97 NOTE
r-devel-linux-x86_64-fedora-gcc 0.0.2 105.70 NOTE
r-devel-windows-ix86+x86_64 0.0.2 13.00 117.00 130.00 OK
r-devel-windows-ix86+x86_64-gcc8 0.0.2 19.00 127.00 146.00 OK
r-patched-linux-x86_64 0.0.2 3.96 75.66 79.62 OK
r-patched-solaris-x86 0.0.2 133.50 NOTE
r-release-linux-x86_64 0.0.2 3.12 74.92 78.04 OK
r-release-windows-ix86+x86_64 0.0.2 10.00 78.00 88.00 OK
r-release-osx-x86_64 0.0.2 NOTE
r-oldrel-windows-ix86+x86_64 0.0.2 7.00 89.00 96.00 OK
r-oldrel-osx-x86_64 0.0.2 NOTE

Check Details

Version: 0.0.2
Check: dependencies in R code
Result: NOTE
    Namespaces in Imports field not imported from:
     ‘gridExtra’ ‘stats’ ‘survival’ ‘utils’
     All declared Imports should be used.
Flavors: r-devel-linux-x86_64-fedora-clang, r-devel-linux-x86_64-fedora-gcc, r-patched-solaris-x86, r-release-osx-x86_64, r-oldrel-osx-x86_64