CRAN Package Check Results for Package svars

Last updated on 2019-07-16 00:48:29 CEST.

Flavor Version Tinstall Tcheck Ttotal Status Flags
r-devel-linux-x86_64-debian-clang 1.3.0 89.32 156.14 245.46 OK
r-devel-linux-x86_64-debian-gcc 1.3.0 80.13 119.86 199.99 OK
r-devel-linux-x86_64-fedora-clang 1.3.0 322.80 NOTE
r-devel-linux-x86_64-fedora-gcc 1.3.0 355.00 OK
r-devel-windows-ix86+x86_64 1.3.0 296.00 245.00 541.00 OK
r-patched-linux-x86_64 1.3.0 101.23 150.25 251.48 OK
r-patched-solaris-x86 1.3.0 396.40 OK
r-release-linux-x86_64 1.3.0 96.61 150.21 246.82 OK
r-release-windows-ix86+x86_64 1.3.0 211.00 366.00 577.00 OK
r-release-osx-x86_64 1.3.0 NOTE
r-oldrel-windows-ix86+x86_64 1.3.0 252.00 251.00 503.00 OK
r-oldrel-osx-x86_64 1.3.0 NOTE

Check Details

Version: 1.3.0
Check: installed package size
Result: NOTE
     installed size is 6.7Mb
     sub-directories of 1Mb or more:
     libs 5.6Mb
Flavors: r-devel-linux-x86_64-fedora-clang, r-release-osx-x86_64, r-oldrel-osx-x86_64