CRAN Package Check Results for Package svars

Last updated on 2019-10-20 00:47:43 CEST.

Flavor Version Tinstall Tcheck Ttotal Status Flags
r-devel-linux-x86_64-debian-clang 1.3.2 110.78 165.97 276.75 OK
r-devel-linux-x86_64-debian-gcc 1.3.2 86.27 122.45 208.72 OK
r-devel-linux-x86_64-fedora-clang 1.3.2 353.24 NOTE
r-devel-linux-x86_64-fedora-gcc 1.3.2 350.79 OK
r-devel-windows-ix86+x86_64 1.3.2 212.00 361.00 573.00 OK
r-patched-linux-x86_64 1.3.2 93.42 156.19 249.61 OK
r-patched-solaris-x86 1.3.2 383.40 OK
r-release-linux-x86_64 1.3.2 93.47 160.58 254.05 OK
r-release-windows-ix86+x86_64 1.3.2 190.00 259.00 449.00 OK
r-release-osx-x86_64 1.3.2 NOTE
r-oldrel-windows-ix86+x86_64 1.3.2 188.00 232.00 420.00 OK
r-oldrel-osx-x86_64 1.3.2 NOTE

Check Details

Version: 1.3.2
Check: installed package size
Result: NOTE
     installed size is 7.2Mb
     sub-directories of 1Mb or more:
     libs 6.2Mb
Flavors: r-devel-linux-x86_64-fedora-clang, r-release-osx-x86_64, r-oldrel-osx-x86_64