CRAN Package Check Results for Package swapClass

Last updated on 2018-10-19 00:50:34 CEST.

Flavor Version Tinstall Tcheck Ttotal Status Flags
r-devel-linux-x86_64-debian-clang 1.0.1 1.77 34.88 36.65 OK
r-devel-linux-x86_64-debian-gcc 1.0.1 1.35 26.72 28.07 OK
r-devel-linux-x86_64-fedora-clang 1.0.1 41.59 OK
r-devel-linux-x86_64-fedora-gcc 1.0.1 40.16 OK
r-devel-windows-ix86+x86_64 1.0.1 8.00 67.00 75.00 OK
r-patched-linux-x86_64 1.0.1 1.43 29.92 31.35 OK
r-patched-solaris-x86 1.0.1 75.90 ERROR
r-release-linux-x86_64 1.0.1 1.50 30.42 31.92 OK
r-release-windows-ix86+x86_64 1.0.1 6.00 94.00 100.00 OK
r-release-osx-x86_64 1.0.1 OK
r-oldrel-windows-ix86+x86_64 1.0.1 6.00 81.00 87.00 OK
r-oldrel-osx-x86_64 1.0.1 OK

Check Details

Version: 1.0.1
Check: examples
Result: ERROR
    Running examples in ‘swapClass-Ex.R’ failed
    The error most likely occurred in:
    
    > ### Name: nullModel
    > ### Title: SwapClass null model
    > ### Aliases: nullModel
    >
    > ### ** Examples
    >
    > MAT=matrix(sample(0:3,50*20,replace=TRUE,prob=c(.7,.1,.1,.1)),ncol=20)
    >
    > #Generation of null communities
    > NULL_MATS=nullModel(MAT)
    
     *** caught segfault ***
    address fd8105f0, cause 'memory not mapped'
    
    Traceback:
     1: .Primitive(".C")(<pointer: fd8105f0>, mat0 = as.double(mat0), mat = as.double(mat), nsim = as.integer(nsim), recursive = as.integer(recursive), nr = as.integer(nr), nc = as.integer(nc), Kb = as.integer(Kb), Kt = as.integer(Kt), strata = as.integer(strata), perms = as.double(perms))
     2: swapClass_swapC(mat0 = as.double(mat0), mat = as.double(mat), nsim = as.integer(nsim), recursive = as.integer(recursive * 1), nr = as.integer(nr), nc = as.integer(nc), Kb = as.integer(burnin), Kt = as.integer(thin), strata = as.integer(strata), perms = as.double(perms))
     3: swapClass_swapC(mat0 = as.double(mat0), mat = as.double(mat), nsim = as.integer(nsim), recursive = as.integer(recursive * 1), nr = as.integer(nr), nc = as.integer(nc), Kb = as.integer(burnin), Kt = as.integer(thin), strata = as.integer(strata), perms = as.double(perms))
     4: nullModel(MAT)
    An irrecoverable exception occurred. R is aborting now ...
Flavor: r-patched-solaris-x86