CRAN Package Check Results for Package swapClass

Last updated on 2018-04-23 00:47:14 CEST.

Flavor Version Tinstall Tcheck Ttotal Status Flags
r-devel-linux-x86_64-debian-clang 1.0.1 1.30 28.80 30.10 OK
r-devel-linux-x86_64-debian-gcc 1.0.1 1.23 24.29 25.52 OK
r-devel-linux-x86_64-fedora-clang 1.0.1 38.69 OK
r-devel-linux-x86_64-fedora-gcc 1.0.1 36.73 OK
r-devel-windows-ix86+x86_64 1.0.1 10.00 61.00 71.00 OK
r-devel-osx-x86_64 1.0.1 OK
r-patched-linux-x86_64 1.0.1 1.34 30.48 31.82 OK
r-patched-solaris-x86 1.0.1 75.60 ERROR
r-release-linux-x86_64 1.0.1 1.40 32.33 33.73 OK
r-release-windows-ix86+x86_64 1.0.1 7.00 88.00 95.00 OK
r-release-osx-x86_64 1.0.1 OK
r-oldrel-windows-ix86+x86_64 1.0.1 12.00 55.00 67.00 OK

Check Details

Version: 1.0.1
Check: examples
Result: ERROR
    Running examples in ‘swapClass-Ex.R’ failed
    The error most likely occurred in:
    
    > ### Name: nullModel
    > ### Title: SwapClass null model
    > ### Aliases: nullModel
    >
    > ### ** Examples
    >
    > MAT=matrix(sample(0:3,50*20,replace=TRUE,prob=c(.7,.1,.1,.1)),ncol=20)
    >
    > #Generation of null communities
    > NULL_MATS=nullModel(MAT)
    
     *** caught segfault ***
    address fd8105f0, cause 'memory not mapped'
    
    Traceback:
     1: .Primitive(".C")(<pointer: fd8105f0>, mat0 = as.double(mat0), mat = as.double(mat), nsim = as.integer(nsim), recursive = as.integer(recursive), nr = as.integer(nr), nc = as.integer(nc), Kb = as.integer(Kb), Kt = as.integer(Kt), strata = as.integer(strata), perms = as.double(perms))
     2: swapClass_swapC(mat0 = as.double(mat0), mat = as.double(mat), nsim = as.integer(nsim), recursive = as.integer(recursive * 1), nr = as.integer(nr), nc = as.integer(nc), Kb = as.integer(burnin), Kt = as.integer(thin), strata = as.integer(strata), perms = as.double(perms))
     3: swapClass_swapC(mat0 = as.double(mat0), mat = as.double(mat), nsim = as.integer(nsim), recursive = as.integer(recursive * 1), nr = as.integer(nr), nc = as.integer(nc), Kb = as.integer(burnin), Kt = as.integer(thin), strata = as.integer(strata), perms = as.double(perms))
     4: nullModel(MAT)
    An irrecoverable exception occurred. R is aborting now ...
Flavor: r-patched-solaris-x86