CRAN Package Check Results for Package synchronicity

Last updated on 2020-02-21 00:49:56 CET.

Flavor Version Tinstall Tcheck Ttotal Status Flags
r-devel-linux-x86_64-debian-clang 1.3.5 27.60 25.95 53.55 OK
r-devel-linux-x86_64-debian-gcc 1.3.5 18.60 20.49 39.09 OK
r-devel-linux-x86_64-fedora-clang 1.3.5 71.78 NOTE
r-devel-linux-x86_64-fedora-gcc 1.3.5 68.58 NOTE
r-devel-windows-ix86+x86_64 1.3.5 60.00 59.00 119.00 OK
r-devel-windows-ix86+x86_64-gcc8 1.3.5 90.00 59.00 149.00 OK
r-patched-linux-x86_64 1.3.5 20.55 23.33 43.88 OK
r-patched-solaris-x86 1.3.5 75.70 OK
r-release-linux-x86_64 1.3.5 21.26 23.09 44.35 OK
r-release-windows-ix86+x86_64 1.3.5 68.00 57.00 125.00 OK
r-release-osx-x86_64 1.3.5 OK
r-oldrel-windows-ix86+x86_64 1.3.5 58.00 53.00 111.00 OK
r-oldrel-osx-x86_64 1.3.5 OK

Check Details

Version: 1.3.5
Check: top-level files
Result: NOTE
     possible bashism in configure line 12 (echo -n):
     echo -n " checking for Sun Studio compiler..."
     possible bashism in configure line 22 (echo -n):
     echo -n " checking for OS..."
Flavors: r-devel-linux-x86_64-fedora-clang, r-devel-linux-x86_64-fedora-gcc