CRAN Package Check Results for Package taxize

Last updated on 2020-01-29 00:50:02 CET.

Flavor Version Tinstall Tcheck Ttotal Status Flags
r-devel-linux-x86_64-debian-clang 0.9.91 19.41 107.04 126.45 OK
r-devel-linux-x86_64-debian-gcc 0.9.91 16.36 81.53 97.89 OK
r-devel-linux-x86_64-fedora-clang 0.9.91 159.61 NOTE
r-devel-linux-x86_64-fedora-gcc 0.9.91 156.25 NOTE
r-devel-windows-ix86+x86_64 0.9.91 36.00 171.00 207.00 OK
r-devel-windows-ix86+x86_64-gcc8 0.9.91 52.00 133.00 185.00 OK
r-patched-linux-x86_64 0.9.91 OK
r-patched-solaris-x86 0.9.91 185.80 NOTE
r-release-linux-x86_64 0.9.91 16.18 96.85 113.03 OK
r-release-windows-ix86+x86_64 0.9.91 28.00 153.00 181.00 OK
r-release-osx-x86_64 0.9.91 NOTE
r-oldrel-windows-ix86+x86_64 0.9.91 32.00 110.00 142.00 OK
r-oldrel-osx-x86_64 0.9.91 NOTE

Check Details

Version: 0.9.91
Check: package dependencies
Result: NOTE
    Imports includes 22 non-default packages.
    Importing from so many packages makes the package vulnerable to any of
    them becoming unavailable. Move as many as possible to Suggests and
    use conditionally.
Flavor: r-devel-linux-x86_64-fedora-clang

Version: 0.9.91
Check: data for non-ASCII characters
Result: NOTE
     Note: found 1 marked UTF-8 string
Flavors: r-devel-linux-x86_64-fedora-clang, r-devel-linux-x86_64-fedora-gcc, r-patched-solaris-x86, r-release-osx-x86_64, r-oldrel-osx-x86_64