CRAN Package Check Results for Package taxize

Last updated on 2019-09-16 00:47:54 CEST.

Flavor Version Tinstall Tcheck Ttotal Status Flags
r-devel-linux-x86_64-debian-clang 0.9.8 16.27 145.58 161.85 OK
r-devel-linux-x86_64-debian-gcc 0.9.8 15.13 114.46 129.59 OK
r-devel-linux-x86_64-fedora-clang 0.9.8 199.31 NOTE
r-devel-linux-x86_64-fedora-gcc 0.9.8 192.77 NOTE
r-devel-windows-ix86+x86_64 0.9.8 51.00 226.00 277.00 OK
r-patched-linux-x86_64 0.9.8 17.37 149.21 166.58 OK
r-patched-solaris-x86 0.9.8 270.60 NOTE
r-release-linux-x86_64 0.9.8 15.94 146.74 162.68 OK
r-release-windows-ix86+x86_64 0.9.8 21.00 232.00 253.00 OK
r-release-osx-x86_64 0.9.8 NOTE
r-oldrel-windows-ix86+x86_64 0.9.8 31.00 156.00 187.00 OK
r-oldrel-osx-x86_64 0.9.8 NOTE

Check Details

Version: 0.9.8
Check: data for non-ASCII characters
Result: NOTE
     Note: found 1 marked UTF-8 string
Flavors: r-devel-linux-x86_64-fedora-clang, r-devel-linux-x86_64-fedora-gcc, r-patched-solaris-x86, r-release-osx-x86_64, r-oldrel-osx-x86_64