CRAN Package Check Results for Package tbl2xts

Last updated on 2019-10-22 00:52:37 CEST.

Flavor Version Tinstall Tcheck Ttotal Status Flags
r-devel-linux-x86_64-debian-clang 0.1.3 4.02 33.13 37.15 OK
r-devel-linux-x86_64-debian-gcc 0.1.3 3.12 26.64 29.76 OK
r-devel-linux-x86_64-fedora-clang 0.1.3 46.22 NOTE
r-devel-linux-x86_64-fedora-gcc 0.1.3 45.72 NOTE
r-devel-windows-ix86+x86_64 0.1.3 11.00 81.00 92.00 OK
r-patched-linux-x86_64 0.1.3 3.50 32.76 36.26 OK
r-patched-solaris-x86 0.1.3 68.30 NOTE
r-release-linux-x86_64 0.1.3 3.68 32.05 35.73 OK
r-release-windows-ix86+x86_64 0.1.3 18.00 64.00 82.00 OK
r-release-osx-x86_64 0.1.3 NOTE
r-oldrel-windows-ix86+x86_64 0.1.3 4.00 47.00 51.00 OK
r-oldrel-osx-x86_64 0.1.3 NOTE

Check Details

Version: 0.1.3
Check: dependencies in R code
Result: NOTE
    Namespace in Imports field not imported from: ‘PerformanceAnalytics’
     All declared Imports should be used.
Flavors: r-devel-linux-x86_64-fedora-clang, r-devel-linux-x86_64-fedora-gcc, r-patched-solaris-x86, r-release-osx-x86_64, r-oldrel-osx-x86_64