CRAN Package Check Results for Package tbl2xts

Last updated on 2019-07-16 00:48:29 CEST.

Flavor Version Tinstall Tcheck Ttotal Status Flags
r-devel-linux-x86_64-debian-clang 0.1.2 3.71 35.08 38.79 OK
r-devel-linux-x86_64-debian-gcc 0.1.2 2.98 28.28 31.26 OK
r-devel-linux-x86_64-fedora-clang 0.1.2 47.03 NOTE
r-devel-linux-x86_64-fedora-gcc 0.1.2 44.83 NOTE
r-devel-windows-ix86+x86_64 0.1.2 17.00 48.00 65.00 OK
r-patched-linux-x86_64 0.1.2 3.67 34.32 37.99 OK
r-patched-solaris-x86 0.1.2 74.30 NOTE
r-release-linux-x86_64 0.1.2 3.79 34.05 37.84 OK
r-release-windows-ix86+x86_64 0.1.2 8.00 68.00 76.00 OK
r-release-osx-x86_64 0.1.2 NOTE
r-oldrel-windows-ix86+x86_64 0.1.2 7.00 64.00 71.00 OK
r-oldrel-osx-x86_64 0.1.2 NOTE

Check Details

Version: 0.1.2
Check: dependencies in R code
Result: NOTE
    Namespace in Imports field not imported from: ‘PerformanceAnalytics’
     All declared Imports should be used.
Flavors: r-devel-linux-x86_64-fedora-clang, r-devel-linux-x86_64-fedora-gcc, r-patched-solaris-x86, r-release-osx-x86_64, r-oldrel-osx-x86_64