CRAN Package Check Results for Package textreuse

Last updated on 2019-07-16 00:48:29 CEST.

Flavor Version Tinstall Tcheck Ttotal Status Flags
r-devel-linux-x86_64-debian-clang 0.1.4 34.35 51.96 86.31 OK
r-devel-linux-x86_64-debian-gcc 0.1.4 25.00 41.21 66.21 OK
r-devel-linux-x86_64-fedora-clang 0.1.4 117.67 NOTE
r-devel-linux-x86_64-fedora-gcc 0.1.4 107.90 NOTE
r-devel-windows-ix86+x86_64 0.1.4 86.00 92.00 178.00 OK
r-patched-linux-x86_64 0.1.4 30.49 50.73 81.22 OK
r-patched-solaris-x86 0.1.4 144.50 OK
r-release-linux-x86_64 0.1.4 29.84 50.82 80.66 OK
r-release-windows-ix86+x86_64 0.1.4 70.00 119.00 189.00 OK
r-release-osx-x86_64 0.1.4 OK
r-oldrel-windows-ix86+x86_64 0.1.4 89.00 114.00 203.00 OK
r-oldrel-osx-x86_64 0.1.4 OK

Check Details

Version: 0.1.4
Check: compiled code
Result: NOTE
    File ‘textreuse/libs/textreuse.so’:
     Found no calls to: ‘R_registerRoutines’, ‘R_useDynamicSymbols’
    
    It is good practice to register native routines and to disable symbol
    search.
    
    See ‘Writing portable packages’ in the ‘Writing R Extensions’ manual.
Flavors: r-devel-linux-x86_64-fedora-clang, r-devel-linux-x86_64-fedora-gcc