CRAN Package Check Results for Package textreuse

Last updated on 2019-10-15 00:50:09 CEST.

Flavor Version Tinstall Tcheck Ttotal Status Flags
r-devel-linux-x86_64-debian-clang 0.1.4 39.30 50.79 90.09 OK
r-devel-linux-x86_64-debian-gcc 0.1.4 26.15 40.61 66.76 OK
r-devel-linux-x86_64-fedora-clang 0.1.4 126.50 NOTE
r-devel-linux-x86_64-fedora-gcc 0.1.4 111.19 NOTE
r-devel-windows-ix86+x86_64 0.1.4 67.00 135.00 202.00 OK
r-patched-linux-x86_64 0.1.4 29.27 49.24 78.51 OK
r-patched-solaris-x86 0.1.4 136.90 OK
r-release-linux-x86_64 0.1.4 29.80 49.80 79.60 OK
r-release-windows-ix86+x86_64 0.1.4 89.00 93.00 182.00 OK
r-release-osx-x86_64 0.1.4 OK
r-oldrel-windows-ix86+x86_64 0.1.4 62.00 86.00 148.00 OK
r-oldrel-osx-x86_64 0.1.4 OK

Check Details

Version: 0.1.4
Check: compiled code
Result: NOTE
    File ‘textreuse/libs/textreuse.so’:
     Found no calls to: ‘R_registerRoutines’, ‘R_useDynamicSymbols’
    
    It is good practice to register native routines and to disable symbol
    search.
    
    See ‘Writing portable packages’ in the ‘Writing R Extensions’ manual.
Flavors: r-devel-linux-x86_64-fedora-clang, r-devel-linux-x86_64-fedora-gcc