CRAN Package Check Results for Package tidygraph

Last updated on 2019-09-21 00:52:55 CEST.

Flavor Version Tinstall Tcheck Ttotal Status Flags
r-devel-linux-x86_64-debian-clang 1.1.2 23.44 63.65 87.09 OK
r-devel-linux-x86_64-debian-gcc 1.1.2 16.56 50.03 66.59 OK
r-devel-linux-x86_64-fedora-clang 1.1.2 113.07 OK
r-devel-linux-x86_64-fedora-gcc 1.1.2 110.08 OK
r-devel-windows-ix86+x86_64 1.1.2 58.00 161.00 219.00 OK
r-patched-linux-x86_64 1.1.2 21.73 61.93 83.66 OK
r-patched-solaris-x86 1.1.2 135.20 OK
r-release-linux-x86_64 1.1.2 19.82 62.69 82.51 OK
r-release-windows-ix86+x86_64 1.1.2 40.00 118.00 158.00 OK
r-release-osx-x86_64 1.1.2 NOTE
r-oldrel-windows-ix86+x86_64 1.1.2 36.00 103.00 139.00 OK
r-oldrel-osx-x86_64 1.1.2 OK

Check Details

Version: 1.1.2
Check: package dependencies
Result: NOTE
    Package suggested but not available for checking: ‘graph’
Flavor: r-release-osx-x86_64