CRAN Package Check Results for Package tidypredict

Last updated on 2019-07-16 00:48:30 CEST.

Flavor Version Tinstall Tcheck Ttotal Status Flags
r-devel-linux-x86_64-debian-clang 0.4.0 4.43 158.06 162.49 OK
r-devel-linux-x86_64-debian-gcc 0.4.1 4.03 115.38 119.41 OK
r-devel-linux-x86_64-fedora-clang 0.4.2 108.60 OK
r-devel-linux-x86_64-fedora-gcc 0.4.2 185.19 OK
r-devel-windows-ix86+x86_64 0.3.0 18.00 72.00 90.00 OK
r-patched-linux-x86_64 0.4.1 4.09 152.30 156.39 OK
r-patched-solaris-x86 0.4.2 196.90 NOTE
r-release-linux-x86_64 0.3.0 4.16 59.21 63.37 OK
r-release-windows-ix86+x86_64 0.3.0 9.00 103.00 112.00 OK
r-release-osx-x86_64 0.4.1 ERROR
r-oldrel-windows-ix86+x86_64 0.4.1 7.00 126.00 133.00 OK
r-oldrel-osx-x86_64 0.4.1 ERROR

Check Details

Version: 0.4.2
Check: package dependencies
Result: NOTE
    Package suggested but not available for checking: ‘xgboost’
Flavor: r-patched-solaris-x86

Version: 0.4.1
Check: tests
Result: ERROR
     Running ‘testthat.R’ [22s/20s]
    Running the tests in ‘tests/testthat.R’ failed.
    Last 13 lines of output:
     x[1]: ica\", Petal.Length < 5.35 & Petal.Width < \n 1.7 & Sepal.Length <
     x[1]: 6.25 & Petal.Length >= 2.6 ~ \"versicolor\", \n Petal.Length >= 5.35...
     y[1]: "case_when(Petal.Length < 2.45 ~ \"setosa\", Petal.Width < 1.45 & \n Pe
     y[1]: tal.Width < 1.65 & Petal.Length >= 2.45 ~ \"versicolor\", \n Sepal.Leng
     y[1]: th < 6.55 & Petal.Width >= 1.65 & Petal.Length >= \n 2.45 ~ \"virgi
     y[1]: nica\", Petal.Length < 4.95 & Petal.Width >= \n 1.45 & Petal.Width
     y[1]: < 1.65 & Petal.Length >= 2.45 ~ \"versicolor\", \n Petal.Width < 1.7...
    
     ══ testthat results ═══════════════════════════════════════════════════════════
     OK: 104 SKIPPED: 0 WARNINGS: 0 FAILED: 2
     1. Failure: Returns expected case_when() dplyr formula (@test-ranger.R#15)
     2. Failure: Returns expected case_when() dplyr formula (@test-ranger.R#15)
    
     Error: testthat unit tests failed
     Execution halted
Flavor: r-release-osx-x86_64

Version: 0.4.1
Check: tests
Result: ERROR
     Running ‘testthat.R’ [22s/19s]
    Running the tests in ‘tests/testthat.R’ failed.
    Last 13 lines of output:
     x[1]: ica\", Petal.Length < 5.35 & Petal.Width < \n 1.7 & Sepal.Length <
     x[1]: 6.25 & Petal.Length >= 2.6 ~ \"versicolor\", \n Petal.Length >= 5.35...
     y[1]: "case_when(Petal.Length < 2.45 ~ \"setosa\", Petal.Width < 1.45 & \n Pe
     y[1]: tal.Width < 1.65 & Petal.Length >= 2.45 ~ \"versicolor\", \n Sepal.Leng
     y[1]: th < 6.55 & Petal.Width >= 1.65 & Petal.Length >= \n 2.45 ~ \"virgi
     y[1]: nica\", Petal.Length < 4.95 & Petal.Width >= \n 1.45 & Petal.Width
     y[1]: < 1.65 & Petal.Length >= 2.45 ~ \"versicolor\", \n Petal.Width < 1.7...
    
     ══ testthat results ═══════════════════════════════════════════════════════════
     OK: 104 SKIPPED: 0 WARNINGS: 0 FAILED: 2
     1. Failure: Returns expected case_when() dplyr formula (@test-ranger.R#15)
     2. Failure: Returns expected case_when() dplyr formula (@test-ranger.R#15)
    
     Error: testthat unit tests failed
     Execution halted
Flavor: r-oldrel-osx-x86_64