CRAN Package Check Results for Package tidystringdist

Last updated on 2018-04-21 00:48:59 CEST.

Flavor Version Tinstall Tcheck Ttotal Status Flags
r-devel-linux-x86_64-debian-clang 0.1.2 1.27 34.68 35.95 OK
r-devel-linux-x86_64-debian-gcc 0.1.2 1.30 25.41 26.71 OK
r-devel-linux-x86_64-fedora-clang 0.1.2 41.03 NOTE
r-devel-linux-x86_64-fedora-gcc 0.1.2 39.00 NOTE
r-devel-windows-ix86+x86_64 0.1.2 7.00 82.00 89.00 OK
r-devel-osx-x86_64 0.1.2 NOTE
r-patched-linux-x86_64 0.1.2 1.98 31.60 33.58 OK
r-patched-solaris-x86 0.1.2 63.70 NOTE
r-release-linux-x86_64 0.1.2 1.87 34.14 36.01 OK
r-release-windows-ix86+x86_64 0.1.2 8.00 75.00 83.00 OK
r-release-osx-x86_64 0.1.2 NOTE
r-oldrel-windows-ix86+x86_64 0.1.2 6.00 41.00 47.00 OK

Check Details

Version: 0.1.2
Check: dependencies in R code
Result: NOTE
    Namespace in Imports field not imported from: ‘magrittr’
     All declared Imports should be used.
Flavors: r-devel-linux-x86_64-fedora-clang, r-devel-linux-x86_64-fedora-gcc, r-devel-osx-x86_64, r-patched-solaris-x86, r-release-osx-x86_64