CRAN Package Check Results for Package tidystringdist

Last updated on 2018-07-17 00:53:08 CEST.

Flavor Version Tinstall Tcheck Ttotal Status Flags
r-devel-linux-x86_64-debian-clang 0.1.2 2.15 35.65 37.80 OK
r-devel-linux-x86_64-debian-gcc 0.1.2 1.76 28.54 30.30 OK
r-devel-linux-x86_64-fedora-clang 0.1.2 45.77 NOTE
r-devel-linux-x86_64-fedora-gcc 0.1.2 43.18 NOTE
r-devel-windows-ix86+x86_64 0.1.2 8.00 51.00 59.00 OK
r-patched-linux-x86_64 0.1.2 1.55 32.66 34.21 OK
r-patched-solaris-x86 0.1.2 65.20 NOTE
r-release-linux-x86_64 0.1.2 2.11 32.24 34.35 OK
r-release-windows-ix86+x86_64 0.1.2 7.00 65.00 72.00 OK
r-release-osx-x86_64 0.1.2 NOTE
r-oldrel-windows-ix86+x86_64 0.1.2 6.00 54.00 60.00 OK
r-oldrel-osx-x86_64 0.1.2 NOTE

Check Details

Version: 0.1.2
Check: dependencies in R code
Result: NOTE
    Namespace in Imports field not imported from: ‘magrittr’
     All declared Imports should be used.
Flavors: r-devel-linux-x86_64-fedora-clang, r-devel-linux-x86_64-fedora-gcc, r-patched-solaris-x86, r-release-osx-x86_64, r-oldrel-osx-x86_64