CRAN Package Check Results for Package tidystringdist

Last updated on 2018-10-19 00:50:34 CEST.

Flavor Version Tinstall Tcheck Ttotal Status Flags
r-devel-linux-x86_64-debian-clang 0.1.2 2.21 40.80 43.01 OK
r-devel-linux-x86_64-debian-gcc 0.1.2 2.03 29.76 31.79 OK
r-devel-linux-x86_64-fedora-clang 0.1.2 47.93 NOTE
r-devel-linux-x86_64-fedora-gcc 0.1.2 44.59 NOTE
r-devel-windows-ix86+x86_64 0.1.2 7.00 74.00 81.00 OK
r-patched-linux-x86_64 0.1.2 2.02 32.24 34.26 OK
r-patched-solaris-x86 0.1.2 66.20 NOTE
r-release-linux-x86_64 0.1.2 1.43 32.53 33.96 OK
r-release-windows-ix86+x86_64 0.1.2 9.00 70.00 79.00 OK
r-release-osx-x86_64 0.1.2 NOTE
r-oldrel-windows-ix86+x86_64 0.1.2 6.00 69.00 75.00 OK
r-oldrel-osx-x86_64 0.1.2 NOTE

Check Details

Version: 0.1.2
Check: dependencies in R code
Result: NOTE
    Namespace in Imports field not imported from: ‘magrittr’
     All declared Imports should be used.
Flavors: r-devel-linux-x86_64-fedora-clang, r-devel-linux-x86_64-fedora-gcc, r-patched-solaris-x86, r-release-osx-x86_64, r-oldrel-osx-x86_64