CRAN Package Check Results for Package tidyverse

Last updated on 2019-11-12 00:52:58 CET.

Flavor Version Tinstall Tcheck Ttotal Status Flags
r-devel-linux-x86_64-debian-clang 1.2.1 6.99 55.29 62.28 OK
r-devel-linux-x86_64-debian-gcc 1.2.1 5.86 41.80 47.66 OK
r-devel-linux-x86_64-fedora-clang 1.2.1 78.32 NOTE
r-devel-linux-x86_64-fedora-gcc 1.2.1 71.41 NOTE
r-devel-windows-ix86+x86_64 1.2.1 18.00 71.00 89.00 OK
r-patched-linux-x86_64 1.2.1 5.75 51.20 56.95 OK
r-patched-solaris-x86 1.2.1 112.30 NOTE
r-release-linux-x86_64 1.2.1 6.71 52.37 59.08 OK
r-release-windows-ix86+x86_64 1.2.1 27.00 73.00 100.00 OK
r-release-osx-x86_64 1.2.1 NOTE
r-oldrel-windows-ix86+x86_64 1.2.1 15.00 131.00 146.00 OK
r-oldrel-osx-x86_64 1.2.1 NOTE

Check Details

Version: 1.2.1
Check: dependencies in R code
Result: NOTE
    Namespaces in Imports field not imported from:
     ‘dbplyr’ ‘reprex’ ‘rlang’
     All declared Imports should be used.
Flavors: r-devel-linux-x86_64-fedora-clang, r-devel-linux-x86_64-fedora-gcc, r-patched-solaris-x86, r-release-osx-x86_64, r-oldrel-osx-x86_64