CRAN Package Check Results for Package tidyverse

Last updated on 2019-07-16 00:48:30 CEST.

Flavor Version Tinstall Tcheck Ttotal Status Flags
r-devel-linux-x86_64-debian-clang 1.2.1 6.55 54.91 61.46 OK
r-devel-linux-x86_64-debian-gcc 1.2.1 5.86 42.08 47.94 OK
r-devel-linux-x86_64-fedora-clang 1.2.1 71.00 NOTE
r-devel-linux-x86_64-fedora-gcc 1.2.1 68.61 NOTE
r-devel-windows-ix86+x86_64 1.2.1 23.00 68.00 91.00 OK
r-patched-linux-x86_64 1.2.1 5.85 51.61 57.46 OK
r-patched-solaris-x86 1.2.1 116.20 NOTE
r-release-linux-x86_64 1.2.1 6.90 52.06 58.96 OK
r-release-windows-ix86+x86_64 1.2.1 16.00 69.00 85.00 OK
r-release-osx-x86_64 1.2.1 NOTE
r-oldrel-windows-ix86+x86_64 1.2.1 19.00 101.00 120.00 OK
r-oldrel-osx-x86_64 1.2.1 NOTE

Check Details

Version: 1.2.1
Check: dependencies in R code
Result: NOTE
    Namespaces in Imports field not imported from:
     ‘dbplyr’ ‘reprex’ ‘rlang’
     All declared Imports should be used.
Flavors: r-devel-linux-x86_64-fedora-clang, r-devel-linux-x86_64-fedora-gcc, r-patched-solaris-x86, r-release-osx-x86_64, r-oldrel-osx-x86_64