CRAN Package Check Results for Package tilegramsR

Last updated on 2019-07-16 00:48:30 CEST.

Flavor Version Tinstall Tcheck Ttotal Status Flags
r-devel-linux-x86_64-debian-clang 0.2.0 4.17 38.21 42.38 OK
r-devel-linux-x86_64-debian-gcc 0.2.0 3.72 30.82 34.54 OK
r-devel-linux-x86_64-fedora-clang 0.2.0 55.15 NOTE
r-devel-linux-x86_64-fedora-gcc 0.2.0 52.13 NOTE
r-devel-windows-ix86+x86_64 0.2.0 15.00 75.00 90.00 OK
r-patched-linux-x86_64 0.2.0 3.93 37.93 41.86 OK
r-patched-solaris-x86 0.2.0 85.30 NOTE
r-release-linux-x86_64 0.2.0 4.37 38.26 42.63 OK
r-release-windows-ix86+x86_64 0.2.0 9.00 80.00 89.00 OK
r-release-osx-x86_64 0.2.0 NOTE
r-oldrel-windows-ix86+x86_64 0.2.0 9.00 79.00 88.00 OK
r-oldrel-osx-x86_64 0.2.0 NOTE

Check Details

Version: 0.2.0
Check: dependencies in R code
Result: NOTE
    Namespace in Imports field not imported from: ‘sp’
     All declared Imports should be used.
Flavors: r-devel-linux-x86_64-fedora-clang, r-devel-linux-x86_64-fedora-gcc, r-patched-solaris-x86, r-release-osx-x86_64, r-oldrel-osx-x86_64

Version: 0.2.0
Check: data for non-ASCII characters
Result: NOTE
     Note: found 341 marked UTF-8 strings
Flavors: r-devel-linux-x86_64-fedora-clang, r-devel-linux-x86_64-fedora-gcc, r-patched-solaris-x86, r-release-osx-x86_64, r-oldrel-osx-x86_64