CRAN Package Check Results for Package tilegramsR

Last updated on 2019-11-22 00:49:29 CET.

Flavor Version Tinstall Tcheck Ttotal Status Flags
r-devel-linux-x86_64-debian-clang 0.2.0 4.83 38.82 43.65 OK
r-devel-linux-x86_64-debian-gcc 0.2.0 3.99 32.13 36.12 OK
r-devel-linux-x86_64-fedora-clang 0.2.0 53.76 NOTE
r-devel-linux-x86_64-fedora-gcc 0.2.0 54.04 NOTE
r-devel-windows-ix86+x86_64 0.2.0 18.00 56.00 74.00 OK
r-devel-windows-ix86+x86_64-gcc8 0.2.0 12.00 57.00 69.00 OK
r-patched-linux-x86_64 0.2.0 4.81 37.35 42.16 OK
r-patched-solaris-x86 0.2.0 85.60 NOTE
r-release-linux-x86_64 0.2.0 4.38 37.23 41.61 OK
r-release-windows-ix86+x86_64 0.2.0 15.00 76.00 91.00 OK
r-release-osx-x86_64 0.2.0 NOTE
r-oldrel-windows-ix86+x86_64 0.2.0 6.00 51.00 57.00 OK
r-oldrel-osx-x86_64 0.2.0 NOTE

Check Details

Version: 0.2.0
Check: dependencies in R code
Result: NOTE
    Namespace in Imports field not imported from: ‘sp’
     All declared Imports should be used.
Flavors: r-devel-linux-x86_64-fedora-clang, r-devel-linux-x86_64-fedora-gcc, r-patched-solaris-x86, r-release-osx-x86_64, r-oldrel-osx-x86_64

Version: 0.2.0
Check: data for non-ASCII characters
Result: NOTE
     Note: found 341 marked UTF-8 strings
Flavors: r-devel-linux-x86_64-fedora-clang, r-devel-linux-x86_64-fedora-gcc, r-patched-solaris-x86, r-release-osx-x86_64, r-oldrel-osx-x86_64