CRAN Package Check Results for Package tiler

Last updated on 2019-11-22 00:49:29 CET.

Flavor Version Tinstall Tcheck Ttotal Status Flags
r-devel-linux-x86_64-debian-clang 0.2.1 2.25 46.16 48.41 WARN
r-devel-linux-x86_64-debian-gcc 0.2.1 1.72 39.41 41.13 WARN
r-devel-linux-x86_64-fedora-clang 0.2.1 56.49 WARN
r-devel-linux-x86_64-fedora-gcc 0.2.1 57.84 WARN
r-devel-windows-ix86+x86_64 0.2.1 8.00 59.00 67.00 OK
r-devel-windows-ix86+x86_64-gcc8 0.2.1 11.00 62.00 73.00 OK
r-patched-linux-x86_64 0.2.1 1.93 44.23 46.16 WARN
r-patched-solaris-x86 0.2.1 84.20 WARN
r-release-linux-x86_64 0.2.1 2.00 44.05 46.05 WARN
r-release-windows-ix86+x86_64 0.2.1 8.00 78.00 86.00 WARN
r-release-osx-x86_64 0.2.1 WARN
r-oldrel-windows-ix86+x86_64 0.2.1 3.00 54.00 57.00 WARN
r-oldrel-osx-x86_64 0.2.1 WARN

Check Details

Version: 0.2.1
Check: re-building of vignette outputs
Result: WARN
    Error(s) in re-building vignettes:
     ...
    --- re-building 'tiler.Rmd' using rmarkdown
    Loading required package: sp
    pandoc: /tmp/RtmpybrH2Q/leaflet-providers_1.9.0.js: openBinaryFile: does not exist (No such file or directory)
    Error: processing vignette 'tiler.Rmd' failed with diagnostics:
    pandoc document conversion failed with error 1
    --- failed re-building 'tiler.Rmd'
    
    SUMMARY: processing the following file failed:
     'tiler.Rmd'
    
    Error: Vignette re-building failed.
    Execution halted
Flavor: r-devel-linux-x86_64-debian-clang

Version: 0.2.1
Check: re-building of vignette outputs
Result: WARN
    Error(s) in re-building vignettes:
     ...
    --- re-building ‘tiler.Rmd’ using rmarkdown
    Loading required package: sp
    pandoc: /home/hornik/tmp/scratch/RtmpSMhdm3/leaflet-providers_1.9.0.js: openBinaryFile: does not exist (No such file or directory)
    Error: processing vignette 'tiler.Rmd' failed with diagnostics:
    pandoc document conversion failed with error 1
    --- failed re-building ‘tiler.Rmd’
    
    SUMMARY: processing the following file failed:
     ‘tiler.Rmd’
    
    Error: Vignette re-building failed.
    Execution halted
Flavor: r-devel-linux-x86_64-debian-gcc

Version: 0.2.1
Check: dependencies in R code
Result: NOTE
    Namespace in Imports field not imported from: ‘rgdal’
     All declared Imports should be used.
Flavors: r-devel-linux-x86_64-fedora-clang, r-devel-linux-x86_64-fedora-gcc, r-patched-solaris-x86, r-release-osx-x86_64, r-oldrel-osx-x86_64

Version: 0.2.1
Check: re-building of vignette outputs
Result: WARN
    Error(s) in re-building vignettes:
    --- re-building ‘tiler.Rmd’ using rmarkdown
    Loading required package: sp
    pandoc: /tmp/RtmpBn6WnV/working_dir/RtmphMAYrk/leaflet-providers_1.9.0.js: openBinaryFile: does not exist (No such file or directory)
    Error: processing vignette 'tiler.Rmd' failed with diagnostics:
    pandoc document conversion failed with error 1
    --- failed re-building ‘tiler.Rmd’
    
    SUMMARY: processing the following file failed:
     ‘tiler.Rmd’
    
    Error: Vignette re-building failed.
    Execution halted
Flavor: r-devel-linux-x86_64-fedora-clang

Version: 0.2.1
Check: re-building of vignette outputs
Result: WARN
    Error(s) in re-building vignettes:
    --- re-building ‘tiler.Rmd’ using rmarkdown
    Loading required package: sp
    pandoc: /tmp/Rtmp0ebG7l/working_dir/RtmpgzDwL4/leaflet-providers_1.9.0.js: openBinaryFile: does not exist (No such file or directory)
    Error: processing vignette 'tiler.Rmd' failed with diagnostics:
    pandoc document conversion failed with error 1
    --- failed re-building ‘tiler.Rmd’
    
    SUMMARY: processing the following file failed:
     ‘tiler.Rmd’
    
    Error: Vignette re-building failed.
    Execution halted
Flavor: r-devel-linux-x86_64-fedora-gcc

Version: 0.2.1
Check: re-building of vignette outputs
Result: WARN
    Error(s) in re-building vignettes:
     ...
    --- re-building ‘tiler.Rmd’ using rmarkdown
    Loading required package: sp
    pandoc: /tmp/RtmpwVoHda/leaflet-providers_1.9.0.js: openBinaryFile: does not exist (No such file or directory)
    Error: processing vignette 'tiler.Rmd' failed with diagnostics:
    pandoc document conversion failed with error 1
    --- failed re-building ‘tiler.Rmd’
    
    SUMMARY: processing the following file failed:
     ‘tiler.Rmd’
    
    Error: Vignette re-building failed.
    Execution halted
Flavor: r-patched-linux-x86_64

Version: 0.2.1
Check: re-building of vignette outputs
Result: WARN
    Error(s) in re-building vignettes:
     ...
    --- re-building ‘tiler.Rmd’ using rmarkdown
    Warning in engine$weave(file, quiet = quiet, encoding = enc) :
     Pandoc (>= 1.12.3) and/or pandoc-citeproc not available. Falling back to R Markdown v1.
    Warning in block_exec(params) :
     Failed to tidy R code in chunk 'ex1'. Reason:
    Error in loadNamespace(name) : there is no package called 'formatR'
    
    Loading required package: sp
    Warning in block_exec(params) :
     Failed to tidy R code in chunk 'ex2'. Reason:
    Error in loadNamespace(name) : there is no package called 'formatR'
    
    Warning in block_exec(params) :
     Failed to tidy R code in chunk 'ex3'. Reason:
    Error in loadNamespace(name) : there is no package called 'formatR'
    
    Warning in block_exec(params) :
     Failed to tidy R code in chunk 'ex4'. Reason:
    Error in loadNamespace(name) : there is no package called 'formatR'
    
    Warning in block_exec(params) :
     Failed to tidy R code in chunk 'ex5'. Reason:
    Error in loadNamespace(name) : there is no package called 'formatR'
    
    Warning in block_exec(params) :
     Failed to tidy R code in chunk 'ex6'. Reason:
    Error in loadNamespace(name) : there is no package called 'formatR'
    
    Warning in block_exec(params) :
     Failed to tidy R code in chunk 'ex7'. Reason:
    Error in loadNamespace(name) : there is no package called 'formatR'
    
    Warning in block_exec(params) :
     Failed to tidy R code in chunk 'map1_tiles'. Reason:
    Error in loadNamespace(name) : there is no package called 'formatR'
    
    Warning in block_exec(params) :
     Failed to tidy R code in chunk 'map1'. Reason:
    Error in loadNamespace(name) : there is no package called 'formatR'
    
    Quitting from lines 208-214 (tiler.Rmd)
    Error: processing vignette 'tiler.Rmd' failed with diagnostics:
    there is no package called 'webshot'
    --- failed re-building ‘tiler.Rmd’
    
    SUMMARY: processing the following file failed:
     ‘tiler.Rmd’
    
    Error: Vignette re-building failed.
    Execution halted
Flavor: r-patched-solaris-x86

Version: 0.2.1
Check: re-building of vignette outputs
Result: WARN
    Error(s) in re-building vignettes:
     ...
    --- re-building ‘tiler.Rmd’ using rmarkdown
    Loading required package: sp
    pandoc: /tmp/Rtmp7K3e2w/leaflet-providers_1.9.0.js: openBinaryFile: does not exist (No such file or directory)
    Error: processing vignette 'tiler.Rmd' failed with diagnostics:
    pandoc document conversion failed with error 1
    --- failed re-building ‘tiler.Rmd’
    
    SUMMARY: processing the following file failed:
     ‘tiler.Rmd’
    
    Error: Vignette re-building failed.
    Execution halted
Flavor: r-release-linux-x86_64

Version: 0.2.1
Check: re-building of vignette outputs
Result: WARN
    Error(s) in re-building vignettes:
    --- re-building 'tiler.Rmd' using rmarkdown
    Warning in block_exec(params) :
     Failed to tidy R code in chunk 'ex1'. Reason:
    Error in loadNamespace(name) : there is no package called 'formatR'
    
    Loading required package: sp
    Warning in block_exec(params) :
     Failed to tidy R code in chunk 'ex2'. Reason:
    Error in loadNamespace(name) : there is no package called 'formatR'
    
    Warning in block_exec(params) :
     Failed to tidy R code in chunk 'ex3'. Reason:
    Error in loadNamespace(name) : there is no package called 'formatR'
    
    Warning in block_exec(params) :
     Failed to tidy R code in chunk 'ex4'. Reason:
    Error in loadNamespace(name) : there is no package called 'formatR'
    
    Warning in block_exec(params) :
     Failed to tidy R code in chunk 'ex5'. Reason:
    Error in loadNamespace(name) : there is no package called 'formatR'
    
    Warning in block_exec(params) :
     Failed to tidy R code in chunk 'ex6'. Reason:
    Error in loadNamespace(name) : there is no package called 'formatR'
    
    Warning in block_exec(params) :
     Failed to tidy R code in chunk 'ex7'. Reason:
    Error in loadNamespace(name) : there is no package called 'formatR'
    
    Warning in block_exec(params) :
     Failed to tidy R code in chunk 'map1_tiles'. Reason:
    Error in loadNamespace(name) : there is no package called 'formatR'
    
    Warning in block_exec(params) :
     Failed to tidy R code in chunk 'map1'. Reason:
    Error in loadNamespace(name) : there is no package called 'formatR'
    
    Warning in block_exec(params) :
     Failed to tidy R code in chunk 'map2_tiles'. Reason:
    Error in loadNamespace(name) : there is no package called 'formatR'
    
    Warning in block_exec(params) :
     Failed to tidy R code in chunk 'map2'. Reason:
    Error in loadNamespace(name) : there is no package called 'formatR'
    
    Warning in block_exec(params) :
     Failed to tidy R code in chunk 'ex8'. Reason:
    Error in loadNamespace(name) : there is no package called 'formatR'
    
    Warning in block_exec(params) :
     Failed to tidy R code in chunk 'ex9'. Reason:
    Error in loadNamespace(name) : there is no package called 'formatR'
    
    pandoc.exe: Could not fetch D:\temp\Rtmp6xUot1\leaflet-providers_1.9.0.js
    D:\temp\Rtmp6xUot1\leaflet-providers_1.9.0.js: openBinaryFile: does not exist (No such file or directory)
    Error: processing vignette 'tiler.Rmd' failed with diagnostics:
    pandoc document conversion failed with error 67
    --- failed re-building 'tiler.Rmd'
    
    SUMMARY: processing the following file failed:
     'tiler.Rmd'
    
    Error: Vignette re-building failed.
    Execution halted
Flavor: r-release-windows-ix86+x86_64

Version: 0.2.1
Check: re-building of vignette outputs
Result: WARN
    Error(s) in re-building vignettes:
     ...
    --- re-building ‘tiler.Rmd’ using rmarkdown
    Warning in engine$weave(file, quiet = quiet, encoding = enc) :
     Pandoc (>= 1.12.3) and/or pandoc-citeproc not available. Falling back to R Markdown v1.
    Loading required package: sp
    PhantomJS not found. You can install it with webshot::install_phantomjs(). If it is installed, please make sure the phantomjs executable can be found via the PATH variable.
    Quitting from lines 208-214 (tiler.Rmd)
    Error: processing vignette 'tiler.Rmd' failed with diagnostics:
    cannot open the connection
    --- failed re-building ‘tiler.Rmd’
    
    SUMMARY: processing the following file failed:
     ‘tiler.Rmd’
    
    Error: Vignette re-building failed.
    Execution halted
Flavor: r-release-osx-x86_64

Version: 0.2.1
Check: re-building of vignette outputs
Result: WARN
    Error in re-building vignettes:
     ...
    Warning in block_exec(params) :
     Failed to tidy R code in chunk 'ex1'. Reason:
    Error in loadNamespace(name) : there is no package called 'formatR'
    
    Loading required package: sp
    Warning in block_exec(params) :
     Failed to tidy R code in chunk 'ex2'. Reason:
    Error in loadNamespace(name) : there is no package called 'formatR'
    
    Warning in block_exec(params) :
     Failed to tidy R code in chunk 'ex3'. Reason:
    Error in loadNamespace(name) : there is no package called 'formatR'
    
    Warning in block_exec(params) :
     Failed to tidy R code in chunk 'ex4'. Reason:
    Error in loadNamespace(name) : there is no package called 'formatR'
    
    Warning in block_exec(params) :
     Failed to tidy R code in chunk 'ex5'. Reason:
    Error in loadNamespace(name) : there is no package called 'formatR'
    
    Warning in block_exec(params) :
     Failed to tidy R code in chunk 'ex6'. Reason:
    Error in loadNamespace(name) : there is no package called 'formatR'
    
    Warning in block_exec(params) :
     Failed to tidy R code in chunk 'ex7'. Reason:
    Error in loadNamespace(name) : there is no package called 'formatR'
    
    Warning in block_exec(params) :
     Failed to tidy R code in chunk 'map1_tiles'. Reason:
    Error in loadNamespace(name) : there is no package called 'formatR'
    
    Warning in block_exec(params) :
     Failed to tidy R code in chunk 'map1'. Reason:
    Error in loadNamespace(name) : there is no package called 'formatR'
    
    Warning in block_exec(params) :
     Failed to tidy R code in chunk 'map2_tiles'. Reason:
    Error in loadNamespace(name) : there is no package called 'formatR'
    
    Warning in block_exec(params) :
     Failed to tidy R code in chunk 'map2'. Reason:
    Error in loadNamespace(name) : there is no package called 'formatR'
    
    Warning in block_exec(params) :
     Failed to tidy R code in chunk 'ex8'. Reason:
    Error in loadNamespace(name) : there is no package called 'formatR'
    
    Warning in block_exec(params) :
     Failed to tidy R code in chunk 'ex9'. Reason:
    Error in loadNamespace(name) : there is no package called 'formatR'
    
    pandoc.exe: Could not fetch D:\temp\RtmpsHNts8\leaflet-providers_1.9.0.js
    D:\temp\RtmpsHNts8\leaflet-providers_1.9.0.js: openBinaryFile: does not exist (No such file or directory)
    Error: processing vignette 'tiler.Rmd' failed with diagnostics:
    pandoc document conversion failed with error 67
    Execution halted
Flavor: r-oldrel-windows-ix86+x86_64

Version: 0.2.1
Check: re-building of vignette outputs
Result: WARN
    Error in re-building vignettes:
     ...
    Warning in engine$weave(file, quiet = quiet, encoding = enc) :
     Pandoc (>= 1.12.3) and/or pandoc-citeproc not available. Falling back to R Markdown v1.
    Loading required package: sp
    PhantomJS not found. You can install it with webshot::install_phantomjs(). If it is installed, please make sure the phantomjs executable can be found via the PATH variable.
    Quitting from lines 208-214 (tiler.Rmd)
    Error: processing vignette 'tiler.Rmd' failed with diagnostics:
    cannot open the connection
    Execution halted
Flavor: r-oldrel-osx-x86_64