CRAN Package Check Results for Package timechange

Last updated on 2019-08-20 00:50:59 CEST.

Flavor Version Tinstall Tcheck Ttotal Status Flags
r-devel-linux-x86_64-debian-clang 0.0.1 44.84 26.47 71.31 OK
r-devel-linux-x86_64-debian-gcc 0.0.1 34.28 21.81 56.09 OK
r-devel-linux-x86_64-fedora-clang 0.0.1 110.05 OK
r-devel-linux-x86_64-fedora-gcc 0.0.1 103.53 OK
r-devel-windows-ix86+x86_64 0.0.1 153.00 67.00 220.00 OK
r-patched-linux-x86_64 0.0.1 40.76 26.86 67.62 OK
r-patched-solaris-x86 0.0.1 109.60 OK
r-release-linux-x86_64 0.0.1 42.31 26.78 69.09 OK
r-release-windows-ix86+x86_64 0.0.1 108.00 63.00 171.00 OK
r-release-osx-x86_64 0.0.1 ERROR
r-oldrel-windows-ix86+x86_64 0.0.1 141.00 92.00 233.00 OK
r-oldrel-osx-x86_64 0.0.1 ERROR

Check Details

Version: 0.0.1
Check: tests
Result: ERROR
     Running ‘testthat.R’ [3s/7s]
    Running the tests in ‘tests/testthat.R’ failed.
    Last 13 lines of output:
     [1] 2015-01-01 23:56:02 - 2015-01-01 == 23.9 hours
    
     ── 3. Failure: updates on ydas works correctly with leap year (@test-update.R#17
     time_update(...) not equal to ymd("2016-01-10", tz = "America/New_York").
     1/1 mismatches
     [1] 2016-01-10 23:56:02 - 2016-01-10 == 23.9 hours
    
     ══ testthat results ═══════════════════════════════════════════════════════════
     OK: 685 SKIPPED: 0 FAILED: 3
     1. Failure: updates on ydas works correctly with leap year (@test-update.R#173)
     2. Failure: updates on ydas works correctly with leap year (@test-update.R#175)
     3. Failure: updates on ydas works correctly with leap year (@test-update.R#177)
    
     Error: testthat unit tests failed
     Execution halted
Flavor: r-release-osx-x86_64

Version: 0.0.1
Check: tests
Result: ERROR
     Running ‘testthat.R’ [2s/2s]
    Running the tests in ‘tests/testthat.R’ failed.
    Last 13 lines of output:
     [1] 2015-01-01 23:56:02 - 2015-01-01 == 23.9 hours
    
     ── 3. Failure: updates on ydas works correctly with leap year (@test-update.R#17
     time_update(...) not equal to ymd("2016-01-10", tz = "America/New_York").
     1/1 mismatches
     [1] 2016-01-10 23:56:02 - 2016-01-10 == 23.9 hours
    
     ══ testthat results ═══════════════════════════════════════════════════════════
     [ OK: 685 | SKIPPED: 0 | WARNINGS: 0 | FAILED: 3 ]
     1. Failure: updates on ydas works correctly with leap year (@test-update.R#173)
     2. Failure: updates on ydas works correctly with leap year (@test-update.R#175)
     3. Failure: updates on ydas works correctly with leap year (@test-update.R#177)
    
     Error: testthat unit tests failed
     Execution halted
Flavor: r-oldrel-osx-x86_64