CRAN Package Check Results for Package timeseriesdb

Last updated on 2019-12-16 00:49:12 CET.

Flavor Version Tinstall Tcheck Ttotal Status Flags
r-devel-linux-x86_64-debian-clang 0.4.1 5.56 50.32 55.88 OK
r-devel-linux-x86_64-debian-gcc 0.4.1 4.33 38.05 42.38 OK
r-devel-linux-x86_64-fedora-clang 0.4.1 70.05 NOTE
r-devel-linux-x86_64-fedora-gcc 0.4.1 62.17 NOTE
r-devel-windows-ix86+x86_64 0.4.1 13.00 84.00 97.00 OK
r-devel-windows-ix86+x86_64-gcc8 0.4.1 14.00 98.00 112.00 OK
r-patched-linux-x86_64 0.4.1 4.38 43.26 47.64 OK
r-patched-solaris-x86 0.4.1 86.20 NOTE
r-release-linux-x86_64 0.4.1 4.35 42.80 47.15 OK
r-release-windows-ix86+x86_64 0.4.1 10.00 57.00 67.00 OK
r-release-osx-x86_64 0.4.1 NOTE
r-oldrel-windows-ix86+x86_64 0.4.1 7.00 57.00 64.00 OK
r-oldrel-osx-x86_64 0.4.1 NOTE

Check Details

Version: 0.4.1
Check: dependencies in R code
Result: NOTE
    Namespace in Imports field not imported from: ‘shiny’
     All declared Imports should be used.
Flavors: r-devel-linux-x86_64-fedora-clang, r-devel-linux-x86_64-fedora-gcc, r-patched-solaris-x86, r-release-osx-x86_64, r-oldrel-osx-x86_64