CRAN Package Check Results for Package tmg

Last updated on 2019-10-23 00:48:05 CEST.

Flavor Version Tinstall Tcheck Ttotal Status Flags
r-devel-linux-x86_64-debian-clang 0.3 23.60 21.16 44.76 OK
r-devel-linux-x86_64-debian-gcc 0.3 17.92 17.57 35.49 OK
r-devel-linux-x86_64-fedora-clang 0.3 57.83 NOTE
r-devel-linux-x86_64-fedora-gcc 0.3 55.59 NOTE
r-devel-windows-ix86+x86_64 0.3 45.00 70.00 115.00 OK
r-patched-linux-x86_64 0.3 18.74 21.23 39.97 OK
r-patched-solaris-x86 0.3 65.90 OK
r-release-linux-x86_64 0.3 19.43 21.35 40.78 OK
r-release-windows-ix86+x86_64 0.3 62.00 76.00 138.00 OK
r-release-osx-x86_64 0.3 NOTE
r-oldrel-windows-ix86+x86_64 0.3 59.00 71.00 130.00 OK
r-oldrel-osx-x86_64 0.3 OK

Additional issues

valgrind

Check Details

Version: 0.3
Check: compiled code
Result: NOTE
    File ‘tmg/libs/tmg.so’:
     Found no calls to: ‘R_registerRoutines’, ‘R_useDynamicSymbols’
    
    It is good practice to register native routines and to disable symbol
    search.
    
    See ‘Writing portable packages’ in the ‘Writing R Extensions’ manual.
Flavors: r-devel-linux-x86_64-fedora-clang, r-devel-linux-x86_64-fedora-gcc

Version: 0.3
Check: installed package size
Result: NOTE
     installed size is 5.1Mb
     sub-directories of 1Mb or more:
     libs 4.8Mb
Flavor: r-release-osx-x86_64