CRAN Package Check Results for Package tmg

Last updated on 2019-07-16 00:48:30 CEST.

Flavor Version Tinstall Tcheck Ttotal Status Flags
r-devel-linux-x86_64-debian-clang 0.3 18.82 21.42 40.24 OK
r-devel-linux-x86_64-debian-gcc 0.3 17.41 18.09 35.50 OK
r-devel-linux-x86_64-fedora-clang 0.3 56.66 NOTE
r-devel-linux-x86_64-fedora-gcc 0.3 55.48 NOTE
r-devel-windows-ix86+x86_64 0.3 63.00 51.00 114.00 OK
r-patched-linux-x86_64 0.3 19.93 21.73 41.66 OK
r-patched-solaris-x86 0.3 68.20 OK
r-release-linux-x86_64 0.3 20.53 22.35 42.88 OK
r-release-windows-ix86+x86_64 0.3 47.00 70.00 117.00 OK
r-release-osx-x86_64 0.3 NOTE
r-oldrel-windows-ix86+x86_64 0.3 58.00 49.00 107.00 OK
r-oldrel-osx-x86_64 0.3 OK

Check Details

Version: 0.3
Check: compiled code
Result: NOTE
    File ‘tmg/libs/tmg.so’:
     Found no calls to: ‘R_registerRoutines’, ‘R_useDynamicSymbols’
    
    It is good practice to register native routines and to disable symbol
    search.
    
    See ‘Writing portable packages’ in the ‘Writing R Extensions’ manual.
Flavors: r-devel-linux-x86_64-fedora-clang, r-devel-linux-x86_64-fedora-gcc

Version: 0.3
Check: installed package size
Result: NOTE
     installed size is 5.1Mb
     sub-directories of 1Mb or more:
     libs 4.8Mb
Flavor: r-release-osx-x86_64