CRAN Package Check Results for Package tnet

Last updated on 2019-12-16 00:49:12 CET.

Flavor Version Tinstall Tcheck Ttotal Status Flags
r-devel-linux-x86_64-debian-clang 3.0.14 7.85 87.26 95.11 NOTE
r-devel-linux-x86_64-debian-gcc 3.0.14 8.63 66.89 75.52 NOTE
r-devel-linux-x86_64-fedora-clang 3.0.14 116.44 NOTE
r-devel-linux-x86_64-fedora-gcc 3.0.14 111.95 NOTE
r-devel-windows-ix86+x86_64 3.0.14 14.00 128.00 142.00 OK
r-devel-windows-ix86+x86_64-gcc8 3.0.14 15.00 129.00 144.00 OK
r-patched-linux-x86_64 3.0.14 9.13 78.76 87.89 OK
r-patched-solaris-x86 3.0.14 160.30 OK
r-release-linux-x86_64 3.0.14 9.18 78.33 87.51 OK
r-release-windows-ix86+x86_64 3.0.14 14.00 90.00 104.00 OK
r-release-osx-x86_64 3.0.14 OK
r-oldrel-windows-ix86+x86_64 3.0.14 9.00 99.00 108.00 OK
r-oldrel-osx-x86_64 3.0.14 OK

Check Details

Version: 3.0.14
Check: for non-standard things in the check directory
Result: NOTE
    Found the following files/directories:
     'tnet_ucinet_network-2019-12-13_032040.dl'
Flavor: r-devel-linux-x86_64-debian-clang

Version: 3.0.14
Check: for non-standard things in the check directory
Result: NOTE
    Found the following files/directories:
     ‘tnet_ucinet_network-2019-12-16_001025.dl’
Flavor: r-devel-linux-x86_64-debian-gcc

Version: 3.0.14
Check: for non-standard things in the check directory
Result: NOTE
    Found the following files/directories:
     ‘tnet_ucinet_network-2019-12-15_031255.dl’
Flavor: r-devel-linux-x86_64-fedora-clang

Version: 3.0.14
Check: for non-standard things in the check directory
Result: NOTE
    Found the following files/directories:
     ‘tnet_ucinet_network-2019-12-09_112529.dl’
Flavor: r-devel-linux-x86_64-fedora-gcc