CRAN Package Check Results for Package tnet

Last updated on 2019-07-24 00:47:45 CEST.

Flavor Version Tinstall Tcheck Ttotal Status Flags
r-devel-linux-x86_64-debian-clang 3.0.14 9.15 80.08 89.23 NOTE
r-devel-linux-x86_64-debian-gcc 3.0.14 8.61 63.43 72.04 NOTE
r-devel-linux-x86_64-fedora-clang 3.0.14 109.10 NOTE
r-devel-linux-x86_64-fedora-gcc 3.0.14 117.76 NOTE
r-devel-windows-ix86+x86_64 3.0.14 15.00 129.00 144.00 OK
r-patched-linux-x86_64 3.0.14 8.88 79.56 88.44 OK
r-patched-solaris-x86 3.0.14 166.60 OK
r-release-linux-x86_64 3.0.14 9.03 81.00 90.03 OK
r-release-windows-ix86+x86_64 3.0.14 16.00 92.00 108.00 OK
r-release-osx-x86_64 3.0.14 OK
r-oldrel-windows-ix86+x86_64 3.0.14 14.00 84.00 98.00 OK
r-oldrel-osx-x86_64 3.0.14 OK

Check Details

Version: 3.0.14
Check: for non-standard things in the check directory
Result: NOTE
    Found the following files/directories:
     'tnet_ucinet_network-2019-07-22_013224.dl'
Flavor: r-devel-linux-x86_64-debian-clang

Version: 3.0.14
Check: for non-standard things in the check directory
Result: NOTE
    Found the following files/directories:
     ‘tnet_ucinet_network-2019-07-23_230103.dl’
Flavor: r-devel-linux-x86_64-debian-gcc

Version: 3.0.14
Check: for non-standard things in the check directory
Result: NOTE
    Found the following files/directories:
     ‘tnet_ucinet_network-2019-07-21_052509.dl’
Flavor: r-devel-linux-x86_64-fedora-clang

Version: 3.0.14
Check: for non-standard things in the check directory
Result: NOTE
    Found the following files/directories:
     ‘tnet_ucinet_network-2019-07-22_023800.dl’
Flavor: r-devel-linux-x86_64-fedora-gcc