CRAN Package Check Results for Package tolerance

Last updated on 2019-08-19 00:46:36 CEST.

Flavor Version Tinstall Tcheck Ttotal Status Flags
r-devel-linux-x86_64-debian-clang 1.3.0 9.93 86.54 96.47 OK
r-devel-linux-x86_64-debian-gcc 1.3.0 9.18 65.02 74.20 OK
r-devel-linux-x86_64-fedora-clang 1.3.0 113.91 OK
r-devel-linux-x86_64-fedora-gcc 1.3.0 109.82 OK
r-devel-windows-ix86+x86_64 1.3.0 26.00 108.00 134.00 OK
r-patched-linux-x86_64 1.3.0 8.00 84.48 92.48 OK
r-patched-solaris-x86 1.3.0 162.30 OK
r-release-linux-x86_64 1.3.0 10.24 84.45 94.69 OK
r-release-windows-ix86+x86_64 1.3.0 14.00 104.00 118.00 OK
r-release-osx-x86_64 1.3.0 WARN
r-oldrel-windows-ix86+x86_64 1.3.0 20.00 134.00 154.00 OK
r-oldrel-osx-x86_64 1.3.0 OK

Check Details

Version: 1.3.0
Check: whether package can be installed
Result: WARN
    Found the following significant warnings:
     Warning: 'rgl_init' failed, running with rgl.useNULL = TRUE
Flavor: r-release-osx-x86_64