CRAN Package Check Results for Package tpe

Last updated on 2020-07-11 00:49:04 CEST.

Flavor Version Tinstall Tcheck Ttotal Status Flags
r-devel-linux-x86_64-debian-clang 1.0.1 2.98 22.43 25.41 NOTE
r-devel-linux-x86_64-debian-gcc 1.0.1 2.21 18.47 20.68 NOTE
r-devel-linux-x86_64-fedora-clang 1.0.1 38.43 NOTE
r-devel-linux-x86_64-fedora-gcc 1.0.1 29.27 NOTE
r-devel-windows-ix86+x86_64 1.0.1 6.00 34.00 40.00 NOTE
r-patched-linux-x86_64 1.0.1 2.95 22.46 25.41 NOTE
r-patched-solaris-x86 1.0.1 48.50 NOTE
r-release-linux-x86_64 1.0.1 3.03 22.33 25.36 NOTE
r-release-osx-x86_64 1.0.1 NOTE
r-release-windows-ix86+x86_64 1.0.1 6.00 42.00 48.00 NOTE
r-oldrel-osx-x86_64 1.0.1 NOTE
r-oldrel-windows-ix86+x86_64 1.0.1 5.00 43.00 48.00 NOTE

Check Details

Version: 1.0.1
Check: DESCRIPTION meta-information
Result: NOTE
    License components which are templates and need '+ file LICENSE':
     MIT
Flavors: r-devel-linux-x86_64-debian-clang, r-devel-linux-x86_64-debian-gcc, r-devel-linux-x86_64-fedora-clang, r-devel-linux-x86_64-fedora-gcc, r-patched-linux-x86_64, r-patched-solaris-x86, r-release-linux-x86_64, r-release-osx-x86_64, r-oldrel-osx-x86_64

Version: 1.0.1
Check: R code for possible problems
Result: NOTE
    align1d : obj: no visible global function definition for 'dist'
    align2d : obj: no visible global function definition for 'dist'
    align2d : pen: no visible global function definition for 'dist'
    align2d: no visible global function definition for 'dist'
    sumt: no visible global function definition for 'optim'
    tpe1d: no visible global function definition for 'hclust'
    tpe2d: no visible global function definition for 'hclust'
    tpe2d: no visible global function definition for 'cmdscale'
    Undefined global functions or variables:
     cmdscale dist hclust optim
    Consider adding
     importFrom("stats", "cmdscale", "dist", "hclust", "optim")
    to your NAMESPACE file.
Flavors: r-devel-linux-x86_64-debian-clang, r-devel-linux-x86_64-debian-gcc, r-devel-linux-x86_64-fedora-clang, r-devel-linux-x86_64-fedora-gcc, r-devel-windows-ix86+x86_64, r-patched-linux-x86_64, r-patched-solaris-x86, r-release-linux-x86_64, r-release-osx-x86_64, r-release-windows-ix86+x86_64, r-oldrel-osx-x86_64, r-oldrel-windows-ix86+x86_64