CRAN Package Check Results for Package treethresh

Last updated on 2020-02-24 00:48:57 CET.

Flavor Version Tinstall Tcheck Ttotal Status Flags
r-devel-linux-x86_64-debian-clang 0.1-11 6.98 43.51 50.49 WARN
r-devel-linux-x86_64-debian-gcc 0.1-11 WARN
r-devel-linux-x86_64-fedora-clang 0.1-11 65.29 WARN
r-devel-linux-x86_64-fedora-gcc 0.1-11 60.29 WARN
r-devel-windows-ix86+x86_64 0.1-11 16.00 90.00 106.00 OK
r-devel-windows-ix86+x86_64-gcc8 0.1-11 22.00 75.00 97.00 OK
r-patched-linux-x86_64 0.1-11 WARN
r-patched-solaris-x86 0.1-11 82.20 WARN
r-release-linux-x86_64 0.1-11 4.61 40.13 44.74 OK
r-release-windows-ix86+x86_64 0.1-11 14.00 69.00 83.00 OK
r-release-osx-x86_64 0.1-11 OK
r-oldrel-windows-ix86+x86_64 0.1-11 13.00 65.00 78.00 OK
r-oldrel-osx-x86_64 0.1-11 OK

Additional issues

rchk

Check Details

Version: 0.1-11
Check: Rd \usage sections
Result: WARN
    Documented arguments not in \usage in documentation object 'coefficients':
     '...'
    
    Documented arguments not in \usage in documentation object 'estimate.sdev':
     '...'
    
    Documented arguments not in \usage in documentation object 'prune':
     '...'
    
    Functions with \usage entries need to have the appropriate \alias
    entries, and all their arguments documented.
    The \usage entries must correspond to syntactically valid R code.
    See chapter 'Writing R documentation files' in the 'Writing R
    Extensions' manual.
Flavors: r-devel-linux-x86_64-debian-clang, r-devel-linux-x86_64-debian-gcc, r-devel-linux-x86_64-fedora-clang, r-devel-linux-x86_64-fedora-gcc, r-patched-linux-x86_64, r-patched-solaris-x86