CRAN Package Check Results for Package tseries

Last updated on 2019-06-26 00:47:53 CEST.

Flavor Version Tinstall Tcheck Ttotal Status Flags
r-devel-linux-x86_64-debian-clang 0.10-47 8.30 41.71 50.01 OK
r-devel-linux-x86_64-debian-gcc 0.10-47 6.62 33.85 40.47 OK
r-devel-linux-x86_64-fedora-clang 0.10-47 61.20 OK
r-devel-linux-x86_64-fedora-gcc 0.10-47 57.57 OK
r-devel-windows-ix86+x86_64 0.10-47 36.00 80.00 116.00 OK
r-patched-linux-x86_64 0.10-47 8.62 42.22 50.84 OK
r-patched-solaris-x86 0.10-47 94.20 OK
r-release-linux-x86_64 0.10-47 7.07 42.80 49.87 OK
r-release-windows-ix86+x86_64 0.10-47 14.00 5.00 19.00 ERROR
r-release-osx-x86_64 0.10-47 OK
r-oldrel-windows-ix86+x86_64 0.10-47 17.00 70.00 87.00 OK
r-oldrel-osx-x86_64 0.10-47 OK

Check Details

Version: 0.10-47
Check: whether package can be installed
Result: ERROR
    Installation failed.
Flavor: r-release-windows-ix86+x86_64