CRAN Package Check Results for Package tsfknn

Last updated on 2020-02-20 00:54:31 CET.

Flavor Version Tinstall Tcheck Ttotal Status Flags
r-devel-linux-x86_64-debian-clang 0.3.0 4.01 52.93 56.94 OK
r-devel-linux-x86_64-debian-gcc 0.3.0 3.67 40.18 43.85 OK
r-devel-linux-x86_64-fedora-clang 0.3.0 73.17 OK
r-devel-linux-x86_64-fedora-gcc 0.3.0 66.86 OK
r-devel-windows-ix86+x86_64 0.3.0 10.00 102.00 112.00 OK
r-devel-windows-ix86+x86_64-gcc8 0.3.0 17.00 69.00 86.00 OK
r-patched-linux-x86_64 0.3.0 3.08 46.33 49.41 OK
r-patched-solaris-x86 0.3.0 87.60 OK
r-release-linux-x86_64 0.3.0 2.98 46.83 49.81 OK
r-release-windows-ix86+x86_64 0.3.0 8.00 61.00 69.00 OK
r-release-osx-x86_64 0.3.0 OK
r-oldrel-windows-ix86+x86_64 0.2.0 11.00 82.00 93.00 OK
r-oldrel-osx-x86_64 0.3.0 ERROR

Check Details

Version: 0.3.0
Check: whether package can be installed
Result: ERROR
    Installation failed.
Flavor: r-oldrel-osx-x86_64