CRAN Package Check Results for Package tsfknn

Last updated on 2019-09-21 00:52:56 CEST.

Flavor Version Tinstall Tcheck Ttotal Status Flags
r-devel-linux-x86_64-debian-clang 0.3.0 3.89 47.06 50.95 OK
r-devel-linux-x86_64-debian-gcc 0.3.0 3.31 36.50 39.81 OK
r-devel-linux-x86_64-fedora-clang 0.3.0 63.17 OK
r-devel-linux-x86_64-fedora-gcc 0.3.0 63.48 OK
r-devel-windows-ix86+x86_64 0.3.0 23.00 64.00 87.00 OK
r-patched-linux-x86_64 0.3.0 3.29 44.87 48.16 OK
r-patched-solaris-x86 0.3.0 86.70 OK
r-release-linux-x86_64 0.3.0 3.90 45.75 49.65 OK
r-release-windows-ix86+x86_64 0.3.0 13.00 82.00 95.00 OK
r-release-osx-x86_64 0.3.0 OK
r-oldrel-windows-ix86+x86_64 0.2.0 11.00 82.00 93.00 OK
r-oldrel-osx-x86_64 0.3.0 ERROR

Check Details

Version: 0.3.0
Check: whether package can be installed
Result: ERROR
    Installation failed.
Flavor: r-oldrel-osx-x86_64