CRAN Package Check Results for Package updog

Last updated on 2019-12-06 00:50:16 CET.

Flavor Version Tinstall Tcheck Ttotal Status Flags
r-devel-linux-x86_64-debian-clang 1.1.3 153.70 114.23 267.93 OK
r-devel-linux-x86_64-debian-gcc 1.1.3 111.60 80.83 192.43 OK
r-devel-linux-x86_64-fedora-clang 1.1.3 364.11 NOTE
r-devel-linux-x86_64-fedora-gcc 1.1.3 347.35 OK
r-devel-windows-ix86+x86_64 1.1.3 288.00 264.00 552.00 OK
r-devel-windows-ix86+x86_64-gcc8 1.1.3 335.00 206.00 541.00 OK
r-patched-linux-x86_64 1.1.3 116.10 100.87 216.97 OK
r-patched-solaris-x86 1.1.3 356.40 NOTE
r-release-linux-x86_64 1.1.3 122.94 100.46 223.40 OK
r-release-windows-ix86+x86_64 1.1.3 257.00 190.00 447.00 OK
r-release-osx-x86_64 1.1.3 NOTE
r-oldrel-windows-ix86+x86_64 1.1.3 261.00 193.00 454.00 OK
r-oldrel-osx-x86_64 1.1.3 OK

Check Details

Version: 1.1.3
Check: installed package size
Result: NOTE
     installed size is 5.9Mb
     sub-directories of 1Mb or more:
     libs 4.9Mb
Flavors: r-devel-linux-x86_64-fedora-clang, r-release-osx-x86_64

Version: 1.1.3
Check: package dependencies
Result: NOTE
    Package suggested but not available for checking: ‘CVXR’
Flavor: r-patched-solaris-x86