CRAN Package Check Results for Package upwaver

Last updated on 2019-08-26 00:47:39 CEST.

Flavor Version Tinstall Tcheck Ttotal Status Flags
r-devel-linux-x86_64-debian-clang 1.2.0 2.12 24.53 26.65 OK
r-devel-linux-x86_64-debian-gcc 1.2.0 1.51 19.71 21.22 OK
r-devel-linux-x86_64-fedora-clang 1.2.0 32.56 OK
r-devel-linux-x86_64-fedora-gcc 1.2.0 33.25 OK
r-devel-windows-ix86+x86_64 1.2.0 9.00 57.00 66.00 OK
r-patched-linux-x86_64 1.2.0 1.61 24.30 25.91 OK
r-patched-solaris-x86 1.2.0 51.20 OK
r-release-linux-x86_64 1.2.0 1.85 24.40 26.25 OK
r-release-windows-ix86+x86_64 1.2.0 7.00 197.00 204.00 ERROR
r-release-osx-x86_64 1.2.0 OK
r-oldrel-windows-ix86+x86_64 1.2.0 6.00 56.00 62.00 OK
r-oldrel-osx-x86_64 1.2.0 OK

Check Details

Version: 1.2.0
Check: examples
Result: ERROR
    Running examples in 'upwaver-Ex.R' failed
    The error most likely occurred in:
    
    > ### Name: board_details
    > ### Title: Information about a specific board
    > ### Aliases: board_details
    >
    > ### ** Examples
    >
    > board_details("4597", 14351, "807a0c3451c04602b4dbfdc0338a65f7")
    Error in curl::curl_fetch_memory(url, handle = handle) :
     OpenSSL SSL_read: SSL_ERROR_SYSCALL, errno 10054
    Calls: board_details ... request_fetch -> request_fetch.write_memory -> <Anonymous>
    Execution halted
Flavor: r-release-windows-ix86+x86_64

Version: 1.2.0
Check: tests
Result: ERROR
     Running 'testthat.R' [36s]
    Running the tests in 'tests/testthat.R' failed.
    Complete output:
     > library(testthat)
     > library(upwaver)
     >
     > test_check("upwaver")
     -- 1. Error: request() works (@test-upwaver.R#4) ------------------------------
     OpenSSL SSL_read: SSL_ERROR_SYSCALL, errno 10054
     1: request("https://ims-fhs.upwave.io/api/boards/", "807a0c3451c04602b4dbfdc0338a65f7") at testthat/test-upwaver.R:4
     2: httr::GET(url, httr::add_headers(Authorization = paste0("Token ", token)))
     3: request_perform(req, hu$handle$handle)
     4: request_fetch(req$output, req$url, handle)
     5: request_fetch.write_memory(req$output, req$url, handle)
     6: curl::curl_fetch_memory(url, handle = handle)
    
     -- 2. Error: content_as_list() works (@test-upwaver.R#12) ---------------------
     Timeout was reached: Operation timed out after 10010 milliseconds with 0 out of 0 bytes received
     1: content_as_list(request("https://api.upwave.io/workspaces/4597/boards/", "807a0c3451c04602b4dbfdc0338a65f7")) at testthat/test-upwaver.R:12
     2: httr::content(response, as = "text")
     3: stopifnot(is.response(x))
     4: is.response(x)
     5: request("https://api.upwave.io/workspaces/4597/boards/", "807a0c3451c04602b4dbfdc0338a65f7")
     6: httr::GET(url, httr::add_headers(Authorization = paste0("Token ", token)))
     7: request_perform(req, hu$handle$handle)
     8: request_fetch(req$output, req$url, handle)
     9: request_fetch.write_memory(req$output, req$url, handle)
     10: curl::curl_fetch_memory(url, handle = handle)
    
     == testthat results ===========================================================
     [ OK: 19 | SKIPPED: 1 | WARNINGS: 0 | FAILED: 2 ]
     1. Error: request() works (@test-upwaver.R#4)
     2. Error: content_as_list() works (@test-upwaver.R#12)
    
     Error: testthat unit tests failed
     Execution halted
Flavor: r-release-windows-ix86+x86_64

Version: 1.2.0
Check: re-building of vignette outputs
Result: WARN
    Error(s) in re-building vignettes:
    --- re-building 'upwaver.Rmd' using rmarkdown
    Quitting from lines 69-73 (upwaver.Rmd)
    Error: processing vignette 'upwaver.Rmd' failed with diagnostics:
    Timeout was reached: Operation timed out after 10011 milliseconds with 0 out of 0 bytes received
    --- failed re-building 'upwaver.Rmd'
    
    SUMMARY: processing the following file failed:
     'upwaver.Rmd'
    
    Error: Vignette re-building failed.
    Execution halted
Flavor: r-release-windows-ix86+x86_64