CRAN Package Check Results for Package urca

Last updated on 2019-06-20 00:51:08 CEST.

Flavor Version Tinstall Tcheck Ttotal Status Flags
r-devel-linux-x86_64-debian-clang 1.3-0 9.54 53.37 62.91 OK
r-devel-linux-x86_64-debian-gcc 1.3-0 7.33 42.84 50.17 OK
r-devel-linux-x86_64-fedora-clang 1.3-0 73.67 NOTE
r-devel-linux-x86_64-fedora-gcc 1.3-0 68.21 NOTE
r-devel-windows-ix86+x86_64 1.3-0 27.00 106.00 133.00 OK
r-patched-linux-x86_64 1.3-0 7.91 54.03 61.94 OK
r-patched-solaris-x86 1.3-0 105.30 OK
r-release-linux-x86_64 1.3-0 8.42 55.66 64.08 OK
r-release-windows-ix86+x86_64 1.3-0 20.00 97.00 117.00 OK
r-release-osx-x86_64 1.3-0 OK
r-oldrel-windows-ix86+x86_64 1.3-0 13.00 96.00 109.00 OK
r-oldrel-osx-x86_64 1.3-0 OK

Check Details

Version: 1.3-0
Check: compiled code
Result: NOTE
    File ‘urca/libs/urca.so’:
     Found no calls to: ‘R_registerRoutines’, ‘R_useDynamicSymbols’
    
    It is good practice to register native routines and to disable symbol
    search.
    
    See ‘Writing portable packages’ in the ‘Writing R Extensions’ manual.
Flavors: r-devel-linux-x86_64-fedora-clang, r-devel-linux-x86_64-fedora-gcc