CRAN Package Check Results for Package urca

Last updated on 2019-09-17 00:49:29 CEST.

Flavor Version Tinstall Tcheck Ttotal Status Flags
r-devel-linux-x86_64-debian-clang 1.3-0 8.02 51.97 59.99 OK
r-devel-linux-x86_64-debian-gcc 1.3-0 OK
r-devel-linux-x86_64-fedora-clang 1.3-0 74.07 NOTE
r-devel-linux-x86_64-fedora-gcc 1.3-0 70.90 NOTE
r-devel-windows-ix86+x86_64 1.3-0 24.00 81.00 105.00 OK
r-patched-linux-x86_64 1.3-0 9.21 52.24 61.45 OK
r-patched-solaris-x86 1.3-0 103.80 OK
r-release-linux-x86_64 1.3-0 9.01 53.85 62.86 OK
r-release-windows-ix86+x86_64 1.3-0 17.00 112.00 129.00 OK
r-release-osx-x86_64 1.3-0 OK
r-oldrel-windows-ix86+x86_64 1.3-0 19.00 67.00 86.00 OK
r-oldrel-osx-x86_64 1.3-0 OK

Check Details

Version: 1.3-0
Check: compiled code
Result: NOTE
    File ‘urca/libs/urca.so’:
     Found no calls to: ‘R_registerRoutines’, ‘R_useDynamicSymbols’
    
    It is good practice to register native routines and to disable symbol
    search.
    
    See ‘Writing portable packages’ in the ‘Writing R Extensions’ manual.
Flavors: r-devel-linux-x86_64-fedora-clang, r-devel-linux-x86_64-fedora-gcc