CRAN Package Check Results for Package urlshorteneR

Last updated on 2019-09-21 00:52:56 CEST.

Flavor Version Tinstall Tcheck Ttotal Status Flags
r-devel-linux-x86_64-debian-clang 1.1.2 3.82 37.28 41.10 OK
r-devel-linux-x86_64-debian-gcc 1.1.2 3.50 30.67 34.17 OK
r-devel-linux-x86_64-fedora-clang 1.1.2 51.44 OK
r-devel-linux-x86_64-fedora-gcc 1.1.2 50.76 OK
r-devel-windows-ix86+x86_64 1.1.2 16.00 76.00 92.00 OK
r-patched-linux-x86_64 1.1.2 3.75 37.53 41.28 OK
r-patched-solaris-x86 1.1.2 75.50 OK
r-release-linux-x86_64 1.1.2 4.35 37.42 41.77 OK
r-release-windows-ix86+x86_64 1.1.2 9.00 61.00 70.00 OK
r-release-osx-x86_64 1.1.2 OK
r-oldrel-windows-ix86+x86_64 0.9.2 4.00 62.00 66.00 OK
r-oldrel-osx-x86_64 1.1.2 ERROR

Check Details

Version: 1.1.2
Check: whether package can be installed
Result: ERROR
    Installation failed.
Flavor: r-oldrel-osx-x86_64