CRAN Package Check Results for Package urlshorteneR

Last updated on 2019-06-21 00:52:28 CEST.

Flavor Version Tinstall Tcheck Ttotal Status Flags
r-devel-linux-x86_64-debian-clang 1.1.1 3.70 38.16 41.86 OK
r-devel-linux-x86_64-debian-gcc 1.1.1 3.50 30.90 34.40 OK
r-devel-linux-x86_64-fedora-clang 1.1.1 53.25 OK
r-devel-linux-x86_64-fedora-gcc 1.1.1 48.82 OK
r-devel-windows-ix86+x86_64 1.1.1 13.00 60.00 73.00 OK
r-patched-linux-x86_64 1.1.1 4.58 38.51 43.09 OK
r-patched-solaris-x86 1.1.1 69.10 OK
r-release-linux-x86_64 1.1.1 3.49 38.74 42.23 OK
r-release-windows-ix86+x86_64 1.1.1 8.00 80.00 88.00 OK
r-release-osx-x86_64 1.1.1 OK
r-oldrel-windows-ix86+x86_64 0.9.2 4.00 62.00 66.00 OK
r-oldrel-osx-x86_64 1.1.1 ERROR

Check Details

Version: 1.1.1
Check: whether package can be installed
Result: ERROR
    Installation failed.
Flavor: r-oldrel-osx-x86_64