CRAN Package Check Results for Package varband

Last updated on 2019-12-16 00:49:14 CET.

Flavor Version Tinstall Tcheck Ttotal Status Flags
r-devel-linux-x86_64-debian-clang 0.9.0 31.86 55.70 87.56 OK
r-devel-linux-x86_64-debian-gcc 0.9.0 23.02 41.89 64.91 OK
r-devel-linux-x86_64-fedora-clang 0.9.0 116.56 NOTE
r-devel-linux-x86_64-fedora-gcc 0.9.0 110.48 NOTE
r-devel-windows-ix86+x86_64 0.9.0 63.00 133.00 196.00 OK
r-devel-windows-ix86+x86_64-gcc8 0.9.0 69.00 130.00 199.00 OK
r-patched-linux-x86_64 0.9.0 24.53 52.44 76.97 OK
r-patched-solaris-x86 0.9.0 130.30 OK
r-release-linux-x86_64 0.9.0 25.37 52.55 77.92 OK
r-release-windows-ix86+x86_64 0.9.0 48.00 104.00 152.00 OK
r-release-osx-x86_64 0.9.0 OK
r-oldrel-windows-ix86+x86_64 0.9.0 53.00 106.00 159.00 OK
r-oldrel-osx-x86_64 0.9.0 OK

Check Details

Version: 0.9.0
Check: compiled code
Result: NOTE
    File ‘varband/libs/varband.so’:
     Found no calls to: ‘R_registerRoutines’, ‘R_useDynamicSymbols’
    
    It is good practice to register native routines and to disable symbol
    search.
    
    See ‘Writing portable packages’ in the ‘Writing R Extensions’ manual.
Flavors: r-devel-linux-x86_64-fedora-clang, r-devel-linux-x86_64-fedora-gcc