CRAN Package Check Results for Package varband

Last updated on 2019-07-16 00:48:31 CEST.

Flavor Version Tinstall Tcheck Ttotal Status Flags
r-devel-linux-x86_64-debian-clang 0.9.0 24.82 53.48 78.30 OK
r-devel-linux-x86_64-debian-gcc 0.9.0 22.25 41.11 63.36 OK
r-devel-linux-x86_64-fedora-clang 0.9.0 106.27 NOTE
r-devel-linux-x86_64-fedora-gcc 0.9.0 110.95 NOTE
r-devel-windows-ix86+x86_64 0.9.0 72.00 95.00 167.00 OK
r-patched-linux-x86_64 0.9.0 26.82 52.80 79.62 OK
r-patched-solaris-x86 0.9.0 135.70 OK
r-release-linux-x86_64 0.9.0 28.30 53.22 81.52 OK
r-release-windows-ix86+x86_64 0.9.0 53.00 123.00 176.00 OK
r-release-osx-x86_64 0.9.0 OK
r-oldrel-windows-ix86+x86_64 0.9.0 64.00 99.00 163.00 OK
r-oldrel-osx-x86_64 0.9.0 OK

Check Details

Version: 0.9.0
Check: compiled code
Result: NOTE
    File ‘varband/libs/varband.so’:
     Found no calls to: ‘R_registerRoutines’, ‘R_useDynamicSymbols’
    
    It is good practice to register native routines and to disable symbol
    search.
    
    See ‘Writing portable packages’ in the ‘Writing R Extensions’ manual.
Flavors: r-devel-linux-x86_64-fedora-clang, r-devel-linux-x86_64-fedora-gcc