CRAN Package Check Results for Package velox

Last updated on 2020-02-21 00:49:58 CET.

Flavor Version Tinstall Tcheck Ttotal Status Flags
r-devel-linux-x86_64-debian-clang 0.2.0 132.14 122.21 254.35 OK
r-devel-linux-x86_64-debian-gcc 0.2.0 102.73 91.21 193.94 WARN
r-devel-linux-x86_64-fedora-clang 0.2.0 356.20 NOTE
r-devel-linux-x86_64-fedora-gcc 0.2.0 341.34 WARN
r-devel-windows-ix86+x86_64 0.2.0 232.00 206.00 438.00 OK
r-devel-windows-ix86+x86_64-gcc8 0.2.0 331.00 189.00 520.00 WARN
r-patched-linux-x86_64 0.2.0 105.99 102.14 208.13 WARN
r-patched-solaris-x86 0.2.0 318.50 OK
r-release-linux-x86_64 0.2.0 115.63 104.63 220.26 WARN
r-release-windows-ix86+x86_64 0.2.0 232.00 182.00 414.00 OK
r-release-osx-x86_64 0.2.0 NOTE
r-oldrel-windows-ix86+x86_64 0.2.0 226.00 159.00 385.00 OK
r-oldrel-osx-x86_64 0.2.0 NOTE

Check Details

Version: 0.2.0
Check: whether package can be installed
Result: WARN
    Found the following significant warnings:
     /home/hornik/tmp/R.check/r-devel-gcc/Work/build/Packages/BH/include/boost/geometry/index/detail/varray_detail.hpp:544:13: warning: ‘void* memcpy(void*, const void*, size_t)’ writing to an object of type ‘class boost::geometry::model::segment<boost::geometry::model::d2::point_xy<double> >’ with no trivial copy-assignment; use copy-assignment or copy-initialization instead [-Wclass-memaccess]
     /home/hornik/tmp/R.check/r-devel-gcc/Work/build/Packages/BH/include/boost/geometry/index/detail/varray_detail.hpp:544:13: warning: ‘void* memcpy(void*, const void*, size_t)’ writing to an object of type ‘struct std::pair<boost::geometry::model::box<boost::geometry::model::d2::point_xy<double> >, std::pair<unsigned int, unsigned int> >’ with no trivial copy-assignment; use copy-assignment or copy-initialization instead [-Wclass-memaccess]
     /home/hornik/tmp/R.check/r-devel-gcc/Work/build/Packages/BH/include/boost/geometry/index/detail/varray_detail.hpp:544:13: warning: ‘void* memcpy(void*, const void*, size_t)’ writing to an object of type ‘struct std::pair<boost::geometry::model::d2::point_xy<double>, std::pair<unsigned int, unsigned int> >’ with no trivial copy-assignment; use copy-assignment or copy-initialization instead [-Wclass-memaccess]
     /home/hornik/tmp/R.check/r-devel-gcc/Work/build/Packages/BH/include/boost/geometry/index/detail/varray_detail.hpp:237:13: warning: ‘void* memcpy(void*, const void*, size_t)’ writing to an object of type ‘class boost::geometry::model::segment<boost::geometry::model::d2::point_xy<double> >’ with no trivial copy-assignment; use copy-assignment or copy-initialization instead [-Wclass-memaccess]
     /home/hornik/tmp/R.check/r-devel-gcc/Work/build/Packages/BH/include/boost/geometry/index/detail/varray_detail.hpp:237:13: warning: ‘void* memcpy(void*, const void*, size_t)’ writing to an object of type ‘struct std::pair<boost::geometry::model::box<boost::geometry::model::d2::point_xy<double> >, std::pair<unsigned int, unsigned int> >’ with no trivial copy-assignment; use copy-assignment or copy-initialization instead [-Wclass-memaccess]
     /home/hornik/tmp/R.check/r-devel-gcc/Work/build/Packages/BH/include/boost/geometry/index/detail/varray_detail.hpp:237:13: warning: ‘void* memcpy(void*, const void*, size_t)’ writing to an object of type ‘struct std::pair<boost::geometry::model::d2::point_xy<double>, std::pair<unsigned int, unsigned int> >’ with no trivial copy-assignment; use copy-assignment or copy-initialization instead [-Wclass-memaccess]
Flavor: r-devel-linux-x86_64-debian-gcc

Version: 0.2.0
Check: installed package size
Result: NOTE
     installed size is 16.0Mb
     sub-directories of 1Mb or more:
     libs 15.6Mb
Flavors: r-devel-linux-x86_64-fedora-clang, r-release-osx-x86_64, r-oldrel-osx-x86_64

Version: 0.2.0
Check: whether package can be installed
Result: WARN
    Found the following significant warnings:
     /data/gannet/ripley/R/test-4.0/BH/include/boost/geometry/index/detail/varray_detail.hpp:544:13: warning: ‘void* memcpy(void*, const void*, size_t)’ writing to an object of type ‘class boost::geometry::model::segment<boost::geometry::model::d2::point_xy<double> >’ with no trivial copy-assignment; use copy-assignment or copy-initialization instead [-Wclass-memaccess]
     /data/gannet/ripley/R/test-4.0/BH/include/boost/geometry/index/detail/varray_detail.hpp:544:13: warning: ‘void* memcpy(void*, const void*, size_t)’ writing to an object of type ‘struct std::pair<boost::geometry::model::box<boost::geometry::model::d2::point_xy<double> >, std::pair<unsigned int, unsigned int> >’ with no trivial copy-assignment; use copy-assignment or copy-initialization instead [-Wclass-memaccess]
     /data/gannet/ripley/R/test-4.0/BH/include/boost/geometry/index/detail/varray_detail.hpp:544:13: warning: ‘void* memcpy(void*, const void*, size_t)’ writing to an object of type ‘struct std::pair<boost::geometry::model::d2::point_xy<double>, std::pair<unsigned int, unsigned int> >’ with no trivial copy-assignment; use copy-assignment or copy-initialization instead [-Wclass-memaccess]
     /data/gannet/ripley/R/test-4.0/BH/include/boost/geometry/index/detail/varray_detail.hpp:237:13: warning: ‘void* memcpy(void*, const void*, size_t)’ writing to an object of type ‘class boost::geometry::model::segment<boost::geometry::model::d2::point_xy<double> >’ with no trivial copy-assignment; use copy-assignment or copy-initialization instead [-Wclass-memaccess]
     /data/gannet/ripley/R/test-4.0/BH/include/boost/geometry/index/detail/varray_detail.hpp:237:13: warning: ‘void* memcpy(void*, const void*, size_t)’ writing to an object of type ‘struct std::pair<boost::geometry::model::box<boost::geometry::model::d2::point_xy<double> >, std::pair<unsigned int, unsigned int> >’ with no trivial copy-assignment; use copy-assignment or copy-initialization instead [-Wclass-memaccess]
     /data/gannet/ripley/R/test-4.0/BH/include/boost/geometry/index/detail/varray_detail.hpp:237:13: warning: ‘void* memcpy(void*, const void*, size_t)’ writing to an object of type ‘struct std::pair<boost::geometry::model::d2::point_xy<double>, std::pair<unsigned int, unsigned int> >’ with no trivial copy-assignment; use copy-assignment or copy-initialization instead [-Wclass-memaccess]
Flavor: r-devel-linux-x86_64-fedora-gcc

Version: 0.2.0
Check: whether package can be installed
Result: WARN
    Found the following significant warnings:
     D:/RCompile/CRANpkg/lib/4.0gcc8/BH/include/boost/geometry/index/detail/varray_detail.hpp:544:13: warning: 'void* memcpy(void*, const void*, size_t)' writing to an object of type 'class boost::geometry::model::segment<boost::geometry::model::d2::point_xy<double> >' with no trivial copy-assignment; use copy-assignment or copy-initialization instead [-Wclass-memaccess]
     D:/RCompile/CRANpkg/lib/4.0gcc8/BH/include/boost/geometry/index/detail/varray_detail.hpp:544:13: warning: 'void* memcpy(void*, const void*, size_t)' writing to an object of type 'struct std::pair<boost::geometry::model::box<boost::geometry::model::d2::point_xy<double> >, std::pair<unsigned int, unsigned int> >' with no trivial copy-assignment; use copy-assignment or copy-initialization instead [-Wclass-memaccess]
     D:/RCompile/CRANpkg/lib/4.0gcc8/BH/include/boost/geometry/index/detail/varray_detail.hpp:544:13: warning: 'void* memcpy(void*, const void*, size_t)' writing to an object of type 'struct std::pair<boost::geometry::model::d2::point_xy<double>, std::pair<unsigned int, unsigned int> >' with no trivial copy-assignment; use copy-assignment or copy-initialization instead [-Wclass-memaccess]
     D:/RCompile/CRANpkg/lib/4.0gcc8/BH/include/boost/geometry/index/detail/varray_detail.hpp:237:13: warning: 'void* memcpy(void*, const void*, size_t)' writing to an object of type 'class boost::geometry::model::segment<boost::geometry::model::d2::point_xy<double> >' with no trivial copy-assignment; use copy-assignment or copy-initialization instead [-Wclass-memaccess]
     D:/RCompile/CRANpkg/lib/4.0gcc8/BH/include/boost/geometry/index/detail/varray_detail.hpp:237:13: warning: 'void* memcpy(void*, const void*, size_t)' writing to an object of type 'struct std::pair<boost::geometry::model::box<boost::geometry::model::d2::point_xy<double> >, std::pair<unsigned int, unsigned int> >' with no trivial copy-assignment; use copy-assignment or copy-initialization instead [-Wclass-memaccess]
     D:/RCompile/CRANpkg/lib/4.0gcc8/BH/include/boost/geometry/index/detail/varray_detail.hpp:237:13: warning: 'void* memcpy(void*, const void*, size_t)' writing to an object of type 'struct std::pair<boost::geometry::model::d2::point_xy<double>, std::pair<unsigned int, unsigned int> >' with no trivial copy-assignment; use copy-assignment or copy-initialization instead [-Wclass-memaccess]
Flavor: r-devel-windows-ix86+x86_64-gcc8

Version: 0.2.0
Check: whether package can be installed
Result: WARN
    Found the following significant warnings:
     /home/hornik/tmp/R.check/r-patched-gcc/Work/build/Packages/BH/include/boost/geometry/index/detail/varray_detail.hpp:544:13: warning: ‘void* memcpy(void*, const void*, size_t)’ writing to an object of type ‘class boost::geometry::model::segment<boost::geometry::model::d2::point_xy<double> >’ with no trivial copy-assignment; use copy-assignment or copy-initialization instead [-Wclass-memaccess]
     /home/hornik/tmp/R.check/r-patched-gcc/Work/build/Packages/BH/include/boost/geometry/index/detail/varray_detail.hpp:544:13: warning: ‘void* memcpy(void*, const void*, size_t)’ writing to an object of type ‘struct std::pair<boost::geometry::model::box<boost::geometry::model::d2::point_xy<double> >, std::pair<unsigned int, unsigned int> >’ with no trivial copy-assignment; use copy-assignment or copy-initialization instead [-Wclass-memaccess]
     /home/hornik/tmp/R.check/r-patched-gcc/Work/build/Packages/BH/include/boost/geometry/index/detail/varray_detail.hpp:544:13: warning: ‘void* memcpy(void*, const void*, size_t)’ writing to an object of type ‘struct std::pair<boost::geometry::model::d2::point_xy<double>, std::pair<unsigned int, unsigned int> >’ with no trivial copy-assignment; use copy-assignment or copy-initialization instead [-Wclass-memaccess]
     /home/hornik/tmp/R.check/r-patched-gcc/Work/build/Packages/BH/include/boost/geometry/index/detail/varray_detail.hpp:237:13: warning: ‘void* memcpy(void*, const void*, size_t)’ writing to an object of type ‘class boost::geometry::model::segment<boost::geometry::model::d2::point_xy<double> >’ with no trivial copy-assignment; use copy-assignment or copy-initialization instead [-Wclass-memaccess]
     /home/hornik/tmp/R.check/r-patched-gcc/Work/build/Packages/BH/include/boost/geometry/index/detail/varray_detail.hpp:237:13: warning: ‘void* memcpy(void*, const void*, size_t)’ writing to an object of type ‘struct std::pair<boost::geometry::model::box<boost::geometry::model::d2::point_xy<double> >, std::pair<unsigned int, unsigned int> >’ with no trivial copy-assignment; use copy-assignment or copy-initialization instead [-Wclass-memaccess]
     /home/hornik/tmp/R.check/r-patched-gcc/Work/build/Packages/BH/include/boost/geometry/index/detail/varray_detail.hpp:237:13: warning: ‘void* memcpy(void*, const void*, size_t)’ writing to an object of type ‘struct std::pair<boost::geometry::model::d2::point_xy<double>, std::pair<unsigned int, unsigned int> >’ with no trivial copy-assignment; use copy-assignment or copy-initialization instead [-Wclass-memaccess]
Flavor: r-patched-linux-x86_64

Version: 0.2.0
Check: whether package can be installed
Result: WARN
    Found the following significant warnings:
     /home/hornik/tmp/R.check/r-release-gcc/Work/build/Packages/BH/include/boost/geometry/index/detail/varray_detail.hpp:544:13: warning: ‘void* memcpy(void*, const void*, size_t)’ writing to an object of type ‘class boost::geometry::model::segment<boost::geometry::model::d2::point_xy<double> >’ with no trivial copy-assignment; use copy-assignment or copy-initialization instead [-Wclass-memaccess]
     /home/hornik/tmp/R.check/r-release-gcc/Work/build/Packages/BH/include/boost/geometry/index/detail/varray_detail.hpp:544:13: warning: ‘void* memcpy(void*, const void*, size_t)’ writing to an object of type ‘struct std::pair<boost::geometry::model::box<boost::geometry::model::d2::point_xy<double> >, std::pair<unsigned int, unsigned int> >’ with no trivial copy-assignment; use copy-assignment or copy-initialization instead [-Wclass-memaccess]
     /home/hornik/tmp/R.check/r-release-gcc/Work/build/Packages/BH/include/boost/geometry/index/detail/varray_detail.hpp:544:13: warning: ‘void* memcpy(void*, const void*, size_t)’ writing to an object of type ‘struct std::pair<boost::geometry::model::d2::point_xy<double>, std::pair<unsigned int, unsigned int> >’ with no trivial copy-assignment; use copy-assignment or copy-initialization instead [-Wclass-memaccess]
     /home/hornik/tmp/R.check/r-release-gcc/Work/build/Packages/BH/include/boost/geometry/index/detail/varray_detail.hpp:237:13: warning: ‘void* memcpy(void*, const void*, size_t)’ writing to an object of type ‘class boost::geometry::model::segment<boost::geometry::model::d2::point_xy<double> >’ with no trivial copy-assignment; use copy-assignment or copy-initialization instead [-Wclass-memaccess]
     /home/hornik/tmp/R.check/r-release-gcc/Work/build/Packages/BH/include/boost/geometry/index/detail/varray_detail.hpp:237:13: warning: ‘void* memcpy(void*, const void*, size_t)’ writing to an object of type ‘struct std::pair<boost::geometry::model::box<boost::geometry::model::d2::point_xy<double> >, std::pair<unsigned int, unsigned int> >’ with no trivial copy-assignment; use copy-assignment or copy-initialization instead [-Wclass-memaccess]
     /home/hornik/tmp/R.check/r-release-gcc/Work/build/Packages/BH/include/boost/geometry/index/detail/varray_detail.hpp:237:13: warning: ‘void* memcpy(void*, const void*, size_t)’ writing to an object of type ‘struct std::pair<boost::geometry::model::d2::point_xy<double>, std::pair<unsigned int, unsigned int> >’ with no trivial copy-assignment; use copy-assignment or copy-initialization instead [-Wclass-memaccess]
Flavor: r-release-linux-x86_64