CRAN Package Check Results for Package velox

Last updated on 2019-10-15 00:50:10 CEST.

Flavor Version Tinstall Tcheck Ttotal Status Flags
r-devel-linux-x86_64-debian-clang 0.2.0 126.32 100.52 226.84 OK
r-devel-linux-x86_64-debian-gcc 0.2.0 106.10 80.27 186.37 WARN
r-devel-linux-x86_64-fedora-clang 0.2.0 315.00 NOTE
r-devel-linux-x86_64-fedora-gcc 0.2.0 314.03 WARN
r-devel-windows-ix86+x86_64 0.2.0 251.00 225.00 476.00 OK
r-patched-linux-x86_64 0.2.0 107.11 101.05 208.16 WARN
r-patched-solaris-x86 0.2.0 313.80 OK
r-release-linux-x86_64 0.2.0 105.28 104.93 210.21 WARN
r-release-windows-ix86+x86_64 0.2.0 307.00 216.00 523.00 OK
r-release-osx-x86_64 0.2.0 NOTE
r-oldrel-windows-ix86+x86_64 0.2.0 222.00 151.00 373.00 OK
r-oldrel-osx-x86_64 0.2.0 NOTE

Check Details

Version: 0.2.0
Check: whether package can be installed
Result: WARN
    Found the following significant warnings:
     /home/hornik/tmp/R.check/r-devel-gcc/Work/build/Packages/BH/include/boost/geometry/index/detail/varray_detail.hpp:544:13: warning: ‘void* memcpy(void*, const void*, size_t)’ writing to an object of type ‘class boost::geometry::model::segment<boost::geometry::model::d2::point_xy<double> >’ with no trivial copy-assignment; use copy-assignment or copy-initialization instead [-Wclass-memaccess]
     /home/hornik/tmp/R.check/r-devel-gcc/Work/build/Packages/BH/include/boost/geometry/index/detail/varray_detail.hpp:544:13: warning: ‘void* memcpy(void*, const void*, size_t)’ writing to an object of type ‘struct std::pair<boost::geometry::model::box<boost::geometry::model::d2::point_xy<double> >, std::pair<unsigned int, unsigned int> >’ with no trivial copy-assignment; use copy-assignment or copy-initialization instead [-Wclass-memaccess]
     /home/hornik/tmp/R.check/r-devel-gcc/Work/build/Packages/BH/include/boost/geometry/index/detail/varray_detail.hpp:544:13: warning: ‘void* memcpy(void*, const void*, size_t)’ writing to an object of type ‘struct std::pair<boost::geometry::model::d2::point_xy<double>, std::pair<unsigned int, unsigned int> >’ with no trivial copy-assignment; use copy-assignment or copy-initialization instead [-Wclass-memaccess]
     /home/hornik/tmp/R.check/r-devel-gcc/Work/build/Packages/BH/include/boost/geometry/index/detail/varray_detail.hpp:237:13: warning: ‘void* memcpy(void*, const void*, size_t)’ writing to an object of type ‘class boost::geometry::model::segment<boost::geometry::model::d2::point_xy<double> >’ with no trivial copy-assignment; use copy-assignment or copy-initialization instead [-Wclass-memaccess]
     /home/hornik/tmp/R.check/r-devel-gcc/Work/build/Packages/BH/include/boost/geometry/index/detail/varray_detail.hpp:237:13: warning: ‘void* memcpy(void*, const void*, size_t)’ writing to an object of type ‘struct std::pair<boost::geometry::model::box<boost::geometry::model::d2::point_xy<double> >, std::pair<unsigned int, unsigned int> >’ with no trivial copy-assignment; use copy-assignment or copy-initialization instead [-Wclass-memaccess]
     /home/hornik/tmp/R.check/r-devel-gcc/Work/build/Packages/BH/include/boost/geometry/index/detail/varray_detail.hpp:237:13: warning: ‘void* memcpy(void*, const void*, size_t)’ writing to an object of type ‘struct std::pair<boost::geometry::model::d2::point_xy<double>, std::pair<unsigned int, unsigned int> >’ with no trivial copy-assignment; use copy-assignment or copy-initialization instead [-Wclass-memaccess]
Flavor: r-devel-linux-x86_64-debian-gcc

Version: 0.2.0
Check: installed package size
Result: NOTE
     installed size is 15.9Mb
     sub-directories of 1Mb or more:
     libs 15.6Mb
Flavors: r-devel-linux-x86_64-fedora-clang, r-release-osx-x86_64, r-oldrel-osx-x86_64

Version: 0.2.0
Check: whether package can be installed
Result: WARN
    Found the following significant warnings:
     /data/gannet/ripley/R/test-3.7/BH/include/boost/geometry/index/detail/varray_detail.hpp:544:13: warning: ‘void* memcpy(void*, const void*, size_t)’ writing to an object of type ‘class boost::geometry::model::segment<boost::geometry::model::d2::point_xy<double> >’ with no trivial copy-assignment; use copy-assignment or copy-initialization instead [-Wclass-memaccess]
     /data/gannet/ripley/R/test-3.7/BH/include/boost/geometry/index/detail/varray_detail.hpp:544:13: warning: ‘void* memcpy(void*, const void*, size_t)’ writing to an object of type ‘struct std::pair<boost::geometry::model::box<boost::geometry::model::d2::point_xy<double> >, std::pair<unsigned int, unsigned int> >’ with no trivial copy-assignment; use copy-assignment or copy-initialization instead [-Wclass-memaccess]
     /data/gannet/ripley/R/test-3.7/BH/include/boost/geometry/index/detail/varray_detail.hpp:544:13: warning: ‘void* memcpy(void*, const void*, size_t)’ writing to an object of type ‘struct std::pair<boost::geometry::model::d2::point_xy<double>, std::pair<unsigned int, unsigned int> >’ with no trivial copy-assignment; use copy-assignment or copy-initialization instead [-Wclass-memaccess]
     /data/gannet/ripley/R/test-3.7/BH/include/boost/geometry/index/detail/varray_detail.hpp:237:13: warning: ‘void* memcpy(void*, const void*, size_t)’ writing to an object of type ‘class boost::geometry::model::segment<boost::geometry::model::d2::point_xy<double> >’ with no trivial copy-assignment; use copy-assignment or copy-initialization instead [-Wclass-memaccess]
     /data/gannet/ripley/R/test-3.7/BH/include/boost/geometry/index/detail/varray_detail.hpp:237:13: warning: ‘void* memcpy(void*, const void*, size_t)’ writing to an object of type ‘struct std::pair<boost::geometry::model::box<boost::geometry::model::d2::point_xy<double> >, std::pair<unsigned int, unsigned int> >’ with no trivial copy-assignment; use copy-assignment or copy-initialization instead [-Wclass-memaccess]
     /data/gannet/ripley/R/test-3.7/BH/include/boost/geometry/index/detail/varray_detail.hpp:237:13: warning: ‘void* memcpy(void*, const void*, size_t)’ writing to an object of type ‘struct std::pair<boost::geometry::model::d2::point_xy<double>, std::pair<unsigned int, unsigned int> >’ with no trivial copy-assignment; use copy-assignment or copy-initialization instead [-Wclass-memaccess]
Flavor: r-devel-linux-x86_64-fedora-gcc

Version: 0.2.0
Check: whether package can be installed
Result: WARN
    Found the following significant warnings:
     /home/hornik/tmp/R.check/r-patched-gcc/Work/build/Packages/BH/include/boost/geometry/index/detail/varray_detail.hpp:544:13: warning: ‘void* memcpy(void*, const void*, size_t)’ writing to an object of type ‘class boost::geometry::model::segment<boost::geometry::model::d2::point_xy<double> >’ with no trivial copy-assignment; use copy-assignment or copy-initialization instead [-Wclass-memaccess]
     /home/hornik/tmp/R.check/r-patched-gcc/Work/build/Packages/BH/include/boost/geometry/index/detail/varray_detail.hpp:544:13: warning: ‘void* memcpy(void*, const void*, size_t)’ writing to an object of type ‘struct std::pair<boost::geometry::model::box<boost::geometry::model::d2::point_xy<double> >, std::pair<unsigned int, unsigned int> >’ with no trivial copy-assignment; use copy-assignment or copy-initialization instead [-Wclass-memaccess]
     /home/hornik/tmp/R.check/r-patched-gcc/Work/build/Packages/BH/include/boost/geometry/index/detail/varray_detail.hpp:544:13: warning: ‘void* memcpy(void*, const void*, size_t)’ writing to an object of type ‘struct std::pair<boost::geometry::model::d2::point_xy<double>, std::pair<unsigned int, unsigned int> >’ with no trivial copy-assignment; use copy-assignment or copy-initialization instead [-Wclass-memaccess]
     /home/hornik/tmp/R.check/r-patched-gcc/Work/build/Packages/BH/include/boost/geometry/index/detail/varray_detail.hpp:237:13: warning: ‘void* memcpy(void*, const void*, size_t)’ writing to an object of type ‘class boost::geometry::model::segment<boost::geometry::model::d2::point_xy<double> >’ with no trivial copy-assignment; use copy-assignment or copy-initialization instead [-Wclass-memaccess]
     /home/hornik/tmp/R.check/r-patched-gcc/Work/build/Packages/BH/include/boost/geometry/index/detail/varray_detail.hpp:237:13: warning: ‘void* memcpy(void*, const void*, size_t)’ writing to an object of type ‘struct std::pair<boost::geometry::model::box<boost::geometry::model::d2::point_xy<double> >, std::pair<unsigned int, unsigned int> >’ with no trivial copy-assignment; use copy-assignment or copy-initialization instead [-Wclass-memaccess]
     /home/hornik/tmp/R.check/r-patched-gcc/Work/build/Packages/BH/include/boost/geometry/index/detail/varray_detail.hpp:237:13: warning: ‘void* memcpy(void*, const void*, size_t)’ writing to an object of type ‘struct std::pair<boost::geometry::model::d2::point_xy<double>, std::pair<unsigned int, unsigned int> >’ with no trivial copy-assignment; use copy-assignment or copy-initialization instead [-Wclass-memaccess]
Flavor: r-patched-linux-x86_64

Version: 0.2.0
Check: whether package can be installed
Result: WARN
    Found the following significant warnings:
     /home/hornik/tmp/R.check/r-release-gcc/Work/build/Packages/BH/include/boost/geometry/index/detail/varray_detail.hpp:544:13: warning: ‘void* memcpy(void*, const void*, size_t)’ writing to an object of type ‘class boost::geometry::model::segment<boost::geometry::model::d2::point_xy<double> >’ with no trivial copy-assignment; use copy-assignment or copy-initialization instead [-Wclass-memaccess]
     /home/hornik/tmp/R.check/r-release-gcc/Work/build/Packages/BH/include/boost/geometry/index/detail/varray_detail.hpp:544:13: warning: ‘void* memcpy(void*, const void*, size_t)’ writing to an object of type ‘struct std::pair<boost::geometry::model::box<boost::geometry::model::d2::point_xy<double> >, std::pair<unsigned int, unsigned int> >’ with no trivial copy-assignment; use copy-assignment or copy-initialization instead [-Wclass-memaccess]
     /home/hornik/tmp/R.check/r-release-gcc/Work/build/Packages/BH/include/boost/geometry/index/detail/varray_detail.hpp:544:13: warning: ‘void* memcpy(void*, const void*, size_t)’ writing to an object of type ‘struct std::pair<boost::geometry::model::d2::point_xy<double>, std::pair<unsigned int, unsigned int> >’ with no trivial copy-assignment; use copy-assignment or copy-initialization instead [-Wclass-memaccess]
     /home/hornik/tmp/R.check/r-release-gcc/Work/build/Packages/BH/include/boost/geometry/index/detail/varray_detail.hpp:237:13: warning: ‘void* memcpy(void*, const void*, size_t)’ writing to an object of type ‘class boost::geometry::model::segment<boost::geometry::model::d2::point_xy<double> >’ with no trivial copy-assignment; use copy-assignment or copy-initialization instead [-Wclass-memaccess]
     /home/hornik/tmp/R.check/r-release-gcc/Work/build/Packages/BH/include/boost/geometry/index/detail/varray_detail.hpp:237:13: warning: ‘void* memcpy(void*, const void*, size_t)’ writing to an object of type ‘struct std::pair<boost::geometry::model::box<boost::geometry::model::d2::point_xy<double> >, std::pair<unsigned int, unsigned int> >’ with no trivial copy-assignment; use copy-assignment or copy-initialization instead [-Wclass-memaccess]
     /home/hornik/tmp/R.check/r-release-gcc/Work/build/Packages/BH/include/boost/geometry/index/detail/varray_detail.hpp:237:13: warning: ‘void* memcpy(void*, const void*, size_t)’ writing to an object of type ‘struct std::pair<boost::geometry::model::d2::point_xy<double>, std::pair<unsigned int, unsigned int> >’ with no trivial copy-assignment; use copy-assignment or copy-initialization instead [-Wclass-memaccess]
Flavor: r-release-linux-x86_64