CRAN Package Check Results for Package viewshed3d

Last updated on 2019-12-06 00:50:16 CET.

Flavor Version Tinstall Tcheck Ttotal Status Flags
r-devel-linux-x86_64-debian-clang 2.0.0 8.17 51.27 59.44 OK
r-devel-linux-x86_64-debian-gcc 2.0.0 7.03 39.65 46.68 OK
r-devel-linux-x86_64-fedora-clang 2.0.0 70.55 NOTE
r-devel-linux-x86_64-fedora-gcc 2.0.0 66.58 NOTE
r-devel-windows-ix86+x86_64 2.0.0 17.00 96.00 113.00 OK
r-devel-windows-ix86+x86_64-gcc8 2.0.0 17.00 66.00 83.00 OK
r-patched-linux-x86_64 2.0.0 7.21 46.65 53.86 OK
r-patched-solaris-x86 2.0.0 103.60 NOTE
r-release-linux-x86_64 2.0.0 6.98 47.22 54.20 OK
r-release-windows-ix86+x86_64 2.0.0 12.00 55.00 67.00 OK
r-release-osx-x86_64 2.0.0 NOTE
r-oldrel-windows-ix86+x86_64 2.0.0 14.00 60.00 74.00 OK
r-oldrel-osx-x86_64 2.0.0 NOTE

Check Details

Version: 2.0.0
Check: dependencies in R code
Result: NOTE
    Namespace in Imports field not imported from: ‘viridis’
     All declared Imports should be used.
Flavors: r-devel-linux-x86_64-fedora-clang, r-devel-linux-x86_64-fedora-gcc, r-patched-solaris-x86, r-release-osx-x86_64, r-oldrel-osx-x86_64