CRAN Package Check Results for Package visNetwork

Last updated on 2019-08-26 00:47:39 CEST.

Flavor Version Tinstall Tcheck Ttotal Status Flags
r-devel-linux-x86_64-debian-clang 2.0.7 8.43 62.70 71.13 OK
r-devel-linux-x86_64-debian-gcc 2.0.7 7.09 49.58 56.67 OK
r-devel-linux-x86_64-fedora-clang 2.0.7 88.09 NOTE
r-devel-linux-x86_64-fedora-gcc 2.0.7 86.55 OK
r-devel-windows-ix86+x86_64 2.0.7 30.00 125.00 155.00 NOTE
r-patched-linux-x86_64 2.0.7 8.51 61.84 70.35 OK
r-patched-solaris-x86 2.0.7 102.70 WARN
r-release-linux-x86_64 2.0.7 8.39 61.73 70.12 OK
r-release-windows-ix86+x86_64 2.0.7 30.00 140.00 170.00 NOTE
r-release-osx-x86_64 2.0.7 WARN
r-oldrel-windows-ix86+x86_64 2.0.7 21.00 118.00 139.00 NOTE
r-oldrel-osx-x86_64 2.0.7 WARN

Check Details

Version: 2.0.7
Check: installed package size
Result: NOTE
     installed size is 11.2Mb
     sub-directories of 1Mb or more:
     doc 4.2Mb
     docjs 1.4Mb
     htmlwidgets 4.0Mb
Flavors: r-devel-linux-x86_64-fedora-clang, r-devel-windows-ix86+x86_64, r-patched-solaris-x86, r-release-windows-ix86+x86_64, r-release-osx-x86_64, r-oldrel-windows-ix86+x86_64, r-oldrel-osx-x86_64

Version: 2.0.7
Check: re-building of vignette outputs
Result: WARN
    Error(s) in re-building vignettes:
     ...
    --- re-building ‘Introduction-to-visNetwork.Rmd’ using rmarkdown
    Warning in engine$weave(file, quiet = quiet, encoding = enc) :
     Pandoc (>= 1.12.3) and/or pandoc-citeproc not available. Falling back to R Markdown v1.
    Quitting from lines 22-27 (Introduction-to-visNetwork.Rmd)
    Error: processing vignette 'Introduction-to-visNetwork.Rmd' failed with diagnostics:
    cannot open the connection
    --- failed re-building ‘Introduction-to-visNetwork.Rmd’
    
    SUMMARY: processing the following file failed:
     ‘Introduction-to-visNetwork.Rmd’
    
    Error: Vignette re-building failed.
    Execution halted
Flavors: r-patched-solaris-x86, r-release-osx-x86_64

Version: 2.0.7
Check: re-building of vignette outputs
Result: WARN
    Error in re-building vignettes:
     ...
    Warning in engine$weave(file, quiet = quiet, encoding = enc) :
     Pandoc (>= 1.12.3) and/or pandoc-citeproc not available. Falling back to R Markdown v1.
    Quitting from lines 22-27 (Introduction-to-visNetwork.Rmd)
    Error: processing vignette 'Introduction-to-visNetwork.Rmd' failed with diagnostics:
    cannot open the connection
    Execution halted
Flavor: r-oldrel-osx-x86_64