CRAN Package Check Results for Package visNetwork

Last updated on 2020-01-22 00:49:19 CET.

Flavor Version Tinstall Tcheck Ttotal Status Flags
r-devel-linux-x86_64-debian-clang 2.0.9 10.66 68.06 78.72 OK
r-devel-linux-x86_64-debian-gcc 2.0.9 7.32 52.66 59.98 OK
r-devel-linux-x86_64-fedora-clang 2.0.9 94.74 NOTE
r-devel-linux-x86_64-fedora-gcc 2.0.9 92.07 OK
r-devel-windows-ix86+x86_64 2.0.9 34.00 135.00 169.00 NOTE
r-devel-windows-ix86+x86_64-gcc8 2.0.9 30.00 95.00 125.00 NOTE
r-patched-linux-x86_64 2.0.9 8.98 60.92 69.90 OK
r-patched-solaris-x86 2.0.9 108.50 WARN
r-release-linux-x86_64 2.0.9 9.22 64.14 73.36 OK
r-release-windows-ix86+x86_64 2.0.9 26.00 117.00 143.00 NOTE
r-release-osx-x86_64 2.0.9 WARN
r-oldrel-windows-ix86+x86_64 2.0.9 16.00 76.00 92.00 NOTE
r-oldrel-osx-x86_64 2.0.9 WARN

Check Details

Version: 2.0.9
Check: installed package size
Result: NOTE
     installed size is 11.2Mb
     sub-directories of 1Mb or more:
     doc 4.3Mb
     docjs 1.4Mb
     htmlwidgets 4.0Mb
Flavors: r-devel-linux-x86_64-fedora-clang, r-devel-windows-ix86+x86_64, r-devel-windows-ix86+x86_64-gcc8, r-patched-solaris-x86, r-release-windows-ix86+x86_64, r-release-osx-x86_64, r-oldrel-windows-ix86+x86_64, r-oldrel-osx-x86_64

Version: 2.0.9
Check: re-building of vignette outputs
Result: WARN
    Error(s) in re-building vignettes:
     ...
    --- re-building ‘Introduction-to-visNetwork.Rmd’ using rmarkdown
    Warning in engine$weave(file, quiet = quiet, encoding = enc) :
     Pandoc (>= 1.12.3) and/or pandoc-citeproc not available. Falling back to R Markdown v1.
    Quitting from lines 22-27 (Introduction-to-visNetwork.Rmd)
    Error: processing vignette 'Introduction-to-visNetwork.Rmd' failed with diagnostics:
    cannot open the connection
    --- failed re-building ‘Introduction-to-visNetwork.Rmd’
    
    SUMMARY: processing the following file failed:
     ‘Introduction-to-visNetwork.Rmd’
    
    Error: Vignette re-building failed.
    Execution halted
Flavors: r-patched-solaris-x86, r-release-osx-x86_64

Version: 2.0.9
Check: re-building of vignette outputs
Result: WARN
    Error in re-building vignettes:
     ...
    Warning in engine$weave(file, quiet = quiet, encoding = enc) :
     Pandoc (>= 1.12.3) and/or pandoc-citeproc not available. Falling back to R Markdown v1.
    Quitting from lines 22-27 (Introduction-to-visNetwork.Rmd)
    Error: processing vignette 'Introduction-to-visNetwork.Rmd' failed with diagnostics:
    cannot open the connection
    Execution halted
Flavor: r-oldrel-osx-x86_64