CRAN Package Check Results for Package waveband

Last updated on 2019-09-21 00:52:56 CEST.

Flavor Version Tinstall Tcheck Ttotal Status Flags
r-devel-linux-x86_64-debian-clang 4.7 3.28 22.26 25.54 NOTE
r-devel-linux-x86_64-debian-gcc 4.7 3.08 17.94 21.02 NOTE
r-devel-linux-x86_64-fedora-clang 4.7 32.28 NOTE
r-devel-linux-x86_64-fedora-gcc 4.7 31.83 NOTE
r-devel-windows-ix86+x86_64 4.7 16.00 48.00 64.00 NOTE
r-patched-linux-x86_64 4.7 2.89 22.20 25.09 NOTE
r-patched-solaris-x86 4.7 48.00 NOTE
r-release-linux-x86_64 4.7 3.18 22.26 25.44 NOTE
r-release-windows-ix86+x86_64 4.7 14.00 68.00 82.00 NOTE
r-release-osx-x86_64 4.7 NOTE
r-oldrel-windows-ix86+x86_64 4.7 11.00 157.00 168.00 NOTE
r-oldrel-osx-x86_64 4.7 NOTE

Check Details

Version: 4.7
Check: foreign function calls
Result: NOTE
    Foreign function call to a different package:
     .C("comwr", ..., PACKAGE = "wavethresh")
    See chapter 'System and foreign language interfaces' in the 'Writing R
    Extensions' manual.
Flavors: r-devel-linux-x86_64-debian-clang, r-devel-linux-x86_64-debian-gcc, r-devel-linux-x86_64-fedora-clang, r-devel-linux-x86_64-fedora-gcc, r-devel-windows-ix86+x86_64, r-patched-linux-x86_64, r-patched-solaris-x86, r-release-linux-x86_64, r-release-windows-ix86+x86_64, r-release-osx-x86_64, r-oldrel-windows-ix86+x86_64, r-oldrel-osx-x86_64