CRAN Package Check Results for Package wavemulcor

Last updated on 2020-02-24 00:48:58 CET.

Flavor Version Tinstall Tcheck Ttotal Status Flags
r-devel-linux-x86_64-debian-clang 2.2.1 2.06 25.44 27.50 OK
r-devel-linux-x86_64-debian-gcc 2.2.1 OK
r-devel-linux-x86_64-fedora-clang 2.2.1 36.36 WARN
r-devel-linux-x86_64-fedora-gcc 2.2.1 31.97 OK
r-devel-windows-ix86+x86_64 2.2.1 5.00 41.00 46.00 OK
r-devel-windows-ix86+x86_64-gcc8 2.2.1 8.00 39.00 47.00 OK
r-patched-linux-x86_64 2.2.1 OK
r-patched-solaris-x86 2.2.1 49.70 OK
r-release-linux-x86_64 2.2.1 1.86 22.78 24.64 OK
r-release-windows-ix86+x86_64 2.2.1 4.00 36.00 40.00 OK
r-release-osx-x86_64 2.2.1 OK
r-oldrel-windows-ix86+x86_64 2.2.1 4.00 39.00 43.00 OK
r-oldrel-osx-x86_64 2.2.1 OK

Check Details

Version: 2.2.1
Check: package dependencies
Result: WARN
    Requires orphaned package: ‘waveslim’
Flavor: r-devel-linux-x86_64-fedora-clang