CRAN Package Check Results for Package waveslim

Last updated on 2019-06-20 00:51:09 CEST.

Flavor Version Tinstall Tcheck Ttotal Status Flags
r-devel-linux-x86_64-debian-clang 1.7.5.1 10.94 59.27 70.21 OK
r-devel-linux-x86_64-debian-gcc 1.7.5.1 8.00 46.90 54.90 OK
r-devel-linux-x86_64-fedora-clang 1.7.5.1 84.19 NOTE
r-devel-linux-x86_64-fedora-gcc 1.7.5.1 81.35 NOTE
r-devel-windows-ix86+x86_64 1.7.5.1 30.00 103.00 133.00 OK
r-patched-linux-x86_64 1.7.5.1 9.60 59.91 69.51 OK
r-patched-solaris-x86 1.7.5.1 115.50 OK
r-release-linux-x86_64 1.7.5.1 8.07 61.83 69.90 OK
r-release-windows-ix86+x86_64 1.7.5.1 25.00 131.00 156.00 OK
r-release-osx-x86_64 1.7.5.1 OK
r-oldrel-windows-ix86+x86_64 1.7.5.1 18.00 87.00 105.00 OK
r-oldrel-osx-x86_64 1.7.5.1 OK

Check Details

Version: 1.7.5.1
Check: compiled code
Result: NOTE
    File ‘waveslim/libs/waveslim.so’:
     Found no calls to: ‘R_registerRoutines’, ‘R_useDynamicSymbols’
    
    It is good practice to register native routines and to disable symbol
    search.
    
    See ‘Writing portable packages’ in the ‘Writing R Extensions’ manual.
Flavors: r-devel-linux-x86_64-fedora-clang, r-devel-linux-x86_64-fedora-gcc