CRAN Package Check Results for Package waveslim

Last updated on 2019-09-17 00:49:29 CEST.

Flavor Version Tinstall Tcheck Ttotal Status Flags
r-devel-linux-x86_64-debian-clang 1.7.5.1 10.79 56.63 67.42 OK
r-devel-linux-x86_64-debian-gcc 1.7.5.1 OK
r-devel-linux-x86_64-fedora-clang 1.7.5.1 83.41 NOTE
r-devel-linux-x86_64-fedora-gcc 1.7.5.1 83.73 NOTE
r-devel-windows-ix86+x86_64 1.7.5.1 33.00 96.00 129.00 OK
r-patched-linux-x86_64 1.7.5.1 8.37 58.46 66.83 OK
r-patched-solaris-x86 1.7.5.1 111.60 OK
r-release-linux-x86_64 1.7.5.1 8.99 59.24 68.23 OK
r-release-windows-ix86+x86_64 1.7.5.1 25.00 131.00 156.00 OK
r-release-osx-x86_64 1.7.5.1 OK
r-oldrel-windows-ix86+x86_64 1.7.5.1 18.00 87.00 105.00 OK
r-oldrel-osx-x86_64 1.7.5.1 OK

Check Details

Version: 1.7.5.1
Check: compiled code
Result: NOTE
    File ‘waveslim/libs/waveslim.so’:
     Found no calls to: ‘R_registerRoutines’, ‘R_useDynamicSymbols’
    
    It is good practice to register native routines and to disable symbol
    search.
    
    See ‘Writing portable packages’ in the ‘Writing R Extensions’ manual.
Flavors: r-devel-linux-x86_64-fedora-clang, r-devel-linux-x86_64-fedora-gcc