CRAN Package Check Results for Package wavethresh

Last updated on 2019-08-20 00:51:00 CEST.

Flavor Version Tinstall Tcheck Ttotal Status Flags
r-devel-linux-x86_64-debian-clang 4.6.8 26.46 91.72 118.18 OK
r-devel-linux-x86_64-debian-gcc 4.6.8 17.87 71.93 89.80 OK
r-devel-linux-x86_64-fedora-clang 4.6.8 140.39 NOTE
r-devel-linux-x86_64-fedora-gcc 4.6.8 153.97 NOTE
r-devel-windows-ix86+x86_64 4.6.8 67.00 236.00 303.00 OK
r-patched-linux-x86_64 4.6.8 20.94 91.67 112.61 OK
r-patched-solaris-x86 4.6.8 178.20 OK
r-release-linux-x86_64 4.6.8 20.92 92.50 113.42 OK
r-release-windows-ix86+x86_64 4.6.8 42.00 122.00 164.00 OK
r-release-osx-x86_64 4.6.8 OK
r-oldrel-windows-ix86+x86_64 4.6.8 82.00 153.00 235.00 OK
r-oldrel-osx-x86_64 4.6.8 OK

Check Details

Version: 4.6.8
Check: compiled code
Result: NOTE
    File ‘wavethresh/libs/wavethresh.so’:
     Found no calls to: ‘R_registerRoutines’, ‘R_useDynamicSymbols’
    
    It is good practice to register native routines and to disable symbol
    search.
    
    See ‘Writing portable packages’ in the ‘Writing R Extensions’ manual.
Flavors: r-devel-linux-x86_64-fedora-clang, r-devel-linux-x86_64-fedora-gcc