CRAN Package Check Results for Package wavethresh

Last updated on 2019-12-06 00:50:17 CET.

Flavor Version Tinstall Tcheck Ttotal Status Flags
r-devel-linux-x86_64-debian-clang 4.6.8 26.64 100.96 127.60 OK
r-devel-linux-x86_64-debian-gcc 4.6.8 20.24 75.89 96.13 OK
r-devel-linux-x86_64-fedora-clang 4.6.8 154.94 NOTE
r-devel-linux-x86_64-fedora-gcc 4.6.8 141.91 NOTE
r-devel-windows-ix86+x86_64 4.6.8 46.00 181.00 227.00 OK
r-devel-windows-ix86+x86_64-gcc8 4.6.8 45.00 133.00 178.00 OK
r-patched-linux-x86_64 4.6.8 20.18 91.56 111.74 OK
r-patched-solaris-x86 4.6.8 173.40 OK
r-release-linux-x86_64 4.6.8 20.60 92.88 113.48 OK
r-release-windows-ix86+x86_64 4.6.8 73.00 127.00 200.00 OK
r-release-osx-x86_64 4.6.8 OK
r-oldrel-windows-ix86+x86_64 4.6.8 43.00 152.00 195.00 OK
r-oldrel-osx-x86_64 4.6.8 OK

Check Details

Version: 4.6.8
Check: compiled code
Result: NOTE
    File ‘wavethresh/libs/wavethresh.so’:
     Found no calls to: ‘R_registerRoutines’, ‘R_useDynamicSymbols’
    
    It is good practice to register native routines and to disable symbol
    search.
    
    See ‘Writing portable packages’ in the ‘Writing R Extensions’ manual.
Flavors: r-devel-linux-x86_64-fedora-clang, r-devel-linux-x86_64-fedora-gcc