CRAN Package Check Results for Package wbsts

Last updated on 2018-01-22 00:47:29 CET.

Flavor Version Tinstall Tcheck Ttotal Status Flags
r-devel-linux-x86_64-debian-clang 0.3 2.42 40.18 42.60 NOTE
r-devel-linux-x86_64-debian-gcc 0.3 2.02 32.11 34.13 NOTE
r-devel-linux-x86_64-fedora-clang 0.3 54.54 NOTE
r-devel-linux-x86_64-fedora-gcc 0.3 54.41 NOTE
r-devel-windows-ix86+x86_64 0.3 7.00 85.00 92.00 OK
r-patched-linux-x86_64 0.3 2.56 43.10 45.66 NOTE
r-patched-solaris-x86 0.3 60.50 ERROR
r-release-linux-x86_64 0.3 1.98 44.07 46.05 NOTE
r-release-windows-ix86+x86_64 0.3 13.00 103.00 116.00 OK
r-release-osx-x86_64 0.3 ERROR
r-oldrel-windows-ix86+x86_64 0.3 10.00 102.00 112.00 OK
r-oldrel-osx-x86_64 0.3 ERROR

Additional issues

clang-ASAN gcc-ASAN valgrind

Check Details

Version: 0.3
Check: compiled code
Result: NOTE
    File ‘wbsts/libs/wbsts.so’:
     Found no calls to: ‘R_registerRoutines’, ‘R_useDynamicSymbols’
    
    It is good practice to register native routines and to disable symbol
    search.
    
    See ‘Writing portable packages’ in the ‘Writing R Extensions’ manual.
Flavors: r-devel-linux-x86_64-debian-clang, r-devel-linux-x86_64-debian-gcc, r-devel-linux-x86_64-fedora-clang, r-devel-linux-x86_64-fedora-gcc, r-patched-linux-x86_64, r-release-linux-x86_64

Version: 0.3
Check: examples
Result: ERROR
    Running examples in ‘wbsts-Ex.R’ failed
    The error most likely occurred in:
    
    > ### Name: tau.fun
    > ### Title: Universal thresholds
    > ### Aliases: tau.fun
    > ### Keywords: threshold
    >
    > ### ** Examples
    >
    >
    > cps=c(400,470)
    > set.seed(101)
    > y=sim.pw.ar(N =2000,sd_u = 1,b.slope=c(0.4,-0.6,0.5),br.loc=cps)[[2]]
    > #tau.fun(y) is the default value for C_i
    > #Binary segmentation
    > wbs.lsw(y,M=1)$cp.aft
    NULL
    > #Wild binary segmentation
    > wbs.lsw(y,M=3500)$cp.aft
    Error in while (b < 0 | b > e) { : missing value where TRUE/FALSE needed
    Calls: wbs.lsw -> uh.wbs
    Execution halted
Flavors: r-patched-solaris-x86, r-release-osx-x86_64

Version: 0.3
Check: examples
Result: ERROR
    Running examples in ‘wbsts-Ex.R’ failed
    The error most likely occurred in:
    
    > ### Name: tau.fun
    > ### Title: Universal thresholds
    > ### Aliases: tau.fun
    > ### Keywords: threshold
    >
    > ### ** Examples
    >
    >
    > cps=c(400,470)
    > set.seed(101)
    > y=sim.pw.ar(N =2000,sd_u = 1,b.slope=c(0.4,-0.6,0.5),br.loc=cps)[[2]]
    > #tau.fun(y) is the default value for C_i
    > #Binary segmentation
    > wbs.lsw(y,M=1)$cp.aft
    NULL
    > #Wild binary segmentation
    > wbs.lsw(y,M=3500)$cp.aft
    Error in while (ind.max < 0 | ind.max > e) { :
     missing value where TRUE/FALSE needed
    Calls: wbs.lsw -> uh.wbs
    Execution halted
Flavor: r-oldrel-osx-x86_64