CRAN Package Check Results for Package weathercan

Last updated on 2019-07-16 00:48:32 CEST.

Flavor Version Tinstall Tcheck Ttotal Status Flags
r-devel-linux-x86_64-debian-clang 0.2.8 5.42 153.02 158.44 OK
r-devel-linux-x86_64-debian-gcc 0.2.8 4.40 116.71 121.11 OK
r-devel-linux-x86_64-fedora-clang 0.2.8 188.79 NOTE
r-devel-linux-x86_64-fedora-gcc 0.2.8 193.50 NOTE
r-devel-windows-ix86+x86_64 0.2.8 21.00 265.00 286.00 OK
r-patched-linux-x86_64 0.2.8 4.97 156.92 161.89 OK
r-patched-solaris-x86 0.2.8 223.30 NOTE
r-release-linux-x86_64 0.2.8 5.62 151.37 156.99 OK
r-release-windows-ix86+x86_64 0.2.8 11.00 283.00 294.00 OK
r-release-osx-x86_64 0.2.8 NOTE
r-oldrel-windows-ix86+x86_64 0.2.8 13.00 247.00 260.00 OK
r-oldrel-osx-x86_64 0.2.8 NOTE

Check Details

Version: 0.2.8
Check: dependencies in R code
Result: NOTE
    Namespace in Imports field not imported from: ‘xml2’
     All declared Imports should be used.
Flavors: r-devel-linux-x86_64-fedora-clang, r-devel-linux-x86_64-fedora-gcc, r-patched-solaris-x86, r-release-osx-x86_64, r-oldrel-osx-x86_64

Version: 0.2.8
Check: data for non-ASCII characters
Result: NOTE
     Note: found 25 marked UTF-8 strings
Flavors: r-devel-linux-x86_64-fedora-clang, r-devel-linux-x86_64-fedora-gcc, r-patched-solaris-x86, r-release-osx-x86_64, r-oldrel-osx-x86_64